000
CXUS51 KAKQ 022150
CF6WAL
PRELIMINARY LOCAL CLIMATOLOGICAL DATA (WS FORM: F-6)
STATION: WALLOPS ISLAND VA
MONTH: AUGUST
YEAR: 2021
LATITUDE: 37 55 N
LONGITUDE: 75 28 W
TEMPERATURE IN F: :PCPN: SNOW: WIND :SUNSHINE: SKY :PK WND
================================================================================
1 2 3 4 5 6A 6B 7 8 9 10 11 12 13 14 15 16 17 18
12Z AVG MX 2MIN
DY MAX MIN AVG DEP HDD CDD WTR SNW DPTH SPD SPD DIR MIN PSBL S-S WX SPD DR
================================================================================
1 80 69 75 -3 0 10 0.02 0.0 0 5.6 16 130 M M 5 1 19 140
2 85 66 76 -2 0 11 0.00 0.0 0 6.6 14 10 M M 1 1 22 340
3 77 66 72 -6 0 7 T 0.0 0 5.2 14 50 M M 4 19 50
4 71 67 69 -9 0 4 1.00 0.0 0 10.8 29 50 M M 9 1 35 60
5 83 64 74 -4 0 9 0.00 0.0 0 7.6 13 190 M M 2 18 20
6 84 64 74 -3 0 9 0.00 0.0 0 4.4 13 150 M M 1 1 16 160
7 76 68 72 -5 0 7 1.92 0.0 0 7.4 21 140 M M 8 13 33 130
8 81 68 75 -2 0 10 T 0.0 0 4.9 14 310 M M 8 1 17 310
9 84 67 76 -1 0 11 0.00 0.0 0 9.7 18 200 M M 1 1 22 200
10 85 74 80 3 0 15 0.00 0.0 0 11.6 21 190 M M 1 1 25 190
11 90 75 83 6 0 18 0.00 0.0 0 9.2 18 190 M M 0 23 190
12 91 75 83 6 0 18 0.00 0.0 0 8.1 14 190 M M 1 1 17 190
13 91 75 83 6 0 18 0.00 0.0 0 8.8 20 330 M M 1 13 27 320
14 91 75 83 6 0 18 T 0.0 0 5.8 16 250 M M 2 3 22 250
15 82 74 78 1 0 13 T 0.0 0 8.9 16 50 M M 3 21 50
16 83 72 78 2 0 13 0.00 0.0 0 7.1 14 120 M M 5 18 120
17 85 76 81 5 0 16 0.00 0.0 0 7.8 12 140 M M 3 15 120
18 87 77 82 6 0 17 0.00 0.0 0 12.4 23 180 M M 2 29 180
19 92 77 85 9 0 20 0.00 0.0 0 8.4 15 300 M M 3 19 300
20 80 72 76 0 0 11 0.55 0.0 0 4.8 20 280 M M 7 13 32 280
21 82 69 76 0 0 11 0.08 0.0 0 5.7 16 50 M M 4 13 20 60
22 89 69 79 3 0 14 0.01 0.0 0 5.0 20 250 M M 2 3 28 250
23 88 69 79 3 0 14 T 0.0 0 7.3 14 260 M M 2 19 220
24 91 74 83 7 0 18 0.00 0.0 0 5.0 12 60 M M 2 1 14 70
25 88 70 79 3 0 14 0.00 0.0 0 4.2 13 140 M M 0 1 15 140
26 88 71 80 5 0 15 0.00 0.0 0 5.6 13 190 M M 1 1 17 200
27 94 76 85 10 0 20 0.00 0.0 0 7.9 18 310 M M 0 13 23 320
28 90 73 82 7 0 17 1.01 0.0 0 4.9 28 330 M M 3 13 36 330
29 87 73 80 5 0 15 0.00 0.0 0 6.5 13 70 M M 6 1 15 60
30 88 71 80 5 0 15 T 0.0 0 6.4 15 230 M M 2 13 19 230
31 88 73 81 6 0 16 0.00 0.0 0 4.8 13 180 M M 1 15 180
================================================================================
SM 2651 2209 0 424 4.59 0.0 218.4 M 90
================================================================================
AV 85.5 71.3 7.0 FASTST M M 3 MAX(MPH)
MISC ----> 29 50 36 330
================================================================================
NOTES:
# LAST OF SEVERAL OCCURRENCES
COLUMN 17 PEAK WIND IN M.P.H.
PRELIMINARY LOCAL CLIMATOLOGICAL DATA (WS FORM: F-6) , PAGE 2
STATION: WALLOPS ISLAND VA
MONTH: AUGUST
YEAR: 2021
LATITUDE: 37 55 N
LONGITUDE: 75 28 W
[TEMPERATURE DATA] [PRECIPITATION DATA] SYMBOLS USED IN COLUMN 16
AVERAGE MONTHLY: 78.4 TOTAL FOR MONTH: 4.59 1 = FOG OR MIST
DPTR FM NORMAL: 1.9 DPTR FM NORMAL: 0.27 2 = FOG REDUCING VISIBILITY
HIGHEST: 94 ON 27 GRTST 24HR 1.92 ON 7- 7 TO 1/4 MILE OR LESS
LOWEST: 64 ON 6, 5 3 = THUNDER
SNOW, ICE PELLETS, HAIL 4 = ICE PELLETS
TOTAL MONTH: 0.0 INCH 5 = HAIL
GRTST 24HR 0.0 6 = FREEZING RAIN OR DRIZZLE
GRTST DEPTH: 0 7 = DUSTSTORM OR SANDSTORM:
VSBY 1/2 MILE OR LESS
8 = SMOKE OR HAZE
[NO. OF DAYS WITH] [WEATHER - DAYS WITH] 9 = BLOWING SNOW
X = TORNADO
MAX 32 OR BELOW: 0 0.01 INCH OR MORE: 7
MAX 90 OR ABOVE: 8 0.10 INCH OR MORE: 4
MIN 32 OR BELOW: 0 0.50 INCH OR MORE: 4
MIN 0 OR BELOW: 0 1.00 INCH OR MORE: 3
[HDD (BASE 65) ]
TOTAL THIS MO. 0 CLEAR (SCALE 0-3) 22
DPTR FM NORMAL 0 PTCLDY (SCALE 4-7) 7
TOTAL FM JUL 1 0 CLOUDY (SCALE 8-10) 2
DPTR FM NORMAL 0
[CDD (BASE 65) ]
TOTAL THIS MO. 424
DPTR FM NORMAL 69 [PRESSURE DATA]
TOTAL FM JAN 1 1212 HIGHEST SLP 30.20 ON 6
DPTR FM NORMAL 92 LOWEST SLP 29.78 ON 31
[REMARKS]
#FINAL-08-21#