000
CXUS56 KLOX 011255
CF6WJF
PRELIMINARY LOCAL CLIMATOLOGICAL DATA (WS FORM: F-6)
STATION: LANCASTER FOX FIELD CA
MONTH: FEBRUARY
YEAR: 2022
LATITUDE: 34 43 N
LONGITUDE: 118 13 W
TEMPERATURE IN F: :PCPN: SNOW: WIND :SUNSHINE: SKY :PK WND
================================================================================
1 2 3 4 5 6A 6B 7 8 9 10 11 12 13 14 15 16 17 18
12Z AVG MX 2MIN
DY MAX MIN AVG DEP HDD CDD WTR SNW DPTH SPD SPD DIR MIN PSBL S-S WX SPD DR
================================================================================
1 62 30 46 0 19 0 0.00 M M 10.6 29 280 M M 1 37 280
2 53 20 37 -9 28 0 0.00 M M 9.5 25 80 M M 0 32 70
3 56 20 38 -8 27 0 0.00 M M 4.7 16 60 M M 0 21 50
4 58 20 39 -7 26 0 0.00 M M 8.1 23 80 M M 0 30 70
5 62 18 40 -6 25 0 0.00 M M 6.3 18 60 M M 0 22 50
6 68 22 45 -2 20 0 0.00 M M 5.7 18 80 M M 0 23 70
7 68 26 47 0 18 0 0.00 M M 6.1 21 50 M M 0 24 50
8 72 24 48 1 17 0 0.00 M M 4.6 16 70 M M 0 22 80
9 74 26 50 3 15 0 0.00 M M 5.0 18 70 M M 0 22 50
10 77 32 55 8 10 0 0.00 M M 7.1 21 80 M M 0 25 80
11 78 32 55 8 10 0 0.00 M M 4.7 17 60 M M 0 20 60
12 76 30 53 6 12 0 0.00 M M 6.4 18 60 M M 0 21 60
13 74 26 50 2 15 0 0.00 M M 2.3 10 270 M M 0 12 270
14 77 26 52 4 13 0 0.00 M M 8.0 24 290 M M 0 29 290
15 54 41 48 0 17 0 0.10 M M 17.3 32 280 M M 7 37 280
16 65 35 50 2 15 0 0.00 M M 12.4 28 260 M M 1 32 280
17 62 32 47 -1 18 0 0.00 M M 8.9 24 60 M M 0 8 28 50
18 67 22 45 -3 20 0 0.00 M M 5.1 18 70 M M 0 26 100
19 71 26 49 0 16 0 0.00 M M 3.8 13 300 M M 0 17 70
20 72 27 50 1 15 0 0.00 M M 9.5 24 250 M M 0 31 240
21 59 44 52 3 13 0 0.00 M M 23.1 40 270 M M 2 8 48 270
22 54 34 44 -5 21 0 0.17 M M 17.6 31 280 M M 7 13 38 220
23 45 26 36 -13 29 0 0.00 M M 15.4 31 300 M M 1 37 300
24 52 18 35 -15 30 0 0.00 M M 5.0 17 290 M M 0 21 280
25 56 22 39 -11 26 0 0.00 M M 5.9 16 60 M M 0 21 80
26 59 20 40 -10 25 0 0.00 M M 6.7 17 80 M M 0 22 70
27 64 19 42 -8 23 0 0.00 M M 5.4 15 50 M M 0 18 50
28 74 23 49 -1 16 0 0.00 M M 5.8 16 70 M M 0 20 60
================================================================================
SM 1809 741 539 0 0.27 M 231.0 M 19
================================================================================
AV 64.6 26.5 8.3 FASTST M M 1 MAX(MPH)
MISC ----> 40 270 48 270
================================================================================
NOTES:
# LAST OF SEVERAL OCCURRENCES
COLUMN 17 PEAK WIND IN M.P.H.
PRELIMINARY LOCAL CLIMATOLOGICAL DATA (WS FORM: F-6) , PAGE 2
STATION: LANCASTER FOX FIELD CA
MONTH: FEBRUARY
YEAR: 2022
LATITUDE: 34 43 N
LONGITUDE: 118 13 W
[TEMPERATURE DATA] [PRECIPITATION DATA] SYMBOLS USED IN COLUMN 16
AVERAGE MONTHLY: 45.5 TOTAL FOR MONTH: 0.27 1 = FOG OR MIST
DPTR FM NORMAL: -2.5 DPTR FM NORMAL: -1.49 2 = FOG REDUCING VISIBILITY
HIGHEST: 78 ON 11 GRTST 24HR 0.17 ON 22-22 TO 1/4 MILE OR LESS
LOWEST: 18 ON 24, 5 3 = THUNDER
SNOW, ICE PELLETS, HAIL 4 = ICE PELLETS
TOTAL MONTH: M 5 = HAIL
GRTST 24HR M ON M 6 = FREEZING RAIN OR DRIZZLE
GRTST DEPTH: M ON M 7 = DUSTSTORM OR SANDSTORM:
VSBY 1/2 MILE OR LESS
8 = SMOKE OR HAZE
[NO. OF DAYS WITH] [WEATHER - DAYS WITH] 9 = BLOWING SNOW
X = TORNADO
MAX 32 OR BELOW: 0 0.01 INCH OR MORE: 2
MAX 90 OR ABOVE: 0 0.10 INCH OR MORE: 2
MIN 32 OR BELOW: 24 0.50 INCH OR MORE: 0
MIN 0 OR BELOW: 0 1.00 INCH OR MORE: 0
[HDD (BASE 65) ]
TOTAL THIS MO. 539 CLEAR (SCALE 0-3) 26
DPTR FM NORMAL 63 PTCLDY (SCALE 4-7) 2
TOTAL FM JUL 1 2210 CLOUDY (SCALE 8-10) 0
DPTR FM NORMAL -97
[CDD (BASE 65) ]
TOTAL THIS MO. 0
DPTR FM NORMAL 0 [PRESSURE DATA]
TOTAL FM JAN 1 0 HIGHEST SLP 30.55 ON 4
DPTR FM NORMAL 0 LOWEST SLP 29.75 ON 15
[REMARKS]
#FINAL-02-22#