000
CXUS56 KLOX 011814
CF6WJF
PRELIMINARY LOCAL CLIMATOLOGICAL DATA (WS FORM: F-6)
STATION: LANCASTER FOX FIELD CA
MONTH: DECEMBER
YEAR: 2020
LATITUDE: 34 43 N
LONGITUDE: 118 13 W
TEMPERATURE IN F: :PCPN: SNOW: WIND :SUNSHINE: SKY :PK WND
================================================================================
1 2 3 4 5 6A 6B 7 8 9 10 11 12 13 14 15 16 17 18
12Z AVG MX 2MIN
DY MAX MIN AVG DEP HDD CDD WTR SNW DPTH SPD SPD DIR MIN PSBL S-S WX SPD DR
================================================================================
1 69 21 45 -1 20 0 0.00 0.0 0 4.5 13 50 M M 0 15 40
2 66 23 45 -1 20 0 0.00 0.0 0 6.3 21 80 M M 0 24 70
3 59 22 41 -4 24 0 0.00 0.0 0 7.4 20 60 M M 0 24 60
4 61 14 38 -7 27 0 0.00 0.0 0 3.2 10 300 M M 0 12 300
5 62 15 39 -6 26 0 0.00 0.0 0 2.5 9 280 M M 0 10 290
6 63 19 41 -4 24 0 0.00 0.0 0 2.4 10 210 M M 0 12 210
7 64 29 47 3 18 0 0.00 0.0 0 4.6 21 70 M M 0 25 70
8 70 29 50 6 15 0 0.00 0.0 0 6.2 20 60 M M 0 23 70
9 68 30 49 5 16 0 0.00 0.0 0 2.5 10 290 M M 0 12 290
10 70 22 46 2 19 0 0.00 M M 12.2 36 270 M M 0 8 43 270
11 67 44 56 12 9 0 0.00 M M 23.2 39 290 M M 0 8 46 290
12 61 34 48 4 17 0 T M M 19.6 46 290 M M 4 8 59 290
13 55 26 41 -3 24 0 0.00 M M 5.8 18 250 M M 0 24 320
14 53 33 43 0 22 0 0.00 M M 16.0 33 270 M M 1 40 270
15 56 19 38 -5 27 0 0.00 M M 5.2 16 70 M M 0 20 60
16 60 20 40 -3 25 0 0.00 M M 1.9 8 270 M M 0 9 330
17 63 31 47 4 18 0 0.00 M M 13.6 35 290 M M 1 46 290
18 60 24 42 -1 23 0 0.00 M M 6.1 18 70 M M 0 23 60
19 62 20 41 -2 24 0 0.00 M M 4.1 12 280 M M 0 13 280
20 64 18 41 -2 24 0 0.00 M M 3.1 12 30 M M 0 13 30
21 68 22 45 2 20 0 0.00 M M 1.8 8 250 M M 0 9 240
22 71 30 51 8 14 0 0.00 M M 14.7 28 280 M M 0 33 280
23 60 27 44 1 21 0 0.00 M M 8.4 25 70 M M 0 30 90
24 46 23 35 -8 30 0 0.01 M M 2.9 8 260 M M 4 9 240
25 58 20 39 -4 26 0 0.00 M M 2.3 10 250 M M 0 12 250
26 61 26 44 1 21 0 0.00 M M 16.4 35 280 M M 0 41 280
27 58 35 47 4 18 0 0.01 M M 4.2 14 50 M M 2 17 50
28 45 34 40 -3 25 0 0.35 M M 6.8 22 220 M M 8 1 31 210
29 53 28 41 -2 24 0 0.00 M M 2.6 17 350 M M 1 1 22 350
30 56 22 39 -5 26 0 0.00 M M 2.5 10 250 M M 0 14 260
31 54 29 42 -2 23 0 0.00 M M 12.0 29 290 M M 0 33 280
================================================================================
SM 1883 789 670 0 0.37 0.0 225.0 M 21
================================================================================
AV 60.7 25.5 7.3 FASTST M M 1 MAX(MPH)
MISC ----> 46 290 59 290
================================================================================
NOTES:
# LAST OF SEVERAL OCCURRENCES
COLUMN 17 PEAK WIND IN M.P.H.
PRELIMINARY LOCAL CLIMATOLOGICAL DATA (WS FORM: F-6) , PAGE 2
STATION: LANCASTER FOX FIELD CA
MONTH: DECEMBER
YEAR: 2020
LATITUDE: 34 43 N
LONGITUDE: 118 13 W
[TEMPERATURE DATA] [PRECIPITATION DATA] SYMBOLS USED IN COLUMN 16
AVERAGE MONTHLY: 43.1 TOTAL FOR MONTH: 0.37 1 = FOG OR MIST
DPTR FM NORMAL: -0.7 DPTR FM NORMAL: -0.78 2 = FOG REDUCING VISIBILITY
HIGHEST: 71 ON 22 GRTST 24HR 0.36 ON 27-28 TO 1/4 MILE OR LESS
LOWEST: 14 ON 4 3 = THUNDER
SNOW, ICE PELLETS, HAIL 4 = ICE PELLETS
TOTAL MONTH: 0.0 INCH 5 = HAIL
GRTST 24HR 0.0 6 = FREEZING RAIN OR DRIZZLE
GRTST DEPTH: 0 7 = DUSTSTORM OR SANDSTORM:
VSBY 1/2 MILE OR LESS
8 = SMOKE OR HAZE
[NO. OF DAYS WITH] [WEATHER - DAYS WITH] 9 = BLOWING SNOW
X = TORNADO
MAX 32 OR BELOW: 0 0.01 INCH OR MORE: 3
MAX 90 OR ABOVE: 0 0.10 INCH OR MORE: 1
MIN 32 OR BELOW: 26 0.50 INCH OR MORE: 0
MIN 0 OR BELOW: 0 1.00 INCH OR MORE: 0
[HDD (BASE 65) ]
TOTAL THIS MO. 670 CLEAR (SCALE 0-3) 28
DPTR FM NORMAL 13 PTCLDY (SCALE 4-7) 3
TOTAL FM JUL 1 1151 CLOUDY (SCALE 8-10) 0
DPTR FM NORMAL -54
[CDD (BASE 65) ]
TOTAL THIS MO. 0
DPTR FM NORMAL 0 [PRESSURE DATA]
TOTAL FM JAN 1 2206 HIGHEST SLP 30.50 ON 24
DPTR FM NORMAL 324 LOWEST SLP 29.78 ON 28
[REMARKS]
#FINAL-12-20#