000
CXUS56 KMTR 010900
CF6WVI
PRELIMINARY LOCAL CLIMATOLOGICAL DATA (WS FORM: F-6)
STATION: WATSONVILLE AIRPORT
MONTH: MAY
YEAR: 2022
LATITUDE: 36 55 N
LONGITUDE: 121 47 W
TEMPERATURE IN F: :PCPN: SNOW: WIND :SUNSHINE: SKY :PK WND
================================================================================
1 2 3 4 5 6A 6B 7 8 9 10 11 12 13 14 15 16 17 18
12Z AVG MX 2MIN
DY MAX MIN AVG DEP HDD CDD WTR SNW DPTH SPD SPD DIR MIN PSBL S-S WX SPD DR
================================================================================
1 70 41 56 -1 9 0 0.00 M M 3.9 12 150 M M 0 16 230
2 67 44 56 -1 9 0 0.00 M M 4.9 14 250 M M 4 1 19 250
3 72 40 56 -1 9 0 0.00 M M 4.3 12 260 M M 0 16 230
4 77 42 60 3 5 0 0.00 M M 4.1 13 210 M M 2 1 15 170
5 67 46 57 0 8 0 0.00 M M 3.7 13 190 M M 4 1 16 200
6 71 44 58 1 7 0 0.00 M M 4.8 17 250 M M 3 1 24 260
7 70 44 57 -1 8 0 0.00 M M 6.4 16 280 M M 3 26 260
8 64 41 53 -5 12 0 T M M 8.3 23 260 M M 1 32 280
9 59 38 49 -9 16 0 T M M 8.6 25 260 M M 0 35 270
10 62 36 49 -9 16 0 T M M 6.6 16 260 M M 1 23 280
11 67 37 52 -6 13 0 0.00 M M 6.0 15 250 M M 0 21 270
12 67 40 54 -4 11 0 0.00 M M 4.7 12 220 M M 0 16 230
13 79 42 61 3 4 0 0.00 M M 4.0 12 160 M M 0 17 250
14 78 47 63 5 2 0 0.00 M M 4.2 12 180 M M 0 15 190
15 75 44 60 2 5 0 0.00 M M 3.5 13 180 M M 2 12 18 170
16 70 49 60 2 5 0 0.00 M M 4.3 13 130 M M 4 1 17 140
17 67 47 57 -1 8 0 0.00 M M 4.5 13 200 M M 5 1 17 230
18 75 47 61 3 4 0 0.00 M M 3.2 12 190 M M 3 1 15 180
19 78 49 64 5 1 0 0.00 M M 5.1 16 150 M M 0 20 150
20 73 44 59 0 6 0 0.00 M M 5.0 16 260 M M 0 8 22 260
21 70 43 57 -2 8 0 0.00 M M 4.8 13 240 M M 1 19 230
22 67 44 56 -3 9 0 0.00 M M 4.5 12 160 M M 4 1 16 170
23 74 44 59 0 6 0 0.00 M M 4.6 13 200 M M 0 17 140
24 88 43 66 7 0 1 0.00 M M 3.0 13 210 M M 0 17 190
25 67 50 59 0 6 0 0.00 M M 5.3 15 270 M M 2 1 21 250
26 60 50 55 -4 10 0 0.00 M M 7.0 14 280 M M 10 1 21 280
27 67 52 60 1 5 0 0.00 M M 6.4 15 270 M M 8 20 260
28 70 52 61 1 4 0 0.00 M M 5.5 16 270 M M 7 1 25 230
29 76 49 63 3 2 0 0.00 M M 5.9 14 90 M M 3 20 250
30 71 47 59 -1 6 0 0.00 M M 5.3 15 110 M M 2 1 19 90
31 71 40 56 -4 9 0 0.00 M M 4.2 10 190 M M 1 18 16 180
================================================================================
SM 2189 1376 223 1 T M 156.6 M 70
================================================================================
AV 70.6 44.4 5.1 FASTST M M 2 MAX(MPH)
MISC ----> 25 260 35 270
================================================================================
NOTES:
# LAST OF SEVERAL OCCURRENCES
COLUMN 17 PEAK WIND IN M.P.H.
PRELIMINARY LOCAL CLIMATOLOGICAL DATA (WS FORM: F-6) , PAGE 2
STATION: WATSONVILLE AIRPORT
MONTH: MAY
YEAR: 2022
LATITUDE: 36 55 N
LONGITUDE: 121 47 W
[TEMPERATURE DATA] [PRECIPITATION DATA] SYMBOLS USED IN COLUMN 16
AVERAGE MONTHLY: 57.5 TOTAL FOR MONTH: T 1 = FOG OR MIST
DPTR FM NORMAL: -0.8 DPTR FM NORMAL: -0.88 2 = FOG REDUCING VISIBILITY
HIGHEST: 88 ON 24 GRTST 24HR T ON 8- 8 TO 1/4 MILE OR LESS
LOWEST: 36 ON 10 3 = THUNDER
SNOW, ICE PELLETS, HAIL 4 = ICE PELLETS
TOTAL MONTH: M 5 = HAIL
GRTST 24HR M ON M 6 = FREEZING RAIN OR DRIZZLE
GRTST DEPTH: M ON M 7 = DUSTSTORM OR SANDSTORM:
VSBY 1/2 MILE OR LESS
8 = SMOKE OR HAZE
[NO. OF DAYS WITH] [WEATHER - DAYS WITH] 9 = BLOWING SNOW
X = TORNADO
MAX 32 OR BELOW: 0 0.01 INCH OR MORE: 0
MAX 90 OR ABOVE: 0 0.10 INCH OR MORE: 0
MIN 32 OR BELOW: 0 0.50 INCH OR MORE: 0
MIN 0 OR BELOW: 0 1.00 INCH OR MORE: 0
[HDD (BASE 65) ]
TOTAL THIS MO. 223 CLEAR (SCALE 0-3) 20
DPTR FM NORMAL 11 PTCLDY (SCALE 4-7) 9
TOTAL FM JUL 1 2614 CLOUDY (SCALE 8-10) 2
DPTR FM NORMAL -221
[CDD (BASE 65) ]
TOTAL THIS MO. 1
DPTR FM NORMAL -5 [PRESSURE DATA]
TOTAL FM JAN 1 8 HIGHEST SLP M ON M
DPTR FM NORMAL -3 LOWEST SLP 29.78 ON 20
[REMARKS]
#FINAL-05-22#