000
CXUS54 KFWD 010730
CF6XBP
PRELIMINARY LOCAL CLIMATOLOGICAL DATA (WS FORM: F-6)
STATION: BRIDGEPORT
MONTH: AUGUST
YEAR: 2021
LATITUDE: 33 10 N
LONGITUDE: 96 30 W
TEMPERATURE IN F: :PCPN: SNOW: WIND :SUNSHINE: SKY :PK WND
================================================================================
1 2 3 4 5 6A 6B 7 8 9 10 11 12 13 14 15 16 17 18
12Z AVG MX 2MIN
DY MAX MIN AVG DEP HDD CDD WTR SNW DPTH SPD SPD DIR MIN PSBL S-S WX SPD DR
================================================================================
1 87 73 80 -3 0 15 0.85 M M 4.4 10 340 M M 5 138 21 350
2 87 70 79 -4 0 14 0.08 M M 5.1 13 10 M M 8 128 18 10
3 89 65 77 -6 0 12 0.00 M M 1.3 6 80 M M 4 128 M M
4 89 67 78 -5 0 13 0.00 M M 3.1 9 160 M M 4 12 M M
5 91 69 80 -3 0 15 0.00 M M 5.2 10 210 M M 4 M M
6 93 69 81 -2 0 16 0.00 M M 5.9 9 150 M M 0 16 150
7 94 73 84 1 0 19 0.00 M M 7.7 12 160 M M 1 22 170
8 95 76 86 3 0 21 0.00 M M 10.9 18 190 M M 0 25 190
9 97 78 88 5 0 23 0.00 M M 11.4 16 180 M M 0 23 200
10 97 76 87 4 0 22 0.00 M M 11.8 17 170 M M 0 25 180
11 98 74 86 3 0 21 0.00 M M 10.8 18 200 M M 0 24 200
12 98 78 88 5 0 23 0.00 M M 8.2 12 170 M M 0 21 170
13 97 76 87 4 0 22 0.00 M M 4.7 10 120 M M 0 M M
14 85 73 79 -4 0 14 0.21 M M 4.1 14 70 M M 4 21 70
15 91 73 82 -1 0 17 M M M 2.3 7 100 M M 7 M M
16 92 69 81 -2 0 16 M M M 3.7 8 140 M M 1 M M
17 81 70 76 -7 0 11 2.62 M M 3.1 9 20 M M 6 3 20 20
18 82 72 77 -6 0 12 2.00 M M 4.2 12 140 M M 6 3 18 140
19 92 74 83 0 0 18 0.05 M M 6.3 12 200 M M 5 13 21 200
20 94 76 85 3 0 20 0.00 M M 8.8 14 180 M M 1 21 180
21 94 77 86 4 0 21 0.00 M M 6.5 13 220 M M 1 18 200
22 95 75 85 3 0 20 0.00 M M 5.4 9 170 M M 0 M M
23 95 70 83 1 0 18 0.00 M M 5.9 10 170 M M 0 M M
24 95 69 82 0 0 17 0.00 M M 6.6 12 200 M M 0 18 200
25 95 70 83 1 0 18 0.00 M M 3.4 10 180 M M 0 M M
26 95 70 83 1 0 18 0.00 M M 2.3 8 70 M M 1 M M
27 92 71 82 1 0 17 0.00 M M 3.5 9 110 M M 1 9 110
28 91 71 81 0 0 16 0.00 M M 3.4 8 110 M M 2 M M
29 88 71 80 -1 0 15 0.00 M M 2.2 9 110 M M 4 M M
30 93 70 82 2 0 17 0.00 M M 2.2 7 40 M M 2 M M
31 95 70 83 3 0 18 0.00 M M 2.8 9 180 M M 1 M M
================================================================================
SM 2857 2235 0 539 5.81 M 167.0 M 68
================================================================================
AV 92.2 72.1 5.4 FASTST M M 2 MAX(MPH)
MISC ----> # 18 190 # 25 190
================================================================================
NOTES:
# LAST OF SEVERAL OCCURRENCES
COLUMN 17 PEAK WIND IN M.P.H.
PRELIMINARY LOCAL CLIMATOLOGICAL DATA (WS FORM: F-6) , PAGE 2
STATION: BRIDGEPORT
MONTH: AUGUST
YEAR: 2021
LATITUDE: 33 10 N
LONGITUDE: 96 30 W
[TEMPERATURE DATA] [PRECIPITATION DATA] SYMBOLS USED IN COLUMN 16
AVERAGE MONTHLY: 82.1 TOTAL FOR MONTH: 5.81 1 = FOG OR MIST
DPTR FM NORMAL: -0.4 DPTR FM NORMAL: 3.83 2 = FOG REDUCING VISIBILITY
HIGHEST: 98 ON 12,11 GRTST 24HR 2.62 ON 17-17 TO 1/4 MILE OR LESS
LOWEST: 65 ON 3 3 = THUNDER
SNOW, ICE PELLETS, HAIL 4 = ICE PELLETS
TOTAL MONTH: M 5 = HAIL
GRTST 24HR M ON M 6 = FREEZING RAIN OR DRIZZLE
GRTST DEPTH: M ON M 7 = DUSTSTORM OR SANDSTORM:
VSBY 1/2 MILE OR LESS
8 = SMOKE OR HAZE
[NO. OF DAYS WITH] [WEATHER - DAYS WITH] 9 = BLOWING SNOW
X = TORNADO
MAX 32 OR BELOW: 0 0.01 INCH OR MORE: 6
MAX 90 OR ABOVE: 23 0.10 INCH OR MORE: 4
MIN 32 OR BELOW: 0 0.50 INCH OR MORE: 3
MIN 0 OR BELOW: 0 1.00 INCH OR MORE: 2
[HDD (BASE 65) ]
TOTAL THIS MO. 0 CLEAR (SCALE 0-3) 20
DPTR FM NORMAL 0 PTCLDY (SCALE 4-7) 11
TOTAL FM JUL 1 0 CLOUDY (SCALE 8-10) 0
DPTR FM NORMAL 0
[CDD (BASE 65) ]
TOTAL THIS MO. 539
DPTR FM NORMAL -3 [PRESSURE DATA]
TOTAL FM JAN 1 1715 HIGHEST SLP M ON M
DPTR FM NORMAL -45 LOWEST SLP M ON M
[REMARKS]
#FINAL-08-21#