000
CXUS54 KFWD 010830
CF6XBP
PRELIMINARY LOCAL CLIMATOLOGICAL DATA (WS FORM: F-6)
STATION: BRIDGEPORT
MONTH: NOVEMBER
YEAR: 2023
LATITUDE: 33 10 N
LONGITUDE: 96 30 W
TEMPERATURE IN F: :PCPN: SNOW: WIND :SUNSHINE: SKY :PK WND
================================================================================
1 2 3 4 5 6A 6B 7 8 9 10 11 12 13 14 15 16 17 18
12Z AVG MX 2MIN
DY MAX MIN AVG DEP HDD CDD WTR SNW DPTH SPD SPD DIR MIN PSBL S-S WX SPD DR
================================================================================
1 58 26 42 -17 23 0 0.00 M M 3.0 8 160 M M 0 M M
2 64 31 48 -11 17 0 0.00 M M 5.3 14 170 M M 0 17 180
3 73 37 55 -3 10 0 0.00 M M 5.8 15 180 M M 0 21 190
4 75 49 62 4 3 0 0.01 M M 5.1 13 170 M M 1 1 18 190
5 79 50 65 7 0 0 0.00 M M 5.0 14 200 M M 0 1 18 200
6 84 56 70 13 0 5 0.00 M M 6.6 14 200 M M 0 20 190
7 88 63 76 19 0 11 0.00 M M 7.1 14 190 M M 0 21 190
8 87 65 76 20 0 11 0.00 M M 7.1 13 210 M M 0 18 210
9 67 47 57 1 8 0 0.00 M M 7.4 13 10 M M 10 22 10
10 63 44 54 -2 11 0 0.00 M M 5.2 12 70 M M 3 18 70
11 65 46 56 1 9 0 0.00 M M 1.9 7 90 M M 5 M M
12 65 41 53 -2 12 0 0.00 M M 0.6 5 60 M M 0 M M
13 68 43 56 2 9 0 0.00 M M 1.7 10 70 M M 1 18 16 70
14 68 41 55 1 10 0 0.00 M M 0.9 6 70 M M 0 M M
15 71 41 56 2 9 0 0.00 M M 1.1 6 120 M M 0 1 M M
16 63 41 52 -1 13 0 0.00 M M 4.7 10 140 M M 3 12 M M
17 60 50 55 2 10 0 T M M 3.6 8 10 M M 7 1 M M
18 67 50 59 7 6 0 0.00 M M 2.2 6 180 M M 4 1 M M
19 65 53 59 7 6 0 0.02 M M 7.8 15 190 M M 8 22 190
20 68 53 61 10 4 0 0.00 M M 10.5 15 340 M M 4 26 340
21 57 44 51 0 14 0 0.00 M M 12.3 23 340 M M 6 36 340
22 62 33 48 -2 17 0 0.00 M M 2.3 7 340 M M 0 M M
23 68 30 49 -1 16 0 0.00 M M 2.6 9 150 M M 0 16 140
24 63 33 48 -2 17 0 0.00 M M 1.5 8 90 M M 0 1 M M
25 60 34 47 -2 18 0 0.09 M M 4.5 12 320 M M 5 20 150
26 50 31 41 -8 24 0 0.00 M M 8.8 16 330 M M 1 21 310
27 54 24 39 -9 26 0 0.00 M M 0.8 5 50 M M 0 M M
28 62 28 45 -3 20 0 0.00 M M 3.3 9 190 M M 0 M M
29 64 30 47 -1 18 0 0.00 M M 5.7 12 150 M M 3 21 160
30 65 49 57 10 8 0 0.02 M M 4.7 10 160 M M 8 123 M M
================================================================================
SM 2003 1263 338 27 0.14 M 139.1 M 69
================================================================================
AV 66.8 42.1 4.6 FASTST M M 2 MAX(MPH)
MISC ----> 23 340 36 340
================================================================================
NOTES:
# LAST OF SEVERAL OCCURRENCES
COLUMN 17 PEAK WIND IN M.P.H.
PRELIMINARY LOCAL CLIMATOLOGICAL DATA (WS FORM: F-6) , PAGE 2
STATION: BRIDGEPORT
MONTH: NOVEMBER
YEAR: 2023
LATITUDE: 33 10 N
LONGITUDE: 96 30 W
[TEMPERATURE DATA] [PRECIPITATION DATA] SYMBOLS USED IN COLUMN 16
AVERAGE MONTHLY: 54.4 TOTAL FOR MONTH: 0.14 1 = FOG OR MIST
DPTR FM NORMAL: 1.2 DPTR FM NORMAL: -2.06 2 = FOG REDUCING VISIBILITY
HIGHEST: 88 ON 7 GRTST 24HR 0.09 ON 25-25 TO 1/4 MILE OR LESS
LOWEST: 24 ON 27 3 = THUNDER
SNOW, ICE PELLETS, HAIL 4 = ICE PELLETS
TOTAL MONTH: M 5 = HAIL
GRTST 24HR M ON M 6 = FREEZING RAIN OR DRIZZLE
GRTST DEPTH: M ON M 7 = DUSTSTORM OR SANDSTORM:
VSBY 1/2 MILE OR LESS
8 = SMOKE OR HAZE
[NO. OF DAYS WITH] [WEATHER - DAYS WITH] 9 = BLOWING SNOW
X = TORNADO
MAX 32 OR BELOW: 0 0.01 INCH OR MORE: 4
MAX 90 OR ABOVE: 0 0.10 INCH OR MORE: 0
MIN 32 OR BELOW: 7 0.50 INCH OR MORE: 0
MIN 0 OR BELOW: 0 1.00 INCH OR MORE: 0
[HDD (BASE 65) ]
TOTAL THIS MO. 338 CLEAR (SCALE 0-3) 20
DPTR FM NORMAL -30 PTCLDY (SCALE 4-7) 9
TOTAL FM JUL 1 458 CLOUDY (SCALE 8-10) 1
DPTR FM NORMAL -44
[CDD (BASE 65) ]
TOTAL THIS MO. 27
DPTR FM NORMAL 13 [PRESSURE DATA]
TOTAL FM JAN 1 3019 HIGHEST SLP M ON M
DPTR FM NORMAL 852 LOWEST SLP M ON M
[REMARKS]
#FINAL-11-23#