000
CXAK56 PAJK 011410
CF6YAK
PRELIMINARY LOCAL CLIMATOLOGICAL DATA (WS FORM: F-6)
STATION: YAKUTAT
MONTH: NOVEMBER
YEAR: 2023
LATITUDE: 59 31 N
LONGITUDE: 139 40 W
TEMPERATURE IN F: :PCPN: SNOW: WIND :SUNSHINE: SKY :PK WND
================================================================================
1 2 3 4 5 6A 6B 7 8 9 10 11 12 13 14 15 16 17 18
12Z AVG MX 2MIN
DY MAX MIN AVG DEP HDD CDD WTR SNW DPTH SPD SPD DIR MIN PSBL S-S WX SPD DR
================================================================================
1 45 30 38 1 27 0 T M M 0.6 6 360 M M 7 12 6 360
2 48 34 41 5 24 0 0.04 M M 0.8 6 360 M M 8 12 7 220
3 46 40 43 7 22 0 1.67 M M 9.1 15 90 M M 10 1 23 90
4 49 31 40 4 25 0 0.01 M M 1.6 7 290 M M 4 1 9 320
5 46 31 39 3 26 0 0.70 M M 3.4 12 120 M M 10 1 15 120
6 42 35 39 4 26 0 0.96 M M 6.5 12 90 M M 10 1 17 100
7 41 34 38 3 27 0 0.71 M M 8.0 18 80 M M 9 1 22 70
8 55 40 48 13 17 0 1.22 M M 23.4 38 120 M M 10 1 61 110
9 47 35 41 7 24 0 0.92 M M 9.1 30 110 M M 9 1 46 130
10 45 36 41 7 24 0 0.22 M M 8.2 18 70 M M 9 1 26 90
11 44 34 39 5 26 0 0.69 M M 9.2 23 80 M M 9 1 34 80
12 42 26 34 0 31 0 0.00 M M 0.6 7 360 M M 2 1 7 360
13 35 25 30 -4 35 0 0.97 M M 6.9 17 80 M M 7 16 25 80
14 38 25 32 -2 33 0 T M M 2.3 13 80 M M 6 1 17 70
15 45 24 35 2 30 0 1.22 M M 7.8 21 120 M M 8 12 34 120
16 45 36 41 8 24 0 0.24 M M 8.2 21 220 M M 9 1 31 200
17 45 34 40 7 25 0 0.15 M M 5.8 28 230 M M 10 1 35 230
18 35 22 29 -4 36 0 0.04 M M 2.3 14 280 M M 6 12 20 280
19 28 21 25 -8 40 0 T M M 10.0 18 60 M M 6 27 60
20 42 27 35 2 30 0 T M M 23.4 43 60 M M 6 60 60
21 44 36 40 7 25 0 1.14 M M 15.2 29 80 M M 9 1 39 90
22 46 37 42 9 23 0 1.26 M M 9.3 23 120 M M 10 1 35 120
23 48 43 46 14 19 0 1.60 M M 6.5 25 120 M M 10 1 39 130
24 48 43 46 14 19 0 0.82 M M 5.7 15 130 M M 10 1 24 130
25 44 42 43 11 22 0 1.42 M M 6.7 14 80 M M 10 1 18 80
26 47 42 45 13 20 0 2.03 M M 9.8 23 120 M M 10 1 34 110
27 45 35 40 8 25 0 0.73 M M 5.3 18 150 M M 9 1 28 120
28 38 30 34 2 31 0 0.09 M M 2.1 8 20 M M 6 1 9 350
29 41 29 35 3 30 0 0.22 M M 7.8 18 50 M M 6 23 70
30 44 32 38 6 27 0 0.20 M M 7.5 24 120 M M 7 1 36 110
================================================================================
SM 1308 989 793 0 19.27 M 223.1 M 242
================================================================================
AV 43.6 33.0 7.4 FASTST M M 8 MAX(MPH)
MISC ----> 43 60 61 110
================================================================================
NOTES:
# LAST OF SEVERAL OCCURRENCES
COLUMN 17 PEAK WIND IN M.P.H.
PRELIMINARY LOCAL CLIMATOLOGICAL DATA (WS FORM: F-6) , PAGE 2
STATION: YAKUTAT
MONTH: NOVEMBER
YEAR: 2023
LATITUDE: 59 31 N
LONGITUDE: 139 40 W
[TEMPERATURE DATA] [PRECIPITATION DATA] SYMBOLS USED IN COLUMN 16
AVERAGE MONTHLY: 38.3 TOTAL FOR MONTH: 19.27 1 = FOG OR MIST
DPTR FM NORMAL: 4.6 DPTR FM NORMAL: 5.72 2 = FOG REDUCING VISIBILITY
HIGHEST: 55 ON 8 GRTST 24HR 2.88 ON 25-26 TO 1/4 MILE OR LESS
LOWEST: 21 ON 19 3 = THUNDER
SNOW, ICE PELLETS, HAIL 4 = ICE PELLETS
TOTAL MONTH: M 5 = HAIL
GRTST 24HR M ON M 6 = FREEZING RAIN OR DRIZZLE
GRTST DEPTH: M ON M 7 = DUSTSTORM OR SANDSTORM:
VSBY 1/2 MILE OR LESS
8 = SMOKE OR HAZE
[NO. OF DAYS WITH] [WEATHER - DAYS WITH] 9 = BLOWING SNOW
X = TORNADO
MAX 32 OR BELOW: 1 0.01 INCH OR MORE: 25
MAX 90 OR ABOVE: 0 0.10 INCH OR MORE: 21
MIN 32 OR BELOW: 13 0.50 INCH OR MORE: 16
MIN 0 OR BELOW: 0 1.00 INCH OR MORE: 8
[HDD (BASE 65) ]
TOTAL THIS MO. 793 CLEAR (SCALE 0-3) 1
DPTR FM NORMAL -146 PTCLDY (SCALE 4-7) 12
TOTAL FM JUL 1 2452 CLOUDY (SCALE 8-10) 17
DPTR FM NORMAL -293
[CDD (BASE 65) ]
TOTAL THIS MO. 0
DPTR FM NORMAL 0 [PRESSURE DATA]
TOTAL FM JAN 1 0 HIGHEST SLP 30.37 ON 25
DPTR FM NORMAL 0 LOWEST SLP 28.81 ON 10
[REMARKS]
#FINAL-11-23#