000
CXUS54 KFWD 240730
CF60F2
PRELIMINARY LOCAL CLIMATOLOGICAL DATA (WS FORM: F-6)

                                          STATION:   BOWIE
                                          MONTH:     MARCH
                                          YEAR:      2017
                                          LATITUDE:   33 36 N
                                          LONGITUDE:  97 47 W

  TEMPERATURE IN F:       :PCPN:    SNOW:  WIND      :SUNSHINE: SKY     :PK WND
================================================================================
1   2   3   4   5  6A  6B    7    8   9   10  11  12  13   14  15   16   17  18
                                     12Z  AVG MX 2MIN
DY MAX MIN AVG DEP HDD CDD  WTR  SNW DPTH SPD SPD DIR MIN PSBL S-S WX    SPD DR
================================================================================

 1  73  35  54   5  11   0 0.00  0.0    0 12.0 27 330   M    M   0        35 330
 2  66  30  48  -1  17   0 0.00  0.0    0  1.7  7 200   M    M   0         M  M
 3  71  34  53   4  12   0 0.00  0.0    0  5.6 13 170   M    M   0        21 160
 4  60  46  53   3  12   0 0.00  0.0    0 10.4 20 160   M    M   8 1      28 160
 5  64  53  59   9   6   0    M  0.0    0 10.7 16 160   M    M  10 12     24 150
 6  84  63  74  24   0   9 0.00  0.0    0 18.2 28 180   M    M   6        38 180
 7  71  40  56   6   9   0 0.00  0.0    0  7.9 21 340   M    M   1        29 360
 8  77  37  57   6   8   0 0.00  0.0    0  7.8 20 150   M    M   0        35 160
 9  82  57  70  19   0   5 0.00  0.0    0  8.8 16 180   M    M   3        22 180
10  65  57  61  10   4   0 0.00  0.0    0  3.8 10  30   M    M   7        20  30
11  70  43  57   5   8   0 0.00  0.0    0  6.7 15  30   M    M   9        24  30
12  50  40  45  -7  20   0 0.00  0.0    0  5.6 13  10   M    M   9        16  20
13  60  37  49  -3  16   0 0.00  0.0    0 10.4 21 320   M    M   4        28 350
14  66  32  49  -3  16   0 0.00  0.0    0  3.9  9  80   M    M   0         M  M
15  65  37  51  -2  14   0 0.00  0.0    0  6.5 10 150   M    M   1        18  60
16  73  49  61   8   4   0 0.00  0.0    0 11.5 20 170   M    M   4 1      29 170
17  84  63  74  21   0   9 0.00  0.0    0 10.2 18 170   M    M   4        24 180
18  85  60  73  19   0   8 0.00  0.0    0  5.6 12 160   M    M   2 1      18 160
19  88  60  74  20   0   9 0.00  0.0    0  9.9 18 150   M    M   0 1      23 170
20  92  61  77  23   0  12 0.00  0.0    0 11.2 18 180   M    M   0        29 180
21  90  59  75  21   0  10 0.00  0.0    0  8.3 14 170   M    M   0        30 180
22  85  55  70  15   0   5 0.00  0.0    0  5.9 10 140   M    M   2        16 130
23  85  64  75  20   0  10 0.00  0.0    0 17.8 30 150   M    M   1        41 150
================================================================================
SM 1706 1112       157  77  0.00     0.0 200.4          M       71
================================================================================
AV 74.2 48.4                               8.7 FASTST   M    M   3    MAX(MPH)
                                 MISC ---->    30   M                 41    M
================================================================================
NOTES:
# LAST OF SEVERAL OCCURRENCES

COLUMN 17 PEAK WIND IN M.P.H.

PRELIMINARY LOCAL CLIMATOLOGICAL DATA (WS FORM: F-6) , PAGE 2

                                          STATION:  BOWIE
                                          MONTH:    MARCH
                                          YEAR:     2017
                                          LATITUDE:   33 36 N
                                          LONGITUDE:  97 47 W

[TEMPERATURE DATA]      [PRECIPITATION DATA]       SYMBOLS USED IN COLUMN 16

AVERAGE MONTHLY: 61.3   TOTAL FOR MONTH:   0.00    1 = FOG OR MIST
DPTR FM NORMAL:   9.4   DPTR FM NORMAL:   -2.34    2 = FOG REDUCING VISIBILITY
HIGHEST:    92 ON 20    GRTST 24HR  0.00 ON 23-23      TO 1/4 MILE OR LESS
LOWEST:     30 ON  2                               3 = THUNDER
                        SNOW, ICE PELLETS, HAIL    4 = ICE PELLETS
                        TOTAL MONTH:   0.0 INCH    5 = HAIL
                        GRTST 24HR     0.0         6 = FREEZING RAIN OR DRIZZLE
                        GRTST DEPTH:   0           7 = DUSTSTORM OR SANDSTORM:
                                                       VSBY 1/2 MILE OR LESS
                                                   8 = SMOKE OR HAZE
[NO. OF DAYS WITH]      [WEATHER - DAYS WITH]      9 = BLOWING SNOW
                                                   X = TORNADO
MAX 32 OR BELOW:   0    0.01 INCH OR MORE:   0
MAX 90 OR ABOVE:   2    0.10 INCH OR MORE:   0
MIN 32 OR BELOW:   2    0.50 INCH OR MORE:   0
MIN  0 OR BELOW:   0    1.00 INCH OR MORE:   0

[HDD (BASE 65) ]
TOTAL THIS MO.   157    CLEAR  (SCALE 0-3)  13
DPTR FM NORMAL  -152    PTCLDY (SCALE 4-7)   7
TOTAL FM JUL 1  1739    CLOUDY (SCALE 8-10)  3
DPTR FM NORMAL -1078

[CDD (BASE 65) ]
TOTAL THIS MO.    77
DPTR FM NORMAL    74    [PRESSURE DATA]
TOTAL FM JAN 1   105    HIGHEST SLP M ON M
DPTR FM NORMAL   100    LOWEST  SLP M ON M

[REMARKS]
