000
CXUS53 KUNR 290945
CF62WX
PRELIMINARY LOCAL CLIMATOLOGICAL DATA (WS FORM: F-6)

                                          STATION:   BUFFALO SD
                                          MONTH:     JULY
                                          YEAR:      2015
                                          LATITUDE:   45 35 N
                                          LONGITUDE: 103 33 W

  TEMPERATURE IN F:       :PCPN:    SNOW:  WIND      :SUNSHINE: SKY     :PK WND
================================================================================
1   2   3   4   5  6A  6B    7    8   9   10  11  12  13   14  15   16   17  18
                                     12Z  AVG MX 2MIN
DY MAX MIN AVG DEP HDD CDD  WTR  SNW DPTH SPD SPD DIR MIN PSBL S-S WX    SPD DR
================================================================================

 1  81  60  71   3   0   6 0.01    M    M  8.4 23 340   M    M   M        27 330
 2  80  58  69   1   0   4 0.00    M    M 10.9 25 320   M    M   M        30 330
 3  86  58  72   3   0   7 0.00    M    M  7.8 15 160   M    M   M        18 140
 4  94  63  79  10   0  14 0.00    M    M  6.3 31  40   M    M   M        40  40
 5  79  60  70   1   0   5 0.00    M    M 14.1 37  30   M    M   M        43  30
 6  73  53  63  -7   2   0 0.01    M    M 10.2 20 330   M    M   M        23 330
 7  83  52  68  -2   0   3 0.00    M    M  9.2 18 160   M    M   M        24 180
 8  80  55  68  -2   0   3 0.00    M    M 10.6 18  30   M    M   M        23  40
 9  86  53  70   0   0   5 0.00    M    M 12.5 23 140   M    M   M        29 160
10  90  59  75   5   0  10 0.00    M    M 11.1 23 160   M    M   M        29 150
11  94  60  77   6   0  12 0.00    M    M  8.3 21 290   M    M   M        26 280
12  93  57  75   4   0  10 0.00    M    M 13.5 31 280   M    M   M        38 280
13  92  58  75   4   0  10 0.00    M    M 14.5 30 310   M    M   M        39 310
14  92  63  78   7   0  13 0.06    M    M  7.5 23 130   M    M   M        28 130
15  91  61  76   5   0  11 0.00    M    M  7.6 40  30   M    M   M        48  30
16  90  60  75   4   0  10 0.00    M    M 12.2 38 300   M    M   M        50 300
17  75  55  65  -7   0   0 0.00    M    M 10.4 36 330   M    M   M        43 320
18  76  51  64  -8   1   0 0.00    M    M 16.2 29 310   M    M   M        36 300
19  90  53  72   0   0   7 0.00    M    M 12.2 26 260   M    M   M        34 270
20  85  57  71  -1   0   6 0.00    M    M  7.4 18  70   M    M   M        21  70
21  87  60  74   2   0   9 0.00    M    M 12.9 24 160   M    M   M        29 170
22  97  56  77   5   0  12 0.00    M    M  6.7 16 140   M    M   M        23 160
23  95  61  78   6   0  13 0.00    M    M 12.7 31 310   M    M   M        37 310
24  94  57  76   4   0  11 0.00    M    M 10.2 24 290   M    M   M        36 270
25  92  61  77   5   0  12 0.13    M    M  9.3 29 250   M    M   M        37 230
26  98  62  80   8   0  15    M    M    M 14.6 39  30   M    M   M        49  30
27  93  59  76   4   0  11    M    M    M 19.1 43 320   M    M   M        51 140
28  72  51  62 -10   3   0 0.00    M    M 29.4 52 280   M    M   M        64 280
================================================================================
SM 2438 1613         6 219  0.21    M    325.8          M        M
================================================================================
AV 87.1 57.6                              11.6 FASTST   M    M   1    MAX(MPH)
                                 MISC ---->  # 52 280               # 64  280
================================================================================
NOTES:
# LAST OF SEVERAL OCCURRENCES

COLUMN 17 PEAK WIND IN M.P.H.

PRELIMINARY LOCAL CLIMATOLOGICAL DATA (WS FORM: F-6) , PAGE 2

                                          STATION:  BUFFALO SD
                                          MONTH:    JULY
                                          YEAR:     2015
                                          LATITUDE:   45 35 N
                                          LONGITUDE: 103 33 W

[TEMPERATURE DATA]      [PRECIPITATION DATA]       SYMBOLS USED IN COLUMN 16

AVERAGE MONTHLY: 72.3   TOTAL FOR MONTH:   0.21    1 = FOG OR MIST
DPTR FM NORMAL:   1.5   DPTR FM NORMAL:   -1.67    2 = FOG REDUCING VISIBILITY
HIGHEST:    98 ON 26    GRTST 24HR  0.13 ON 25-25      TO 1/4 MILE OR LESS
LOWEST:     51 ON 28,18                            3 = THUNDER
                        SNOW, ICE PELLETS, HAIL    4 = ICE PELLETS
                        TOTAL MONTH:    M          5 = HAIL
                        GRTST 24HR    M  ON   M    6 = FREEZING RAIN OR DRIZZLE
                        GRTST DEPTH:  M  ON   M    7 = DUSTSTORM OR SANDSTORM:
                                                       VSBY 1/2 MILE OR LESS
                                                   8 = SMOKE OR HAZE
[NO. OF DAYS WITH]      [WEATHER - DAYS WITH]      9 = BLOWING SNOW
                                                   X = TORNADO
MAX 32 OR BELOW:   0    0.01 INCH OR MORE:   4
MAX 90 OR ABOVE:  15    0.10 INCH OR MORE:   1
MIN 32 OR BELOW:   0    0.50 INCH OR MORE:   0
MIN  0 OR BELOW:   0    1.00 INCH OR MORE:   0

[HDD (BASE 65) ]
TOTAL THIS MO.     6    CLEAR  (SCALE 0-3)   0
DPTR FM NORMAL   -15    PTCLDY (SCALE 4-7)   0
TOTAL FM JUL 1     6    CLOUDY (SCALE 8-10)  0
DPTR FM NORMAL   -15

[CDD (BASE 65) ]
TOTAL THIS MO.   219
DPTR FM NORMAL    34    [PRESSURE DATA]
TOTAL FM JAN 1   310    HIGHEST SLP M ON M
DPTR FM NORMAL    57    LOWEST  SLP 29.28 ON 27

[REMARKS]
