000
CXUS55 KBOU 011305
CF633V
PRELIMINARY LOCAL CLIMATOLOGICAL DATA (WS FORM: F-6)

                                          STATION:   Walden
                                          MONTH:     SEPTEMBER
                                          YEAR:      2014
                                          LATITUDE:   40 45 N
                                          LONGITUDE: 106 16 W

  TEMPERATURE IN F:       :PCPN:    SNOW:  WIND      :SUNSHINE: SKY     :PK WND
================================================================================
1   2   3   4   5  6A  6B    7    8   9   10  11  12  13   14  15   16   17  18
                                     12Z  AVG MX 2MIN
DY MAX MIN AVG DEP HDD CDD  WTR  SNW DPTH SPD SPD DIR MIN PSBL S-S WX    SPD DR
================================================================================

 1  64  36  50   M  15   0    M    M    M 10.7 24 250   M    M   1        35 250
 2  72  32  52   M  13   0    M    M    M  9.5 22 200   M    M   1        29 200
 3  77  37  57   M   8   0    M    M    M 10.1 21 230   M    M   1        29 230
 4  73  37  55   M  10   0    M    M    M  7.9 23 160   M    M   2        29 220
 5  68  41  55   M  10   0    M    M    M  8.0 28 310   M    M   5        30 300
 6  68  34  51   M  14   0    M    M    M  2.4  9 130   M    M   4         M  M
 7  70  34  52   M  13   0    M    M    M  8.0 16 260   M    M   3        22 240
 8  66  41  54   M  11   0    M    M    M  8.3 20 230   M    M   4        29 230
 9  54  45  50   M  15   0    M    M    M  4.1  9 170   M    M  10         M  M
10  61  37  49   M  16   0    M    M    M 10.9 20 240   M    M   4        32 250
11  64  30  47   M  18   0    M    M    M 15.2 29 250   M    M   4        37 240
12  59  30  45   M  20   0    M    M    M  4.7 10 120   M    M   4         M  M
13  66  30  48   M  17   0    M    M    M  9.4 18 230   M    M   0        24 230
14  70  36  53   M  12   0    M    M    M 10.1 24 280   M    M   3        36 240
15  72  34  53   M  12   0    M    M    M  5.5 14 300   M    M   2        21 300
16  73  36  55   M  10   0    M    M    M  5.5 10 240   M    M   3         M  M
17  73  37  55   M  10   0    M    M    M  5.1 16 340   M    M   3         M  M
18  77  34  56   M   9   0    M    M    M  4.5  9 120   M    M   1         M  M
19  73  37  55   M  10   0    M    M    M  6.6 15 290   M    M   2        21 290
20  73  34  54   M  11   0    M    M    M  4.9 16  20   M    M   0         M  M
21  70  34  52   M  13   0    M    M    M  5.2 14 230   M    M   4        23 230
22  64  45  55   M  10   0    M    M    M  9.4 22 220   M    M   8        28 240
23  61  41  51   M  14   0    M    M    M  5.9 13 230   M    M   6        17 280
24  70  36  53   M  12   0    M    M    M  4.1  8 130   M    M   0         M  M
25  77  34  56   M   9   0    M    M    M  4.7 10 120   M    M   0         M  M
26  73  36  55   M  10   0    M    M    M  3.5  9 130   M    M   1         M  M
27  77  36  57   M   8   0    M    M    M  5.1 17 100   M    M   2        21 100
28  63  34  49   M  16   0    M    M    M  5.0 17  60   M    M   5        24 230
29  55  36  46   M  19   0    M    M    M  7.0 15 210   M    M   7        24 290
30  46  36  41   M  24   0    M    M    M 13.3 22 210   M    M   9        29 210
================================================================================
SM 2029 1080       389   0    M     M    214.6          M       99
================================================================================
AV 67.6 36.0                               7.2 FASTST   M    M   3    MAX(MPH)
                                 MISC ---->    29   M                 37    M
================================================================================
NOTES:
# LAST OF SEVERAL OCCURRENCES

COLUMN 17 PEAK WIND IN M.P.H.

PRELIMINARY LOCAL CLIMATOLOGICAL DATA (WS FORM: F-6) , PAGE 2

                                          STATION:  Walden
                                          MONTH:    SEPTEMBER
                                          YEAR:     2014
                                          LATITUDE:   40 45 N
                                          LONGITUDE: 106 16 W

[TEMPERATURE DATA]      [PRECIPITATION DATA]       SYMBOLS USED IN COLUMN 16

AVERAGE MONTHLY: 51.8   TOTAL FOR MONTH:      M    1 = FOG OR MIST
DPTR FM NORMAL:     M   DPTR FM NORMAL:       M    2 = FOG REDUCING VISIBILITY
HIGHEST:    77 ON 27,25 GRTST 24HR    M  ON   M        TO 1/4 MILE OR LESS
LOWEST:     30 ON 13,12                            3 = THUNDER
                        SNOW, ICE PELLETS, HAIL    4 = ICE PELLETS
                        TOTAL MONTH:    M          5 = HAIL
                        GRTST 24HR    M  ON   M    6 = FREEZING RAIN OR DRIZZLE
                        GRTST DEPTH:  M  ON   M    7 = DUSTSTORM OR SANDSTORM:
                                                       VSBY 1/2 MILE OR LESS
                                                   8 = SMOKE OR HAZE
[NO. OF DAYS WITH]      [WEATHER - DAYS WITH]      9 = BLOWING SNOW
                                                   X = TORNADO
MAX 32 OR BELOW:   0    0.01 INCH OR MORE:   0
MAX 90 OR ABOVE:   0    0.10 INCH OR MORE:   0
MIN 32 OR BELOW:   4    0.50 INCH OR MORE:   0
MIN  0 OR BELOW:   0    1.00 INCH OR MORE:   0

[HDD (BASE 65) ]
TOTAL THIS MO.   389    CLEAR  (SCALE 0-3)  15
DPTR FM NORMAL     M    PTCLDY (SCALE 4-7)  13
TOTAL FM JUL 1   860    CLOUDY (SCALE 8-10)  2
DPTR FM NORMAL     M

[CDD (BASE 65) ]
TOTAL THIS MO.     0
DPTR FM NORMAL     M    [PRESSURE DATA]
TOTAL FM JAN 1     1    HIGHEST SLP M ON M
DPTR FM NORMAL     M    LOWEST  SLP M ON M

[REMARKS]
