000
CXUS55 KBOU 241857
CF633V
PRELIMINARY LOCAL CLIMATOLOGICAL DATA (WS FORM: F-6)

                                          STATION:   Walden
                                          MONTH:     JANUARY
                                          YEAR:      2015
                                          LATITUDE:   40 45 N
                                          LONGITUDE: 106 16 W

  TEMPERATURE IN F:       :PCPN:    SNOW:  WIND      :SUNSHINE: SKY     :PK WND
================================================================================
1   2   3   4   5  6A  6B    7    8   9   10  11  12  13   14  15   16   17  18
                                     12Z  AVG MX 2MIN
DY MAX MIN AVG DEP HDD CDD  WTR  SNW DPTH SPD SPD DIR MIN PSBL S-S WX    SPD DR
================================================================================

 1   0 -22 -11   M  76   0    M    M    M  2.5  9 120   M    M   1         M  M
 2  19  -6   7   M  58   0    M    M    M  2.4  7 130   M    M   5         M  M
 3  25   1  13   M  52   0    M    M    M  7.7 24 350   M    M   7        30 350
 4  30   3  17   M  48   0    M    M    M 16.7 31 240   M    M   9        40 200
 5  36  25  31   M  34   0    M    M    M 21.4 38 240   M    M   8        53 240
 6  39  23  31   M  34   0    M    M    M  9.3 18 210   M    M   4        23 210
 7  37  18  28   M  37   0    M    M    M  5.3  9 130   M    M   0         M  M
 8  41  23  32   M  33   0    M    M    M  8.8 22 240   M    M   2        30 240
 9  34  19  27   M  38   0    M    M    M  3.5 15 340   M    M   5         M  M
10  36  19  28   M  37   0    M    M    M 10.1 16 220   M    M   1        22 200
11  34  23  29   M  36   0    M    M    M  4.6 10 190   M    M  10        17 190
12  36  18  27   M  38   0    M    M    M  5.2 10 190   M    M   8         M  M
13  34  14  24   M  41   0    M    M    M  4.7 12 320   M    M   5         M  M
14  25   7  16   M  49   0    M    M    M  2.4  8 130   M    M   6         M  M
15  32   0  16   M  49   0    M    M    M  3.8 10 140   M    M   0         M  M
16  37  16  27   M  38   0    M    M    M 16.4 37 240   M    M   2        48 240
17  32  19  26   M  39   0    M    M    M 13.0 29 260   M    M   2        41 260
18  39  28  34   M  31   0    M    M    M 15.5 25 200   M    M   4        46 230
19  37  28  33   M  32   0    M    M    M 11.8 21 230   M    M   7        28 230
20  30  10  20   M  45   0    M    M    M  8.3 16 260   M    M   1        17 300
21  23  -2  11   M  54   0    M    M    M  4.5 15 330   M    M   3         M  M
22  21  -9   6   M  59   0    M    M    M  4.4  8 120   M    M   0         M  M
23  30   0  15   M  50   0    M    M    M  2.2  7 140   M    M   7         M  M
================================================================================
SM  707  255      1008   0    M     M    184.5          M       97
================================================================================
AV 30.7 11.1                               8.0 FASTST   M    M   4    MAX(MPH)
                                 MISC ---->  # 38 240                 53    M
================================================================================
NOTES:
# LAST OF SEVERAL OCCURRENCES

COLUMN 17 PEAK WIND IN M.P.H.

PRELIMINARY LOCAL CLIMATOLOGICAL DATA (WS FORM: F-6) , PAGE 2

                                          STATION:  Walden
                                          MONTH:    JANUARY
                                          YEAR:     2015
                                          LATITUDE:   40 45 N
                                          LONGITUDE: 106 16 W

[TEMPERATURE DATA]      [PRECIPITATION DATA]       SYMBOLS USED IN COLUMN 16

AVERAGE MONTHLY: 20.9   TOTAL FOR MONTH:      M    1 = FOG OR MIST
DPTR FM NORMAL:     M   DPTR FM NORMAL:       M    2 = FOG REDUCING VISIBILITY
HIGHEST:    41 ON  8    GRTST 24HR    M  ON   M        TO 1/4 MILE OR LESS
LOWEST:    -22 ON  1                               3 = THUNDER
                        SNOW, ICE PELLETS, HAIL    4 = ICE PELLETS
                        TOTAL MONTH:    M          5 = HAIL
                        GRTST 24HR    M  ON   M    6 = FREEZING RAIN OR DRIZZLE
                        GRTST DEPTH:  M  ON   M    7 = DUSTSTORM OR SANDSTORM:
                                                       VSBY 1/2 MILE OR LESS
                                                   8 = SMOKE OR HAZE
[NO. OF DAYS WITH]      [WEATHER - DAYS WITH]      9 = BLOWING SNOW
                                                   X = TORNADO
MAX 32 OR BELOW:  11    0.01 INCH OR MORE:   0
MAX 90 OR ABOVE:   0    0.10 INCH OR MORE:   0
MIN 32 OR BELOW:  23    0.50 INCH OR MORE:   0
MIN  0 OR BELOW:   6    1.00 INCH OR MORE:   0

[HDD (BASE 65) ]
TOTAL THIS MO.  1008    CLEAR  (SCALE 0-3)  10
DPTR FM NORMAL     M    PTCLDY (SCALE 4-7)  11
TOTAL FM JUL 1  5126    CLOUDY (SCALE 8-10)  2
DPTR FM NORMAL     M

[CDD (BASE 65) ]
TOTAL THIS MO.     0
DPTR FM NORMAL     M    [PRESSURE DATA]
TOTAL FM JAN 1     0    HIGHEST SLP M ON M
DPTR FM NORMAL     M    LOWEST  SLP M ON M

[REMARKS]
