000
CXUS56 KMFR 011000
CF6AAT
PRELIMINARY LOCAL CLIMATOLOGICAL DATA (WS FORM: F-6)

                                          STATION:   ALTURAS CA
                                          MONTH:     AUGUST
                                          YEAR:      2014
                                          LATITUDE:   41 29 N
                                          LONGITUDE: 120 34 W

  TEMPERATURE IN F:       :PCPN:    SNOW:  WIND      :SUNSHINE: SKY     :PK WND
================================================================================
1   2   3   4   5  6A  6B    7    8   9   10  11  12  13   14  15   16   17  18
                                     12Z  AVG MX 2MIN
DY MAX MIN AVG DEP HDD CDD  WTR  SNW DPTH SPD SPD DIR MIN PSBL S-S WX    SPD DR
================================================================================

 1  94  51  73   6   0   8 0.00    M    M  4.4 21 250   M    M   3 8      25 280
 2  96  46  71   4   0   6 0.00    M    M  5.5 21 270   M    M   2 8      27  10
 3  94  46  70   3   0   5 0.00    M    M  5.2 22 270   M    M   1 8      26 250
 4  89  59  74   7   0   9 0.08    M    M  6.4 20 260   M    M   4 3      25  70
 5  75  55  65  -2   0   0 0.31    M    M  5.0 22 170   M    M   4 13     28 170
 6  84  52  68   1   0   3 0.00    M    M  2.4 17 190   M    M   3 128    21 190
 7  90  48  69   3   0   4 0.00    M    M  3.7 16 310   M    M   1 1      19 310
 8  92  48  70   4   0   5 0.00    M    M  4.4 18 120   M    M   1 3      29 130
 9  93  47  70   4   0   5 0.00    M    M  3.7 15  80   M    M   0        20 170
10  91  56  74   8   0   9    T    M    M  5.7 30 280   M    M   1 3      38 280
11  91  52  72   6   0   7    T    M    M  5.2 23 250   M    M   1        29 250
12  84  47  66   0   0   1 0.04    M    M  6.6 40 190   M    M   1 3      50 190
13  83  44  64  -2   1   0 0.00    M    M  6.8 23 260   M    M   2        33 210
14  81  40  61  -4   4   0 0.00    M    M  6.4 23 210   M    M   2        29 220
15  86  46  66   1   0   1 0.00    M    M  5.2 17 260   M    M   0        24 280
16  91  45  68   3   0   3 0.00    M    M  5.3 18 280   M    M   0        24 270
17  90  44  67   2   0   2 0.00    M    M  3.4 16 280   M    M   0        21 280
18  91  46  69   5   0   4 0.00    M    M  4.6 16 260   M    M   0        19 210
19  93  45  69   5   0   4 0.03    M    M  5.7 29 270   M    M   1 8      37 270
20  87  50  69   5   0   4 0.00    M    M  5.8 21 260   M    M   3        27 270
21  86  51  69   5   0   4 0.00    M    M  6.9 23 300   M    M   2        31 290
22  81  47  64   1   1   0 0.00    M    M  7.7 23 320   M    M   2        32 320
23  81  44  63   0   2   0 0.00    M    M  4.9 14  10   M    M   0        17  10
24  85  41  63   0   2   0 0.00    M    M  4.6 17 260   M    M   1        21 260
25  81  49  65   2   0   0 0.00    M    M  4.8 15  20   M    M   2        20  10
26  86  41  64   2   1   0 0.00    M    M  3.1 14 320   M    M   0        17 310
27  92  42  67   5   0   2 0.00    M    M  3.4 14 290   M    M   0        17 290
28  91  49  70   8   0   5 0.00    M    M  5.1 21 270   M    M   0 8      30 280
29  90  47  69   7   0   4 0.00    M    M  5.8 22 310   M    M   1 8      29 260
30  80  44  62   1   3   0 0.00    M    M  5.1 22 320   M    M   4 8      29 340
31  81  38  60  -1   5   0 0.00    M    M  5.8 20 320   M    M   0        25 300
================================================================================
SM 2709 1460        19  95  0.46    M    158.6          M       42
================================================================================
AV 87.4 47.1                               5.1 FASTST   M    M   1    MAX(MPH)
                                 MISC ---->  # 40 190               # 50  190
================================================================================
NOTES:
# LAST OF SEVERAL OCCURRENCES

COLUMN 17 PEAK WIND IN M.P.H.

PRELIMINARY LOCAL CLIMATOLOGICAL DATA (WS FORM: F-6) , PAGE 2

                                          STATION:  ALTURAS CA
                                          MONTH:    AUGUST
                                          YEAR:     2014
                                          LATITUDE:   41 29 N
                                          LONGITUDE: 120 34 W

[TEMPERATURE DATA]      [PRECIPITATION DATA]       SYMBOLS USED IN COLUMN 16

AVERAGE MONTHLY: 67.2   TOTAL FOR MONTH:   0.46    1 = FOG OR MIST
DPTR FM NORMAL:   2.6   DPTR FM NORMAL:    0.10    2 = FOG REDUCING VISIBILITY
HIGHEST:    96 ON  2    GRTST 24HR  0.32 ON  4- 5      TO 1/4 MILE OR LESS
LOWEST:     38 ON 31                               3 = THUNDER
                        SNOW, ICE PELLETS, HAIL    4 = ICE PELLETS
                        TOTAL MONTH:    M          5 = HAIL
                        GRTST 24HR    M  ON   M    6 = FREEZING RAIN OR DRIZZLE
                        GRTST DEPTH:  M  ON   M    7 = DUSTSTORM OR SANDSTORM:
                                                       VSBY 1/2 MILE OR LESS
                                                   8 = SMOKE OR HAZE
[NO. OF DAYS WITH]      [WEATHER - DAYS WITH]      9 = BLOWING SNOW
                                                   X = TORNADO
MAX 32 OR BELOW:   0    0.01 INCH OR MORE:   4
MAX 90 OR ABOVE:  15    0.10 INCH OR MORE:   1
MIN 32 OR BELOW:   0    0.50 INCH OR MORE:   0
MIN  0 OR BELOW:   0    1.00 INCH OR MORE:   0

[HDD (BASE 65) ]
TOTAL THIS MO.    19    CLEAR  (SCALE 0-3)  27
DPTR FM NORMAL   -51    PTCLDY (SCALE 4-7)   4
TOTAL FM JUL 1    25    CLOUDY (SCALE 8-10)  0
DPTR FM NORMAL   -86

[CDD (BASE 65) ]
TOTAL THIS MO.    95
DPTR FM NORMAL    39    [PRESSURE DATA]
TOTAL FM JAN 1   368    HIGHEST SLP M ON M
DPTR FM NORMAL   217    LOWEST  SLP 29.72 ON 19

[REMARKS]
#FINAL-08-14#
