000
CXUS56 KMFR 261000
CF6AAT
PRELIMINARY LOCAL CLIMATOLOGICAL DATA (WS FORM: F-6)

                                          STATION:   ALTURAS CA
                                          MONTH:     JUNE
                                          YEAR:      2017
                                          LATITUDE:   41 29 N
                                          LONGITUDE: 120 34 W

  TEMPERATURE IN F:       :PCPN:    SNOW:  WIND      :SUNSHINE: SKY     :PK WND
================================================================================
1   2   3   4   5  6A  6B    7    8   9   10  11  12  13   14  15   16   17  18
                                     12Z  AVG MX 2MIN
DY MAX MIN AVG DEP HDD CDD  WTR  SNW DPTH SPD SPD DIR MIN PSBL S-S WX    SPD DR
================================================================================

 1  74  48  61   5   4   0 0.00    M    M  6.2 18 280   M    M   4        23 280
 2  83  38  61   5   4   0 0.00    M    M  4.5 12 260   0    0   0         M  M
 3  81  45  63   7   2   0 0.00    M    M  6.0 18 260   M    M   0        23 260
 4  79  41  60   4   5   0 0.00    M    M  7.0 22 310   0    0   0        33 280
 5  82  35  59   3   6   0 0.00    M    M  3.8 12 270   M    M   M         M  M
 6  87  45  66   9   0   1 0.00    M    M  4.8 18 270   M    M   0        25 270
 7  83  38  61   4   4   0 0.00    M    M  8.0 18 230   0    0   0        33 230
 8  67  44  56  -1   9   0 0.00    M    M 16.5 25 190   M    M   5        44 180
 9  66  39  53  -5  12   0 0.19    M    M  9.6 24 250   0    0   0        40 280
10  60  38  49  -9  16   0 0.16    M    M  9.7 22 250   M    M   M        33 280
11  56  35  46 -12  19   0 0.34    M    M  8.0 15 310   M    M  10 1      21 310
12  59  43  51  -7  14   0 0.14    M    M 17.1 25 310   M    M   M        35 310
13  70  39  55  -4  10   0 0.00    M    M  4.9 12 320   M    M   4         M  M
14  76   M   M   M   M   M 0.00    M    M  4.9 15 250   M    M   0        22 250
15  79  43  61   2   4   0 0.00    M    M   M   M   M   M    M   M         M  M
16  85  49  67   8   0   2 0.00    M    M  7.7 18 250   M    M   1        28 250
17  81  54  68   8   0   3 0.00    M    M  5.2 12 290   M    M   2        21 290
18  93  48  71  11   0   6 0.00    M    M  2.7  8  40   0    0   0         M  M
19  97  59  78  18   0  13 0.33    M    M  4.1 15 180   M    M   1 3      23 180
20  94  53  74  14   0   9 0.00    M    M  4.6 15 330   M    M   0        16  99
21  90  59  75  14   0  10 0.00    M    M  7.7 16  10   M    M   0        28  10
22  88  54  71  10   0   6 0.00    M    M  8.2 16  20   M    M   0        24  20
23  93  50  72  11   0   7 0.00    M    M  4.6 14  20   M    M   M         M  M
24  96  48  72  10   0   7 0.00    M    M  3.4  8  60   M    M   M         M  M
25  97  50  74  12   0   9 0.00    M    M  4.9 13 220   M    M   0        25 210
================================================================================
SM 2016 1095       109  73  1.16    M    164.1            0     27
================================================================================
AV 80.6 45.6                               6.8 FASTST    0   0   1    MAX(MPH)
                                 MISC ---->  # 25 190               # 44  180
================================================================================
NOTES:
# LAST OF SEVERAL OCCURRENCES

COLUMN 17 PEAK WIND IN M.P.H.

PRELIMINARY LOCAL CLIMATOLOGICAL DATA (WS FORM: F-6) , PAGE 2

                                          STATION:  ALTURAS CA
                                          MONTH:    JUNE
                                          YEAR:     2017
                                          LATITUDE:   41 29 N
                                          LONGITUDE: 120 34 W

[TEMPERATURE DATA]      [PRECIPITATION DATA]       SYMBOLS USED IN COLUMN 16

AVERAGE MONTHLY: 63.1   TOTAL FOR MONTH:   1.16    1 = FOG OR MIST
DPTR FM NORMAL:   4.5   DPTR FM NORMAL:    0.30    2 = FOG REDUCING VISIBILITY
HIGHEST:    97 ON 25,19 GRTST 24HR  0.34 ON 11-11      TO 1/4 MILE OR LESS
LOWEST:     35 ON 11, 5                            3 = THUNDER
                        SNOW, ICE PELLETS, HAIL    4 = ICE PELLETS
                        TOTAL MONTH:    M          5 = HAIL
                        GRTST 24HR    M  ON   M    6 = FREEZING RAIN OR DRIZZLE
                        GRTST DEPTH:  M  ON   M    7 = DUSTSTORM OR SANDSTORM:
                                                       VSBY 1/2 MILE OR LESS
                                                   8 = SMOKE OR HAZE
[NO. OF DAYS WITH]      [WEATHER - DAYS WITH]      9 = BLOWING SNOW
                                                   X = TORNADO
MAX 32 OR BELOW:   0    0.01 INCH OR MORE:   5
MAX 90 OR ABOVE:   7    0.10 INCH OR MORE:   5
MIN 32 OR BELOW:   0    0.50 INCH OR MORE:   0
MIN  0 OR BELOW:   0    1.00 INCH OR MORE:   0

[HDD (BASE 65) ]
TOTAL THIS MO.   109    CLEAR  (SCALE 0-3)  15
DPTR FM NORMAL   -56    PTCLDY (SCALE 4-7)   3
TOTAL FM JUL 1  6354    CLOUDY (SCALE 8-10)  1
DPTR FM NORMAL  -568

[CDD (BASE 65) ]
TOTAL THIS MO.    73
DPTR FM NORMAL    69    [PRESSURE DATA]
TOTAL FM JAN 1    73    HIGHEST SLP M ON M
DPTR FM NORMAL    69    LOWEST  SLP 29.72 ON  8

[REMARKS]
