000
CXUS54 KSJT 260900
CF6ABI
PRELIMINARY LOCAL CLIMATOLOGICAL DATA (WS FORM: F-6)

                                          STATION:   ABILENE
                                          MONTH:     AUGUST
                                          YEAR:      2014
                                          LATITUDE:   32 25 N
                                          LONGITUDE:  99 41 W

  TEMPERATURE IN F:       :PCPN:    SNOW:  WIND      :SUNSHINE: SKY     :PK WND
================================================================================
1   2   3   4   5  6A  6B    7    8   9   10  11  12  13   14  15   16   17  18
                                     12Z  AVG MX 2MIN
DY MAX MIN AVG DEP HDD CDD  WTR  SNW DPTH SPD SPD DIR MIN PSBL S-S WX    SPD DR
================================================================================

 1  90  64  77  -7   0  12 0.00  0.0    0  4.9 13  70   M    M   2        17  80
 2  91  66  79  -5   0  14 0.00  0.0    0  6.4 15  50   M    M   0        22  60
 3  92  64  78  -6   0  13 0.00  0.0    0  4.7 14  80   M    M   2        20 360
 4  94  69  82  -2   0  17 0.00  0.0    0  5.4 14 100   M    M   1        17  80
 5  95  73  84   0   0  19 0.00  0.0    0  7.9 15 130   M    M   1        20 120
 6  99  75  87   3   0  22 0.00  0.0    0 10.5 17 200   M    M   0        23 190
 7 103  80  92   8   0  27 0.00  0.0    0 11.2 20 150   M    M   0        25 140
 8 102  77  90   6   0  25 0.00  0.0    0  9.4 30 110   M    M   1 8      35 110
 9 100  73  87   3   0  22 0.00  0.0    0  8.6 17 160   M    M   1        22 150
10 100  77  89   5   0  24 0.00  0.0    0  8.9 23 360   M    M   1        34  20
11  95  74  85   1   0  20 0.00  0.0    0  7.4 18 350   M    M   0        26  30
12  96  72  84   0   0  19 0.00  0.0    0  6.1 17  60   M    M   3        24  50
13  98  69  84   0   0  19 0.00  0.0    0  6.8 14 120   M    M   0 8      18 130
14  98  72  85   2   0  20 0.00  0.0    0 10.1 18 140   M    M   0 8      25 150
15 101  73  87   4   0  22 0.00  0.0    0  9.3 16 150   M    M   0        24 190
16 100  79  90   7   0  25    T  0.0    0  8.8 21 210   M    M   2 3      26 220
17  94  74  84   1   0  19 0.07  0.0    0  8.9 18 200   M    M   1 3      22 200
18  84  72  78  -5   0  13    T  0.0    0  9.0 20 170   M    M   1        22 170
19  90  71  81  -2   0  16 0.00  0.0    0 11.8 18 170   M    M   4        24 180
20  96  74  85   2   0  20 0.00  0.0    0 16.1 28 180   M    M   0        35 170
21  98  76  87   5   0  22 0.00  0.0    0 16.0 26 190   M    M   1        40 190
22 100  78  89   7   0  24 0.00  0.0    0 15.1 24 210   M    M   0        34 210
23  99  73  86   4   0  21 0.00  0.0    0 11.8 23 190   M    M   0 8      29 200
24 100  77  89   7   0  24 0.00  0.0    0 11.3 24 180   M    M   1        31 180
25 100  76  88   6   0  23 0.00  0.0    0  9.6 20 200   M    M   0        23 200
================================================================================
SM 2415 1828         0 502  0.07     0.0 236.0          M       22
================================================================================
AV 96.6 73.1                               9.4 FASTST   M    M   1    MAX(MPH)
                                 MISC ---->  # 30 110               # 40  190
================================================================================
NOTES:
# LAST OF SEVERAL OCCURRENCES

COLUMN 17 PEAK WIND IN M.P.H.

PRELIMINARY LOCAL CLIMATOLOGICAL DATA (WS FORM: F-6) , PAGE 2

                                          STATION:  ABILENE
                                          MONTH:    AUGUST
                                          YEAR:     2014
                                          LATITUDE:   32 25 N
                                          LONGITUDE:  99 41 W

[TEMPERATURE DATA]      [PRECIPITATION DATA]       SYMBOLS USED IN COLUMN 16

AVERAGE MONTHLY: 84.9   TOTAL FOR MONTH:   0.07    1 = FOG OR MIST
DPTR FM NORMAL:   1.5   DPTR FM NORMAL:   -1.98    2 = FOG REDUCING VISIBILITY
HIGHEST:   103 ON  7    GRTST 24HR  0.07 ON 17-17      TO 1/4 MILE OR LESS
LOWEST:     64 ON  3, 1                            3 = THUNDER
                        SNOW, ICE PELLETS, HAIL    4 = ICE PELLETS
                        TOTAL MONTH:   0.0 INCH    5 = HAIL
                        GRTST 24HR     0.0         6 = FREEZING RAIN OR DRIZZLE
                        GRTST DEPTH:   0           7 = DUSTSTORM OR SANDSTORM:
                                                       VSBY 1/2 MILE OR LESS
                                                   8 = SMOKE OR HAZE
[NO. OF DAYS WITH]      [WEATHER - DAYS WITH]      9 = BLOWING SNOW
                                                   X = TORNADO
MAX 32 OR BELOW:   0    0.01 INCH OR MORE:   1
MAX 90 OR ABOVE:  24    0.10 INCH OR MORE:   0
MIN 32 OR BELOW:   0    0.50 INCH OR MORE:   0
MIN  0 OR BELOW:   0    1.00 INCH OR MORE:   0

[HDD (BASE 65) ]
TOTAL THIS MO.     0    CLEAR  (SCALE 0-3)  24
DPTR FM NORMAL     0    PTCLDY (SCALE 4-7)   1
TOTAL FM JUL 1     0    CLOUDY (SCALE 8-10)  0
DPTR FM NORMAL     0

[CDD (BASE 65) ]
TOTAL THIS MO.   502
DPTR FM NORMAL    45    [PRESSURE DATA]
TOTAL FM JAN 1  2064    HIGHEST SLP M ON M
DPTR FM NORMAL   214    LOWEST  SLP 29.73 ON  7

[REMARKS]
