000
CXUS55 KABR 291400
CF6ABR
PRELIMINARY LOCAL CLIMATOLOGICAL DATA (WS FORM: F-6)

                                          STATION:   ABERDEEN SD
                                          MONTH:     AUGUST
                                          YEAR:      2016
                                          LATITUDE:   45 27 N
                                          LONGITUDE:  98 26 W

  TEMPERATURE IN F:       :PCPN:    SNOW:  WIND      :SUNSHINE: SKY     :PK WND
================================================================================
1   2   3   4   5  6A  6B    7    8   9   10  11  12  13   14  15   16   17  18
                                     12Z  AVG MX 2MIN
DY MAX MIN AVG DEP HDD CDD  WTR  SNW DPTH SPD SPD DIR MIN PSBL S-S WX    SPD DR
================================================================================

 1  88  68  78   7   0  13 0.13  0.0    0 12.1 31  30   M    M   1 13     38  30
 2  87  67  77   6   0  12 0.00  0.0    0  6.3 14  70   M    M   2        16  80
 3  91  66  79   8   0  14 0.00  0.0    0 13.7 25 170   M    M   1        35 170
 4  80  57  69  -2   0   4 0.02  0.0    0 11.4 24 320   M    M   1 3      31 320
 5  83  50  67  -4   0   2 0.00  0.0    0  5.1 16 340   M    M   0 18     23 320
 6  84  52  68  -3   0   3 0.00  0.0    0  4.4 12  70   M    M   0 18     16 120
 7  84  56  70  -1   0   5 0.00  0.0    0  6.8 15 100   M    M   1        22 140
 8  86  62  74   3   0   9 0.00  0.0    0 15.7 26 180   M    M   0        35 170
 9  92  60  76   6   0  11 0.00  0.0    0  7.8 21 190   M    M   2 1      29 200
10  91  64  78   8   0  13 1.37  0.0    0 15.6 46 290   M    M   3 13     57 310
11  84  65  75   5   0  10 0.01  0.0    0  7.9 17  30   M    M   2        21 360
12  83  63  73   3   0   8 0.00  0.0    0  6.6 18 340   M    M   1        24 340
13  82  58  70   0   0   5 0.00  0.0    0  7.4 20 330   M    M   1        24 330
14  84  51  68  -2   0   3    T  0.0    0  4.3 17 240   M    M   0 1      22 240
15  83  64  74   4   0   9 0.16  0.0    0  8.1 18 160   M    M   2 13     24 190
16  88  62  75   6   0  10 0.00  0.0    0  5.4 17 340   M    M   1        20 320
17  88  55  72   3   0   7 0.00  0.0    0  4.8 13 160   M    M   1 12     16 170
18  80  65  73   4   0   8 0.01  0.0    0 10.1 21  10   M    M   7 3      28 310
19  78  57  68  -1   0   3 0.15  0.0    0 10.2 29 320   M    M   6 1      36 320
20  71  48  60  -8   5   0 0.14    M    0  9.8 29 340   M    M   5 3      38 330
21  81  43  62  -6   3   0 0.00  0.0    0  7.8 15 150   M    M   0        19 160
22  89  59  74   6   0   9 0.00  0.0    0 15.2 24 160   M    M   0        32 170
23  88  63  76   8   0  11 0.00  0.0    0 17.0 28 170   M    M   1        35 170
24  79  51  65  -3   0   0 0.00  0.0    0 10.8 23 310   M    M   0 8      29 310
25  68  48  58  -9   7   0    T  0.0    0  8.8 20 320   M    M   5 8      26 300
26  72  42  57 -10   8   0 0.01  0.0    0  4.3 13 260   M    M   5        16 210
27  80  57  69   2   0   4 0.00  0.0    0 10.4 17 200   M    M   5 1      22 190
28  92  65  79  13   0  14 0.00  0.0    0 14.4 25 170   M    M   1 3      34 170
================================================================================
SM 2336 1618        23 187  2.00     0.0 262.2          M       54
================================================================================
AV 83.4 57.8                               9.4 FASTST   M    M   2    MAX(MPH)
                                 MISC ---->  # 46 290               # 57  310
================================================================================
NOTES:
# LAST OF SEVERAL OCCURRENCES

COLUMN 17 PEAK WIND IN M.P.H.

PRELIMINARY LOCAL CLIMATOLOGICAL DATA (WS FORM: F-6) , PAGE 2

                                          STATION:  ABERDEEN SD
                                          MONTH:    AUGUST
                                          YEAR:     2016
                                          LATITUDE:   45 27 N
                                          LONGITUDE:  98 26 W

[TEMPERATURE DATA]      [PRECIPITATION DATA]       SYMBOLS USED IN COLUMN 16

AVERAGE MONTHLY: 70.6   TOTAL FOR MONTH:   2.00    1 = FOG OR MIST
DPTR FM NORMAL:   1.3   DPTR FM NORMAL:   -0.19    2 = FOG REDUCING VISIBILITY
HIGHEST:    92 ON 28, 9 GRTST 24HR  1.37 ON 10-10      TO 1/4 MILE OR LESS
LOWEST:     42 ON 26                               3 = THUNDER
                        SNOW, ICE PELLETS, HAIL    4 = ICE PELLETS
                        TOTAL MONTH:   0.0 INCH    5 = HAIL
                        GRTST 24HR     0.0         6 = FREEZING RAIN OR DRIZZLE
                        GRTST DEPTH:   0           7 = DUSTSTORM OR SANDSTORM:
                                                       VSBY 1/2 MILE OR LESS
                                                   8 = SMOKE OR HAZE
[NO. OF DAYS WITH]      [WEATHER - DAYS WITH]      9 = BLOWING SNOW
                                                   X = TORNADO
MAX 32 OR BELOW:   0    0.01 INCH OR MORE:   9
MAX 90 OR ABOVE:   4    0.10 INCH OR MORE:   5
MIN 32 OR BELOW:   0    0.50 INCH OR MORE:   1
MIN  0 OR BELOW:   0    1.00 INCH OR MORE:   1

[HDD (BASE 65) ]
TOTAL THIS MO.    23    CLEAR  (SCALE 0-3)  22
DPTR FM NORMAL    -7    PTCLDY (SCALE 4-7)   6
TOTAL FM JUL 1    31    CLOUDY (SCALE 8-10)  0
DPTR FM NORMAL   -13

[CDD (BASE 65) ]
TOTAL THIS MO.   187
DPTR FM NORMAL    35    [PRESSURE DATA]
TOTAL FM JAN 1   642    HIGHEST SLP M ON M
DPTR FM NORMAL   167    LOWEST  SLP 29.61 ON 22

[REMARKS]
