000
CXUS52 KTAE 290800
CF6ABY
PRELIMINARY LOCAL CLIMATOLOGICAL DATA (WS FORM: F-6)

                                          STATION:   ALBANY
                                          MONTH:     MARCH
                                          YEAR:      2017
                                          LATITUDE:   31 31 N
                                          LONGITUDE:  84 11 W

  TEMPERATURE IN F:       :PCPN:    SNOW:  WIND      :SUNSHINE: SKY     :PK WND
================================================================================
1   2   3   4   5  6A  6B    7    8   9   10  11  12  13   14  15   16   17  18
                                     12Z  AVG MX 2MIN
DY MAX MIN AVG DEP HDD CDD  WTR  SNW DPTH SPD SPD DIR MIN PSBL S-S WX    SPD DR
================================================================================

 1  85  62  74  18   0   9 0.00  0.0    0 11.0 25 210   M    M   5 1      32 230
 2  73  51  62   6   3   0 0.35  0.0    0  9.7 21 340   M    M   4 138    27 360
 3  68  36  52  -4  13   0 0.00  0.0    0  6.7 21 330   M    M   0        24 340
 4  67  39  53  -3  12   0 0.00  0.0    0  6.4 16  70   M    M   0 8      20  80
 5  74  40  57   0   8   0 0.00  0.0    0  5.9 17 120   M    M   1 18     23 140
 6  75  57  66   9   0   1    T  0.0    0  8.9 21 130   M    M   3        27 140
 7  80  56  68  11   0   3 0.04  0.0    0 10.8 20 210   M    M   3        27 210
 8  77  49  63   6   2   0    T    M    0  5.0 17 340   M    M   3        26  10
 9  80  41  61   3   4   0 0.00  0.0    0  2.3  9 320   M    M   0 8      14 130
10  78  58  68  10   0   3 0.30  0.0    0  7.4 18 320   M    M   2 138    25 280
11  72  48  60   2   5   0 0.00  0.0    0  4.6 12 110   M    M   0        16 120
12  58  45  52  -6  13   0 0.16    M    0  9.8 18  50   M    M   8 1      24  40
13  46  43  45 -14  20   0 0.31  0.0    0  8.4 15  60   M    M  10 1      19  50
14  56  43  50  -9  15   0 0.05  0.0    0 10.3 23 320   M    M   7 1      29 290
15  52  33  43 -16  22   0 0.00    M    0  8.6 20 330   M    M   2        27 330
16  60  28  44 -15  21   0 0.00  0.0    0  4.6 14 340   M    M   0        19 280
17  70  34  52  -8  13   0 0.00  0.0    0  2.0 10 240   M    M   0 18     14 110
18  76  47  62   2   3   0    T    M    0  6.0 16 290   M    M   4 18     21 290
19  76  46  61   1   4   0 0.00  0.0    0  7.3 18 320   M    M   0        24 340
20  79  42  61   1   4   0 0.00  0.0    0  3.6 12 210   M    M   0 8      18 220
21  86  52  69   9   0   4 0.00  0.0    0  6.9 16 220   M    M   1 18     21 220
22  86  56  71  10   0   6 0.00  0.0    0  5.7 16 340   M    M   1 18     21 330
23  70  57  64   3   1   0 0.00  0.0    0 11.1 18  90   M    M   7 8      22  60
24  80  53  67   6   0   2 0.00  0.0    0  8.5 21 150   M    M   4        27 180
25  82  57  70   9   0   5 0.00  0.0    0  7.5 16 130   M    M   2        20 180
26  85  61  73  11   0   8    T  0.0    0  6.7 16 220   M    M   8        23 220
27  85  59  72  10   0   7 0.00  0.0    0  4.3 15  10   M    M   2 18     35  30
28  85  61  73  11   0   8 0.00  0.0    0  5.8 15 250   M    M   4 1      22 270
================================================================================
SM 2061 1354       163  56  1.21     0.0 195.8          M       81
================================================================================
AV 73.6 48.4                               7.0 FASTST   M    M   3    MAX(MPH)
                                 MISC ---->  # 25 210               # 35   30
================================================================================
NOTES:
# LAST OF SEVERAL OCCURRENCES

COLUMN 17 PEAK WIND IN M.P.H.

PRELIMINARY LOCAL CLIMATOLOGICAL DATA (WS FORM: F-6) , PAGE 2

                                          STATION:  ALBANY
                                          MONTH:    MARCH
                                          YEAR:     2017
                                          LATITUDE:   31 31 N
                                          LONGITUDE:  84 11 W

[TEMPERATURE DATA]      [PRECIPITATION DATA]       SYMBOLS USED IN COLUMN 16

AVERAGE MONTHLY: 61.0   TOTAL FOR MONTH:   1.21    1 = FOG OR MIST
DPTR FM NORMAL:   2.1   DPTR FM NORMAL:   -3.28    2 = FOG REDUCING VISIBILITY
HIGHEST:    86 ON 22,21 GRTST 24HR  0.35 ON  2- 2      TO 1/4 MILE OR LESS
LOWEST:     28 ON 16                               3 = THUNDER
                        SNOW, ICE PELLETS, HAIL    4 = ICE PELLETS
                        TOTAL MONTH:   0.0 INCH    5 = HAIL
                        GRTST 24HR     0.0         6 = FREEZING RAIN OR DRIZZLE
                        GRTST DEPTH:   0           7 = DUSTSTORM OR SANDSTORM:
                                                       VSBY 1/2 MILE OR LESS
                                                   8 = SMOKE OR HAZE
[NO. OF DAYS WITH]      [WEATHER - DAYS WITH]      9 = BLOWING SNOW
                                                   X = TORNADO
MAX 32 OR BELOW:   0    0.01 INCH OR MORE:   6
MAX 90 OR ABOVE:   0    0.10 INCH OR MORE:   4
MIN 32 OR BELOW:   1    0.50 INCH OR MORE:   0
MIN  0 OR BELOW:   0    1.00 INCH OR MORE:   0

[HDD (BASE 65) ]
TOTAL THIS MO.   163    CLEAR  (SCALE 0-3)  17
DPTR FM NORMAL   -33    PTCLDY (SCALE 4-7)  10
TOTAL FM JUL 1   966    CLOUDY (SCALE 8-10)  1
DPTR FM NORMAL  -790

[CDD (BASE 65) ]
TOTAL THIS MO.    56
DPTR FM NORMAL    28    [PRESSURE DATA]
TOTAL FM JAN 1    94    HIGHEST SLP M ON M
DPTR FM NORMAL    57    LOWEST  SLP 29.93 ON 13

[REMARKS]
