000
CXAK56 PADQ 281128
CF6ADQ

PRELIMINARY LOCAL CLIMATOLOGICAL DATA (WS FORM: F-6)

                                          STATION:   KODIAK
                                          MONTH:     04
                                          YEAR:      2016
                                          LATITUDE:   57 45 N
                                          LONGITUDE: 152 30 W

  TEMPERATURE IN F:       :PCPN:    SNOW:  WIND      :SUNSHINE: SKY     :PK WND
================================================================================
1   2   3   4   5  6A  6B    7     8   9   10  11  12  13   14  15   16  17  18
                                      12Z  AVG MX 2MIN
DY MAX MIN AVG DEP HDD CDD  WTR   SNW DPTH SPD SPD DIR MIN PSBL S-S WX   SPD DR
================================================================================

 1  45  38  42   7  23   0  0.15  0.0   0 14.4 28  140   M    M   M 1     39 130
 2  48  35  42   7  23   0     T  0.0   0  8.8 18  180   M    M   M       22 180
 3  46  39  43   8  22   0  0.05  0.0   0 17.3 28   90   M    M   M 1     34  90
 4  44  38  41   6  24   0  0.83  0.0   0 15.3 29   50   M    M   M 1     35  50
 5  46  35  41   6  24   0  0.13  0.0   0  5.4 16   60   M    M   M 1     18  60
 6  46  34  40   5  25   0  0.09  0.0   0  5.2 17  100   M    M   M 1     20 100
 7  49  33  41   5  24   0  0.17  0.0   0  5.0 14  280   M    M   M 1     18 280
 8  45  29  37   1  28   0  0.15  0.0   0 10.8 24  120   M    M   M 1     29 120
 9  47  42  45   9  20   0  0.76  0.0   0 17.4 28  120   M    M   M 1     35 120
10  47  39  43   7  22   0  0.32  0.0   0  9.2 26  160   M    M   M 1     29 160
11  45  36  41   5  24   0  0.26  0.0   0 16.1 29   50   M    M   M 1     35  60
12  45  41  43   6  22   0  0.51  0.0   0 15.7 29   50   M    M   M 1     36  50
13  50  38  44   7  21   0  0.02  0.0   0  7.6 14  300   M    M   M 1     18 290
14  45  32  39   2  26   0  0.11  0.0   0 10.6 21   90   M    M   M 1     24  80
15  46  39  43   6  22   0  0.35  0.0   0  5.8 13   30   M    M   M 1     15  40
16  48  38  43   5  22   0     T  0.0   0  5.1 15   80   M    M   M       16  90
17  47  37  42   4  23   0  0.02  0.0   0  6.3 12  100   M    M   M 1     13 100
18  47  34  41   3  24   0  0.06  0.0   0 10.3 30  100   M    M   M 1     34 100
19  44  40  42   4  23   0  0.79  0.0   0 24.0 32  110   M    M   M 1     39 100
20  47  42  45   6  20   0  0.31  0.0   0 17.3 30  100   M    M   M 1     34 100
21  47  39  43   4  22   0  0.00  0.0   0  8.6 18   80   M    M   M       22  80
22  49  41  45   6  20   0  0.04  0.0   0 10.2 20   40   M    M   M 18    23  30
23  48  41  45   6  20   0  1.34  0.0   0 15.8 23   30   M    M   M 1     33  10
24  50  42  46   6  19   0  0.13  0.0   0 19.3 29   60   M    M   M 1     35  60
25  48  38  43   3  22   0  0.40  0.0   0 18.2 41   80   M    M   M 1     48  80
26  48  31  40   0  25   0     T  0.0   0  8.7 16  120   M    M   M       21 120
27  46  40  43   3  22   0  0.15  0.0   0 18.6 29   90   M    M   M 1     34  80
================================================================================
SM 1263 1011       612   0  7.14 0.0    327.0           M        M
================================================================================
AV 46.8 37.4                             12.1 FASTST  PSBL  %   M    MAX(MPH)
                                 MISC ---->     41   80                 48  80
================================================================================
NOTES:
# LAST OF SEVERAL OCCURRENCES

COLUMN 17 PEAK WIND IN M.P.H.

PRELIMINARY LOCAL CLIMATOLOGICAL DATA (WS FORM: F-6) , PAGE 2

                                          STATION:   KODIAK
                                          MONTH:     04
                                          YEAR:      2016
                                          LATITUDE:  57 45 N
                                          LONGITUDE: 152 30 W

[TEMPERATURE DATA]      [PRECIPITATION DATA]       SYMBOLS USED IN COLUMN 16

AVERAGE MONTHLY:42.1   TOTAL FOR MONTH: 7.14       1 = FOG
DPTR FM NORMAL:  4.8   DPTR FM NORMAL: 1.89       2 = FOG REDUCING VISIBILITY
HIGHEST:    50 ON 24    GRTST 24HR   1.34 ON 23        TO 1/4 MILE OR LESS
LOWEST:     29 ON  8                               3 = THUNDER
                        SNOW, ICE PELLETS, HAIL    4 = ICE PELLETS
                        TOTAL MONTH: 0.0         5 = HAIL
                        GRTST 24HR   0.0           6 = GLAZE OR RIME
                        GRTST DEPTH:    0          7 = BLOWING DUST OR SAND:
                                                       VSBY 1/2 MILE OR LESS
                                                   8 = SMOKE OR HAZE
[NO. OF DAYS WITH]      [WEATHER - DAYS WITH]      9 = BLOWING SNOW
                                                   X = TORNADO
MAX 32 OR BELOW:   0    0.01 INCH OR MORE:  23
MAX 70 OR ABOVE:   0    0.10 INCH OR MORE:  17
MIN 32 OR BELOW:   3    0.50 INCH OR MORE:   5
MIN  0 OR BELOW:   0    1.00 INCH OR MORE:   1

[HDD (BASE 65) ]
TOTAL THIS MO.   612    CLEAR  (SCALE 0-3)   M
DPTR FM NORMAL  -137    PTCLDY (SCALE 4-7)   M
SEASONAL TOTAL  6339    CLOUDY (SCALE 8-10)  M
DPTR FM NORMAL -1281

[CDD (BASE 65) ]
TOTAL THIS MO.     0
DPTR FM NORMAL     0    [PRESSURE DATA]
SEASONAL TOTAL     0    HIGHEST SLP     M
DPTR FM NORMAL     0    LOWEST  SLP     M

[REMARKS]
