361
CXUS55 KCAE 181400
CF6AGS
PRELIMINARY LOCAL CLIMATOLOGICAL DATA (WS FORM: F-6)

                                          STATION:   AUGUSTA BUSH FIELD GA
                                          MONTH:     DECEMBER
                                          YEAR:      2017
                                          LATITUDE:   33 22 N
                                          LONGITUDE:  81 58 W

  TEMPERATURE IN F:       :PCPN:    SNOW:  WIND      :SUNSHINE: SKY     :PK WND
================================================================================
1   2   3   4   5  6A  6B    7    8   9   10  11  12  13   14  15   16   17  18
                                     12Z  AVG MX 2MIN
DY MAX MIN AVG DEP HDD CDD  WTR  SNW DPTH SPD SPD DIR MIN PSBL S-S WX    SPD DR
================================================================================

 1  73  50  62  11   3   0 0.00  0.0    0  1.7  8  10   M    M   9 128    10  70
 2  71  52  62  12   3   0 0.00  0.0    0  2.7 13  10   M    M   9 128    14 360
 3  67  42  55   5  10   0 0.00  0.0    0  1.2  8  20   M    M   5 128    10  20
 4  71  37  54   4  11   0 0.00  0.0    0  2.2 12  90   M    M   5 128    15 100
 5  78  52  65  15   0   0 0.09  0.0    0  5.1 15 220   M    M   6 1      21 200
 6  64  48  56   7   9   0 0.18  0.0    0  6.4 14 300   M    M   9 1      17 290
 7  49  44  47  -2  18   0 0.29  0.0    0  2.8 12  80   M    M   9 1      14  80
 8  45  40  43  -6  22   0 1.86  0.0    0  6.1 14  60   M    M  10 1      17  10
 9  44  34  39  -9  26   0 0.01  0.0    0  8.6 14 270   M    M   7 1      19 270
10  51  24  38 -10  27   0 0.00  0.0    0  3.8 13 270   M    M   0        15 260
11  63  26  45  -3  20   0 0.00  0.0    0  3.9 12 230   M    M   0        20 150
12  61  40  51   3  14   0 0.00  0.0    0 13.1 28 300   M    M   0        35 300
13  52  28  40  -8  25   0 0.00  0.0    0  6.9 15 300   M    M   0        19 310
14  60  38  49   2  16   0 0.00  0.0    0  5.6 13 230   M    M   0        17 240
15  58  35  47   0  18   0 0.00  0.0    0  5.9 18 310   M    M   0 18     25 270
16  54  23  39  -8  26   0 0.00  0.0    0  1.0  8 330   M    M   0 1      10 310
17  66  26  46  -1  19   0 0.00  0.0    0  0.7  8 250   M    M   4 12     10 160
================================================================================
SM 1027  639       267   0  2.43     0.0  77.7          M       73
================================================================================
AV 60.4 37.6                               4.6 FASTST   M    M   4    MAX(MPH)
                                 MISC ---->  # 28 300               # 35  300
================================================================================
NOTES:
# LAST OF SEVERAL OCCURRENCES

COLUMN 17 PEAK WIND IN M.P.H.

PRELIMINARY LOCAL CLIMATOLOGICAL DATA (WS FORM: F-6) , PAGE 2

                                          STATION:  AUGUSTA BUSH FIELD GA
                                          MONTH:    DECEMBER
                                          YEAR:     2017
                                          LATITUDE:   33 22 N
                                          LONGITUDE:  81 58 W

[TEMPERATURE DATA]      [PRECIPITATION DATA]       SYMBOLS USED IN COLUMN 16

AVERAGE MONTHLY: 49.0   TOTAL FOR MONTH:   2.43    1 = FOG OR MIST
DPTR FM NORMAL:   0.4   DPTR FM NORMAL:    0.64    2 = FOG REDUCING VISIBILITY
HIGHEST:    78 ON  5    GRTST 24HR  1.86 ON  8- 8      TO 1/4 MILE OR LESS
LOWEST:     23 ON 16                               3 = THUNDER
                        SNOW, ICE PELLETS, HAIL    4 = ICE PELLETS
                        TOTAL MONTH:   0.0 INCH    5 = HAIL
                        GRTST 24HR     0.0         6 = FREEZING RAIN OR DRIZZLE
                        GRTST DEPTH:   0           7 = DUSTSTORM OR SANDSTORM:
                                                       VSBY 1/2 MILE OR LESS
                                                   8 = SMOKE OR HAZE
[NO. OF DAYS WITH]      [WEATHER - DAYS WITH]      9 = BLOWING SNOW
                                                   X = TORNADO
MAX 32 OR BELOW:   0    0.01 INCH OR MORE:   5
MAX 90 OR ABOVE:   0    0.10 INCH OR MORE:   3
MIN 32 OR BELOW:   5    0.50 INCH OR MORE:   1
MIN  0 OR BELOW:   0    1.00 INCH OR MORE:   1

[HDD (BASE 65) ]
TOTAL THIS MO.   267    CLEAR  (SCALE 0-3)   7
DPTR FM NORMAL   -15    PTCLDY (SCALE 4-7)   5
TOTAL FM JUL 1   632    CLOUDY (SCALE 8-10)  5
DPTR FM NORMAL   -72

[CDD (BASE 65) ]
TOTAL THIS MO.     0
DPTR FM NORMAL     0    [PRESSURE DATA]
TOTAL FM JAN 1  2703    HIGHEST SLP M ON M
DPTR FM NORMAL   617    LOWEST  SLP 29.70 ON 12

[REMARKS]
