000
CXUS55 KCAE 301400
CF6AGS
PRELIMINARY LOCAL CLIMATOLOGICAL DATA (WS FORM: F-6)

                                          STATION:   AUGUSTA BUSH FIELD GA
                                          MONTH:     AUGUST
                                          YEAR:      2015
                                          LATITUDE:   33 22 N
                                          LONGITUDE:  81 58 W

  TEMPERATURE IN F:       :PCPN:    SNOW:  WIND      :SUNSHINE: SKY     :PK WND
================================================================================
1   2   3   4   5  6A  6B    7    8   9   10  11  12  13   14  15   16   17  18
                                     12Z  AVG MX 2MIN
DY MAX MIN AVG DEP HDD CDD  WTR  SNW DPTH SPD SPD DIR MIN PSBL S-S WX    SPD DR
================================================================================

 1  94  72  83   1   0  18 0.00  0.0    0  4.0 17 150   M    M   2 1      23 150
 2  95  72  84   2   0  19    T  0.0    0  4.5 20 360   M    M   3 1238   25  30
 3  93  71  82   0   0  17 0.00  0.0    0  4.2 17 140   M    M   4 1      24 170
 4 100  70  85   3   0  20 0.00  0.0    0  4.1 15 170   M    M   1 13     20 170
 5  99  72  86   4   0  21 0.00  0.0    0  4.0 20 250   M    M   0        23 230
 6  94  72  83   2   0  18 0.44  0.0    0  6.8 38 200   M    M   4 138    50 200
 7  91  73  82   1   0  17 0.09  0.0    0  7.7 18 280   M    M   7 1      24 290
 8  93  72  83   2   0  18    T  0.0    0  3.4 12  50   M    M   3        17  30
 9  93  68  81   0   0  16    T  0.0    0  2.6 16 160   M    M   3 1      20 180
10  88  71  80  -1   0  15 0.68  0.0    0  4.7 14 160   M    M   5 1      16 170
11  94  74  84   3   0  19 0.87  0.0    0  6.5 25 200   M    M   3 13     33 190
12  93  71  82   1   0  17 0.00  0.0    0  3.6 12  20   M    M   2 1      15  10
13  92  69  81   0   0  16 0.18  0.0    0  3.8 14 290   M    M   3 18     17 290
14  92  67  80  -1   0  15 0.00  0.0    0  2.3 13 140   M    M   1 1      16 100
15  93  64  79  -2   0  14 0.00  0.0    0  2.1 12 150   M    M   1        16 150
16  92  66  79  -2   0  14 0.00  0.0    0  3.3 13 190   M    M   1        16 200
17  89  68  79  -2   0  14 0.08  0.0    0  1.9 16 140   M    M   5 1      20 130
18  90  74  82   1   0  17 0.07  0.0    0  2.9 13 250   M    M   6 13     17 240
19  91  71  81   1   0  16 0.21  0.0    0  2.3 23 340   M    M   4 138    28 330
20  92  73  83   3   0  18 0.21  0.0    0  5.3 21 290   M    M   4 13     26 280
21  92  72  82   2   0  17    T  0.0    0  2.3 10 330   M    M   1 1      13 350
22  91  72  82   2   0  17 0.02  0.0    0  2.4 14 330   M    M   2 13     15 330
23  86  70  78  -2   0  13 0.19  0.0    0  3.1 29 240   M    M   4 138    37 240
24  90  71  81   1   0  16 0.00  0.0    0  2.5  9 310   M    M   6 1      11 320
25  93  67  80   0   0  15 0.00  0.0    0  3.2 12 270   M    M   0 1      21 270
26  91  63  77  -3   0  12 0.00  0.0    0  2.9 10 350   M    M   2 1      14 340
27  88  68  78  -1   0  13 0.00  0.0    0  5.7 15  60   M    M   4        19  60
28  88  69  79   0   0  14 0.00  0.0    0  3.8 12 100   M    M   4 1      17  80
29  87  65  76  -3   0  11 0.00  0.0    0  3.7 12 100   M    M   0 1      17  80
================================================================================
SM 2664 2027         0 467  3.04     0.0 109.6          M       85
================================================================================
AV 91.9 69.9                               3.8 FASTST   M    M   3    MAX(MPH)
                                 MISC ---->  # 38 200               # 50  200
================================================================================
NOTES:
# LAST OF SEVERAL OCCURRENCES

COLUMN 17 PEAK WIND IN M.P.H.

PRELIMINARY LOCAL CLIMATOLOGICAL DATA (WS FORM: F-6) , PAGE 2

                                          STATION:  AUGUSTA BUSH FIELD GA
                                          MONTH:    AUGUST
                                          YEAR:     2015
                                          LATITUDE:   33 22 N
                                          LONGITUDE:  81 58 W

[TEMPERATURE DATA]      [PRECIPITATION DATA]       SYMBOLS USED IN COLUMN 16

AVERAGE MONTHLY: 80.9   TOTAL FOR MONTH:   3.04    1 = FOG OR MIST
DPTR FM NORMAL:   0.2   DPTR FM NORMAL:   -1.04    2 = FOG REDUCING VISIBILITY
HIGHEST:   100 ON  4    GRTST 24HR  0.87 ON 11-11      TO 1/4 MILE OR LESS
LOWEST:     63 ON 26                               3 = THUNDER
                        SNOW, ICE PELLETS, HAIL    4 = ICE PELLETS
                        TOTAL MONTH:   0.0 INCH    5 = HAIL
                        GRTST 24HR     0.0         6 = FREEZING RAIN OR DRIZZLE
                        GRTST DEPTH:   0           7 = DUSTSTORM OR SANDSTORM:
                                                       VSBY 1/2 MILE OR LESS
                                                   8 = SMOKE OR HAZE
[NO. OF DAYS WITH]      [WEATHER - DAYS WITH]      9 = BLOWING SNOW
                                                   X = TORNADO
MAX 32 OR BELOW:   0    0.01 INCH OR MORE:  11
MAX 90 OR ABOVE:  23    0.10 INCH OR MORE:   7
MIN 32 OR BELOW:   0    0.50 INCH OR MORE:   2
MIN  0 OR BELOW:   0    1.00 INCH OR MORE:   0

[HDD (BASE 65) ]
TOTAL THIS MO.     0    CLEAR  (SCALE 0-3)  14
DPTR FM NORMAL     0    PTCLDY (SCALE 4-7)  15
TOTAL FM JUL 1     0    CLOUDY (SCALE 8-10)  0
DPTR FM NORMAL     0

[CDD (BASE 65) ]
TOTAL THIS MO.   467
DPTR FM NORMAL    13    [PRESSURE DATA]
TOTAL FM JAN 1  1889    HIGHEST SLP M ON M
DPTR FM NORMAL   229    LOWEST  SLP 29.75 ON  7

[REMARKS]
