000
CXAK56 PAJK 231245
CF6AJN
PRELIMINARY LOCAL CLIMATOLOGICAL DATA (WS FORM: F-6)

                                          STATION:   JUNEAU
                                          MONTH:     MAY
                                          YEAR:      2016
                                          LATITUDE:   58 22 N
                                          LONGITUDE: 134 35 W

  TEMPERATURE IN F:       :PCPN:    SNOW:  WIND      :SUNSHINE: SKY     :PK WND
================================================================================
1   2   3   4   5  6A  6B    7    8   9   10  11  12  13   14  15   16   17  18
                                     12Z  AVG MX 2MIN
DY MAX MIN AVG DEP HDD CDD  WTR  SNW DPTH SPD SPD DIR MIN PSBL S-S WX    SPD DR
================================================================================

 1  47  44  46   1  19   0 0.88  0.0    0  8.1 24 120   M    M  10 1      30 120
 2  53  43  48   3  17   0 1.00  0.0    0  8.7 30 130   M    M  10 1      36 130
 3  55  41  48   3  17   0 0.00  0.0    0  5.3 14 270   M    M   8 1      19 270
 4  48  40  44  -2  21   0 0.15  0.0    0  7.9 21 120   M    M   8 1      23 120
 5  46  41  44  -2  21   0 0.89  0.0    0 12.4 26 100   M    M  10 1      35 120
 6  49  45  47   1  18   0 1.56  0.0    0 17.3 29 120   M    M  10 1      39 120
 7  48  44  46   0  19   0 0.36  0.0    0  6.6 22 130   M    M   9 1      26 130
 8  58  42  50   4  15   0    T  0.0    0  4.9 14 270   M    M   9        17 240
 9  52  45  49   2  16   0 0.04  0.0    0  2.5 10 280   M    M  10 1      13 260
10  57  40  49   2  16   0 0.02  0.0    0  4.8 15 230   M    M   6 1      20 260
11  73  37  55   8  10   0 0.00  0.0    0  3.9 16 100   M    M   0        19 100
12  74  38  56   8   9   0 0.00  0.0    0  4.6 23 100   M    M   2        29 100
13  79  39  59  11   6   0 0.00  0.0    0  5.0 22  80   M    M   2        29  90
14  77  41  59  11   6   0 0.00  0.0    0  4.2 13 230   M    M   1        17 130
15  75  40  58  10   7   0 0.01  0.0    0  7.6 21 120   M    M   6        27 130
16  56  48  52   3  13   0 0.23  0.0    0 16.0 24 100   M    M  10 1      36 110
17  54  47  51   2  14   0 0.23  0.0    0 17.3 32 120   M    M  10        42 110
18  59  40  50   1  15   0 0.05  0.0    0  8.3 20 110   M    M   9        25 100
19  67  38  53   4  12   0 0.00  0.0    0  5.8 15 250   M    M   1 1      17 240
20  68  41  55   5  10   0 0.00  0.0    0  4.8 13 280   M    M   6        15 300
21  69  43  56   6   9   0 0.00  0.0    0  7.0 14 280   M    M   3        18 280
22  58  48  53   3  12   0 0.00  0.0    0  6.8 13 290   M    M   9        19 320
================================================================================
SM 1322  925       302   0  5.42     0.0 169.8          M      149
================================================================================
AV 60.1 42.0                               7.7 FASTST   M    M   7    MAX(MPH)
                                 MISC ---->  # 32 120               # 42  110
================================================================================
NOTES:
# LAST OF SEVERAL OCCURRENCES

COLUMN 17 PEAK WIND IN M.P.H.

PRELIMINARY LOCAL CLIMATOLOGICAL DATA (WS FORM: F-6) , PAGE 2

                                          STATION:  JUNEAU
                                          MONTH:    MAY
                                          YEAR:     2016
                                          LATITUDE:   58 22 N
                                          LONGITUDE: 134 35 W

[TEMPERATURE DATA]      [PRECIPITATION DATA]       SYMBOLS USED IN COLUMN 16

AVERAGE MONTHLY: 51.1   TOTAL FOR MONTH:   5.42    1 = FOG OR MIST
DPTR FM NORMAL:   3.6   DPTR FM NORMAL:    3.03    2 = FOG REDUCING VISIBILITY
HIGHEST:    79 ON 13    GRTST 24HR  1.87 ON  5- 6      TO 1/4 MILE OR LESS
LOWEST:     37 ON 11                               3 = THUNDER
                        SNOW, ICE PELLETS, HAIL    4 = ICE PELLETS
                        TOTAL MONTH:   0.0 INCH    5 = HAIL
                        GRTST 24HR     0.0         6 = FREEZING RAIN OR DRIZZLE
                        GRTST DEPTH:   0           7 = DUSTSTORM OR SANDSTORM:
                                                       VSBY 1/2 MILE OR LESS
                                                   8 = SMOKE OR HAZE
[NO. OF DAYS WITH]      [WEATHER - DAYS WITH]      9 = BLOWING SNOW
                                                   X = TORNADO
MAX 32 OR BELOW:   0    0.01 INCH OR MORE:  12
MAX 90 OR ABOVE:   0    0.10 INCH OR MORE:   8
MIN 32 OR BELOW:   0    0.50 INCH OR MORE:   4
MIN  0 OR BELOW:   0    1.00 INCH OR MORE:   2

[HDD (BASE 65) ]
TOTAL THIS MO.   302    CLEAR  (SCALE 0-3)   5
DPTR FM NORMAL   -84    PTCLDY (SCALE 4-7)   4
TOTAL FM JUL 1  6831    CLOUDY (SCALE 8-10) 13
DPTR FM NORMAL -1083

[CDD (BASE 65) ]
TOTAL THIS MO.     0
DPTR FM NORMAL     0    [PRESSURE DATA]
TOTAL FM JAN 1     0    HIGHEST SLP M ON M
DPTR FM NORMAL     0    LOWEST  SLP 29.66 ON  1

[REMARKS]
