000
CXAK56 PAJK 311245
CF6AJN
PRELIMINARY LOCAL CLIMATOLOGICAL DATA (WS FORM: F-6)

                                          STATION:   JUNEAU
                                          MONTH:     AUGUST
                                          YEAR:      2015
                                          LATITUDE:   58 22 N
                                          LONGITUDE: 134 35 W

  TEMPERATURE IN F:       :PCPN:    SNOW:  WIND      :SUNSHINE: SKY     :PK WND
================================================================================
1   2   3   4   5  6A  6B    7    8   9   10  11  12  13   14  15   16   17  18
                                     12Z  AVG MX 2MIN
DY MAX MIN AVG DEP HDD CDD  WTR  SNW DPTH SPD SPD DIR MIN PSBL S-S WX    SPD DR
================================================================================

 1  65  52  59   1   6   0 0.03  0.0    0  4.2 10 120   M    M   9 1      12 120
 2  66  51  59   1   6   0    T  0.0    0  5.4 17 240   M    M   8        19 230
 3  80  50  65   7   0   0    T  0.0    0  4.0 13  40   M    M   6        17  40
 4  78  49  64   6   1   0 0.00  0.0    0  8.1 20  90   M    M   7        26  60
 5  73  58  66   9   0   1 0.00  0.0    0  9.7 21  90   M    M   8        24  90
 6  61  54  58   1   7   0 0.06  0.0    0 10.9 18  90   M    M  10 1      21  80
 7  70  52  61   4   4   0 0.01  0.0    0  5.5 15 240   M    M   6 1      16 240
 8  73  54  64   7   1   0 0.00  0.0    0  7.1 15 240   M    M   4        17 230
 9  73  50  62   5   3   0 0.00  0.0    0  5.2 15 280   M    M   6 1      18 280
10  60  55  58   1   7   0 0.20  0.0    0 12.7 22 120   M    M  10 1      27 110
11  59  55  57   0   8   0 0.38  0.0    0 12.2 18 130   M    M  10 1      24 110
12  57  51  54  -3  11   0 1.00  0.0    0  5.4 15 110   M    M   9 1      20 110
13  67  45  56  -1   9   0 0.00  0.0    0  4.2 12 280   M    M   5        14 270
14  68  43  56   0   9   0 0.00  0.0    0  4.5 15 240   M    M   5 1      17 240
15  74  43  59   3   6   0 0.00  0.0    0  3.0  9  60   M    M   4        13 240
16  58  53  56   0   9   0 0.08  0.0    0  9.5 21 130   M    M  10 1      26 130
17  59  54  57   1   8   0 0.32  0.0    0 12.9 23 120   M    M  10 1      29 110
18  65  57  61   5   4   0 1.05  0.0    0 11.7 22 120   M    M   9 1      31 110
19  60  54  57   1   8   0 0.26  0.0    0  9.3 15  80   M    M  10 1      17  90
20  64  47  56   1   9   0 0.23  0.0    0  4.2 12 280   M    M   7 2      15 280
21  67  43  55   0  10   0 0.06  0.0    0  9.1 23 130   M    M   7 12     29 130
22  59  52  56   1   9   0 1.03  0.0    0 22.6 36 120   M    M  10 1      48 110
23  54  51  53  -2  12   0 0.69  0.0    0 17.3 29 120   M    M  10 1      35 120
24  62  46  54  -1  11   0 0.11  0.0    0  5.9 14 240   M    M   8        17  90
25  67  41  54   0  11   0 0.00  0.0    0  3.6 13 240   M    M   2        15 240
26  71  41  56   2   9   0 0.05  0.0    0  2.4 12 310   M    M   5        14 320
27  54  52  53  -1  12   0 1.03  0.0    0 17.0 35 120   M    M  10        43 120
28  54  50  52  -2  13   0 0.48  0.0    0  4.3 22 110   M    M   9 1      27 120
29  52  48  50  -4  15   0 0.04  0.0    0  2.8 13 100   M    M  10        14 110
30  51  46  49  -4  16   0 1.04  0.0    0  7.4 24 110   M    M  10 1      30 100
================================================================================
SM 1921 1497       234   1  8.15     0.0 242.1          M      234
================================================================================
AV 64.0 49.9                               8.1 FASTST   M    M   8    MAX(MPH)
                                 MISC ---->  # 36 120               # 48  110
================================================================================
NOTES:
# LAST OF SEVERAL OCCURRENCES

COLUMN 17 PEAK WIND IN M.P.H.

PRELIMINARY LOCAL CLIMATOLOGICAL DATA (WS FORM: F-6) , PAGE 2

                                          STATION:  JUNEAU
                                          MONTH:    AUGUST
                                          YEAR:     2015
                                          LATITUDE:   58 22 N
                                          LONGITUDE: 134 35 W

[TEMPERATURE DATA]      [PRECIPITATION DATA]       SYMBOLS USED IN COLUMN 16

AVERAGE MONTHLY: 57.0   TOTAL FOR MONTH:   8.15    1 = FOG OR MIST
DPTR FM NORMAL:   1.0   DPTR FM NORMAL:    2.66    2 = FOG REDUCING VISIBILITY
HIGHEST:    80 ON  3    GRTST 24HR  1.09 ON 17-18      TO 1/4 MILE OR LESS
LOWEST:     41 ON 26,25                            3 = THUNDER
                        SNOW, ICE PELLETS, HAIL    4 = ICE PELLETS
                        TOTAL MONTH:   0.0 INCH    5 = HAIL
                        GRTST 24HR     0.0         6 = FREEZING RAIN OR DRIZZLE
                        GRTST DEPTH:   0           7 = DUSTSTORM OR SANDSTORM:
                                                       VSBY 1/2 MILE OR LESS
                                                   8 = SMOKE OR HAZE
[NO. OF DAYS WITH]      [WEATHER - DAYS WITH]      9 = BLOWING SNOW
                                                   X = TORNADO
MAX 32 OR BELOW:   0    0.01 INCH OR MORE:  20
MAX 90 OR ABOVE:   0    0.10 INCH OR MORE:  13
MIN 32 OR BELOW:   0    0.50 INCH OR MORE:   6
MIN  0 OR BELOW:   0    1.00 INCH OR MORE:   5

[HDD (BASE 65) ]
TOTAL THIS MO.   234    CLEAR  (SCALE 0-3)   1
DPTR FM NORMAL   -39    PTCLDY (SCALE 4-7)  12
TOTAL FM JUL 1   462    CLOUDY (SCALE 8-10) 17
DPTR FM NORMAL   -62

[CDD (BASE 65) ]
TOTAL THIS MO.     1
DPTR FM NORMAL     1    [PRESSURE DATA]
TOTAL FM JAN 1     8    HIGHEST SLP M ON M
DPTR FM NORMAL     6    LOWEST  SLP 29.01 ON 30

[REMARKS]
