000
CXAK56 PAJK 011245
CF6AJN
PRELIMINARY LOCAL CLIMATOLOGICAL DATA (WS FORM: F-6)

                                          STATION:   JUNEAU
                                          MONTH:     FEBRUARY
                                          YEAR:      2015
                                          LATITUDE:   58 22 N
                                          LONGITUDE: 134 35 W

  TEMPERATURE IN F:       :PCPN:    SNOW:  WIND      :SUNSHINE: SKY     :PK WND
================================================================================
1   2   3   4   5  6A  6B    7    8   9   10  11  12  13   14  15   16   17  18
                                     12Z  AVG MX 2MIN
DY MAX MIN AVG DEP HDD CDD  WTR  SNW DPTH SPD SPD DIR MIN PSBL S-S WX    SPD DR
================================================================================

 1  35  19  27  -2  38   0 0.00  0.0    2 12.4 26  90   M    M   2        36  80
 2  31  25  28  -1  37   0 0.00  0.0    2 12.5 28 110   M    M   1        35 110
 3  30  15  23  -6  42   0 0.00  0.0    2  1.5  9  70   M    M   7        12  60
 4  32  16  24  -5  41   0 0.00  0.0    2  0.9  5 280   M    M   2         6  70
 5  31  14  23  -6  42   0 0.00  0.0    1 21.9 37  90   M    M   4        52  90
 6  17   8  13 -16  52   0    T    T    1 19.6 33  80   M    M  10 9      46  80
 7  12   6   9 -21  56   0 0.15  4.0    1  5.7 14  70   M    M   9 1      17  70
 8  22  12  17 -13  48   0 0.17  3.6    6  1.9  8 290   M    M  10 1       9 290
 9  28  21  25  -5  40   0    T  0.2    7  0.7  6 280   M    M  10 1       7  50
10  34  17  26  -4  39   0    T  0.1    6  2.7 24 140   M    M   9 12     29 140
11  36  31  34   4  31   0 0.40  2.4    5 10.4 25 130   M    M  10 1      31 130
12  39  33  36   6  29   0 0.30  0.0    2  2.1 16  90   M    M  10 1      21  70
13  46  36  41  11  24   0 0.62  0.0    2 15.0 37 120   M    M  10 1      47 120
14  44  37  41  11  24   0 0.09  0.0    0 10.4 18 130   M    M  10 1      24 130
15  41  35  38   8  27   0    T  0.0    0  5.2 13  60   M    M   9        16  70
16  41  34  38   8  27   0 0.07  0.0    0  4.2 20 120   M    M  10 1      23 100
17  44  34  39   9  26   0 0.40  0.0    0  6.8 17 100   M    M  10 12     19 100
18  44  33  39   9  26   0 0.04  0.0    0  4.4 20 120   M    M   9 12     24 120
19  42  37  40  10  25   0 0.31  0.0    0  8.1 13  90   M    M  10 1      17 100
20  44  29  37   6  28   0    T  0.0    0  2.3 12 240   M    M   7 12     13 230
21  41  29  35   4  30   0 0.04    M    0  7.4 24 100   M    M  10 12     27 110
22  44  40  42  11  23   0 0.53  0.0    0 15.0 21 100   M    M  10 1      26 120
23  46  39  43  12  22   0 0.47  0.0    0 13.0 25 110   M    M  10 1      29 110
24  43  34  39   8  26   0 0.03  0.0    0  5.7 13 100   M    M   9 1      15 110
25  40  33  37   6  28   0    T  0.0    0  2.2  8 230   M    M  10 12      9  80
26  47  26  37   6  28   0 0.00  0.0    0  4.0 21  90   M    M   3 12     27 100
27  43  23  33   2  32   0 0.00  0.0    0  2.5 10 240   M    M   1        12 240
28  46  25  36   5  29   0 0.00  0.0    0  3.7 13  80   M    M   6        16  80
================================================================================
SM 1043  741       920   0  3.62    10.3 202.2          M      218
================================================================================
AV 37.2 26.5                               7.2 FASTST   M    M   8    MAX(MPH)
                                 MISC ---->  # 37  90               # 52   90
================================================================================
NOTES:
# LAST OF SEVERAL OCCURRENCES

COLUMN 17 PEAK WIND IN M.P.H.

PRELIMINARY LOCAL CLIMATOLOGICAL DATA (WS FORM: F-6) , PAGE 2

                                          STATION:  JUNEAU
                                          MONTH:    FEBRUARY
                                          YEAR:     2015
                                          LATITUDE:   58 22 N
                                          LONGITUDE: 134 35 W

[TEMPERATURE DATA]      [PRECIPITATION DATA]       SYMBOLS USED IN COLUMN 16

AVERAGE MONTHLY: 31.9   TOTAL FOR MONTH:   3.62    1 = FOG OR MIST
DPTR FM NORMAL:   1.8   DPTR FM NORMAL:   -0.51    2 = FOG REDUCING VISIBILITY
HIGHEST:    47 ON 26    GRTST 24HR  0.70 ON 12-13      TO 1/4 MILE OR LESS
LOWEST:      6 ON  7                               3 = THUNDER
                        SNOW, ICE PELLETS, HAIL    4 = ICE PELLETS
                        TOTAL MONTH:  10.3 INCHES  5 = HAIL
                        GRTST 24HR   4.0 ON  7- 7  6 = FREEZING RAIN OR DRIZZLE
                        GRTST DEPTH:   7 ON  9     7 = DUSTSTORM OR SANDSTORM:
                                                       VSBY 1/2 MILE OR LESS
                                                   8 = SMOKE OR HAZE
[NO. OF DAYS WITH]      [WEATHER - DAYS WITH]      9 = BLOWING SNOW
                                                   X = TORNADO
MAX 32 OR BELOW:   8    0.01 INCH OR MORE:  14
MAX 90 OR ABOVE:   0    0.10 INCH OR MORE:   9
MIN 32 OR BELOW:  16    0.50 INCH OR MORE:   2
MIN  0 OR BELOW:   0    1.00 INCH OR MORE:   0

[HDD (BASE 65) ]
TOTAL THIS MO.   920    CLEAR  (SCALE 0-3)   4
DPTR FM NORMAL   -57    PTCLDY (SCALE 4-7)   5
TOTAL FM JUL 1  5221    CLOUDY (SCALE 8-10) 19
DPTR FM NORMAL  -616

[CDD (BASE 65) ]
TOTAL THIS MO.     0
DPTR FM NORMAL     0    [PRESSURE DATA]
TOTAL FM JAN 1     0    HIGHEST SLP 30.53 ON 15
DPTR FM NORMAL     0    LOWEST  SLP 29.11 ON  6

[REMARKS]
#FINAL-02-15#
