000
CXAK56 PAJK 201245
CF6AJN
PRELIMINARY LOCAL CLIMATOLOGICAL DATA (WS FORM: F-6)

                                          STATION:   JUNEAU
                                          MONTH:     SEPTEMBER
                                          YEAR:      2014
                                          LATITUDE:   58 22 N
                                          LONGITUDE: 134 35 W

  TEMPERATURE IN F:       :PCPN:    SNOW:  WIND      :SUNSHINE: SKY     :PK WND
================================================================================
1   2   3   4   5  6A  6B    7    8   9   10  11  12  13   14  15   16   17  18
                                     12Z  AVG MX 2MIN
DY MAX MIN AVG DEP HDD CDD  WTR  SNW DPTH SPD SPD DIR MIN PSBL S-S WX    SPD DR
================================================================================

 1  56  45  51  -2  14   0 0.77  0.0    0  6.3 16 100   M    M   9 12     18  80
 2  60  42  51  -2  14   0 0.05  0.0    0  4.4 13  90   M    M   8 12     24 210
 3  54  51  53   1  12   0 0.23  0.0    0  9.4 15  80   M    M  10 1      20  90
 4  58  52  55   3  10   0 0.61  0.0    0 10.6 22 110   M    M  10 1      29 120
 5  60  54  57   5   8   0 0.15  0.0    0 11.0 18 120   M    M  10 1      24 130
 6  56  52  54   2  11   0 0.58  0.0    0 16.3 28 120   M    M  10 1      35 120
 7  59  42  51  -1  14   0 0.44  0.0    0  4.6 13 100   M    M   9 1      17 110
 8  58  37  48  -4  17   0 0.00  0.0    0  5.8 16 130   M    M   5 12     20 130
 9  58  35  47  -4  18   0    T  0.0    0  3.1 14 240   M    M   6        15 240
10  59  40  50  -1  15   0 0.12  0.0    0  6.2 18 130   M    M  10 1      25 120
11  54  49  52   1  13   0 0.40  0.0    0 10.3 18 110   M    M  10 1      21 110
12  57  49  53   2  12   0 0.04  0.0    0  3.9 13  90   M    M  10 1      16  90
13  63  49  56   6   9   0    T  0.0    0  2.1  8 310   M    M   9 1      11 300
14  59  45  52   2  13   0 0.00  0.0    0  3.1 10 250   M    M   7 12     12 260
15  62  46  54   4  11   0 0.02  0.0    0  5.2 17 100   M    M   8 12     20 100
16  59  49  54   4  11   0 0.09  0.0    0  5.0 10  70   M    M   9 1      12 110
17  60  47  54   4  11   0    T  0.0    0  5.2 14  80   M    M   9 12     16  80
18  56  50  53   3  12   0 0.29  0.0    0 14.6 31 110   M    M  10 1      40 120
19  58  52  55   6  10   0 0.62  0.0    0 13.2 33 120   M    M  10 1      43 120
================================================================================
SM 1106  886       235   0  4.41     0.0 140.3          M      169
================================================================================
AV 58.2 46.6                               7.4 FASTST   M    M   9    MAX(MPH)
                                 MISC ---->  # 33 120               # 43  120
================================================================================
NOTES:
# LAST OF SEVERAL OCCURRENCES

COLUMN 17 PEAK WIND IN M.P.H.

PRELIMINARY LOCAL CLIMATOLOGICAL DATA (WS FORM: F-6) , PAGE 2

                                          STATION:  JUNEAU
                                          MONTH:    SEPTEMBER
                                          YEAR:     2014
                                          LATITUDE:   58 22 N
                                          LONGITUDE: 134 35 W

[TEMPERATURE DATA]      [PRECIPITATION DATA]       SYMBOLS USED IN COLUMN 16

AVERAGE MONTHLY: 52.4   TOTAL FOR MONTH:   4.41    1 = FOG OR MIST
DPTR FM NORMAL:   1.3   DPTR FM NORMAL:   -0.86    2 = FOG REDUCING VISIBILITY
HIGHEST:    63 ON 13    GRTST 24HR  1.08 ON 31- 1      TO 1/4 MILE OR LESS
LOWEST:     35 ON  9                               3 = THUNDER
                        SNOW, ICE PELLETS, HAIL    4 = ICE PELLETS
                        TOTAL MONTH:   0.0 INCH    5 = HAIL
                        GRTST 24HR     0.0         6 = FREEZING RAIN OR DRIZZLE
                        GRTST DEPTH:   0           7 = DUSTSTORM OR SANDSTORM:
                                                       VSBY 1/2 MILE OR LESS
                                                   8 = SMOKE OR HAZE
[NO. OF DAYS WITH]      [WEATHER - DAYS WITH]      9 = BLOWING SNOW
                                                   X = TORNADO
MAX 32 OR BELOW:   0    0.01 INCH OR MORE:  14
MAX 90 OR ABOVE:   0    0.10 INCH OR MORE:  10
MIN 32 OR BELOW:   0    0.50 INCH OR MORE:   4
MIN  0 OR BELOW:   0    1.00 INCH OR MORE:   0

[HDD (BASE 65) ]
TOTAL THIS MO.   235    CLEAR  (SCALE 0-3)   0
DPTR FM NORMAL   -28    PTCLDY (SCALE 4-7)   3
TOTAL FM JUL 1   711    CLOUDY (SCALE 8-10) 16
DPTR FM NORMAL   -87

[CDD (BASE 65) ]
TOTAL THIS MO.     0
DPTR FM NORMAL     0    [PRESSURE DATA]
TOTAL FM JAN 1     0    HIGHEST SLP M ON M
DPTR FM NORMAL    -2    LOWEST  SLP 29.16 ON 18

[REMARKS]
