000
CXUS55 KBOU 270802
CF6AKO
PRELIMINARY LOCAL CLIMATOLOGICAL DATA (WS FORM: F-6)

                                          STATION:   AKRON CO
                                          MONTH:     SEPTEMBER
                                          YEAR:      2016
                                          LATITUDE:   40 10 N
                                          LONGITUDE: 103 13 W

  TEMPERATURE IN F:       :PCPN:    SNOW:  WIND      :SUNSHINE: SKY     :PK WND
================================================================================
1   2   3   4   5  6A  6B    7    8   9   10  11  12  13   14  15   16   17  18
                                     12Z  AVG MX 2MIN
DY MAX MIN AVG DEP HDD CDD  WTR  SNW DPTH SPD SPD DIR MIN PSBL S-S WX    SPD DR
================================================================================

 1  78  59  69   0   0   4 0.00    M    M 16.7 25 150   M    M   6        32 150
 2  83  58  71   2   0   6 0.37    M    M 15.7 26 180   M    M   5 3      32 180
 3  88  58  73   5   0   8 0.38    M    M 11.0 37  10   M    M   2 13     42 360
 4  85  56  71   3   0   6 0.00    M    M  8.5 26 350   M    M   4 13     33 350
 5  85  49  67  -1   0   2 0.00    M    M 10.1 22  80   M    M   0 1      27  80
 6  77  56  67   0   0   2    T    M    M 11.5 26 120   M    M   7 1      33 120
 7  86  60  73   6   0   8 0.00    M    M  8.2 15 320   M    M   4 12     19 310
 8  85  58  72   6   0   7    T    M    M  9.6 18 150   M    M   3 123    24 150
 9  72  42  57  -9   8   0 0.00    M    M 15.0 33  10   M    M   1        43  20
10  80  40  60  -6   5   0 0.00    M    M 11.7 22 190   M    M   0        30 180
11  92  52  72   7   0   7 0.00    M    M 10.9 20 290   M    M   0        25 290
12  69  51  60  -5   5   0    T    M    M 15.6 29  10   M    M   1        35  10
13  58  45  52 -12  13   0 0.00    M    M 11.3 18 140   M    M   8        23  70
14  72  50  61  -3   4   0 0.00    M    M 17.0 30 150   M    M   5 1      36 160
15  80  47  64   1   1   0 0.56    M    M 10.8 30  10   M    M   5 123    38 360
16  74  43  59  -4   6   0    T    M    M  7.9 15 340   M    M   1        18 350
17  79  51  65   3   0   0 0.00    M    M 12.6 24 310   M    M   1 3      33 310
18  87  51  69   7   0   4 0.00    M    M 11.7 22 280   M    M   0        29 280
19  90  56  73  11   0   8 0.00    M    M  9.4 22 140   M    M   0        26 150
20  91  57  74  13   0   9 0.00    M    M  8.4 17 170   M    M   0        23 180
21  86  57  72  12   0   7 0.00    M    M  8.1 17 250   M    M   0        21 250
22  71  54  63   3   2   0 0.00    M    M 11.1 21 110   M    M   5 12     25 110
23  91  48  70  10   0   5 0.06    M    M 20.4 37 170   M    M   3 3      48 170
24  72  37  55  -4  10   0 0.00    M    M 11.5 31 340   M    M   1        38 340
25  68  41  55  -4  10   0 0.00    M    M 12.0 24 350   M    M   1        31  10
26  76  42  59   1   6   0 0.00    M    M  8.6 18 270   M    M   0        22 270
================================================================================
SM 2075 1318        70  83  1.37    M    305.3          M       63
================================================================================
AV 79.8 50.7                              11.7 FASTST   M    M   2    MAX(MPH)
                                 MISC ---->  # 37  10               # 48  170
================================================================================
NOTES:
# LAST OF SEVERAL OCCURRENCES

COLUMN 17 PEAK WIND IN M.P.H.

PRELIMINARY LOCAL CLIMATOLOGICAL DATA (WS FORM: F-6) , PAGE 2

                                          STATION:  AKRON CO
                                          MONTH:    SEPTEMBER
                                          YEAR:     2016
                                          LATITUDE:   40 10 N
                                          LONGITUDE: 103 13 W

[TEMPERATURE DATA]      [PRECIPITATION DATA]       SYMBOLS USED IN COLUMN 16

AVERAGE MONTHLY: 65.2   TOTAL FOR MONTH:   1.37    1 = FOG OR MIST
DPTR FM NORMAL:   1.4   DPTR FM NORMAL:    0.36    2 = FOG REDUCING VISIBILITY
HIGHEST:    92 ON 11    GRTST 24HR  0.56 ON 15-15      TO 1/4 MILE OR LESS
LOWEST:     37 ON 24                               3 = THUNDER
                        SNOW, ICE PELLETS, HAIL    4 = ICE PELLETS
                        TOTAL MONTH:    M          5 = HAIL
                        GRTST 24HR    M  ON   M    6 = FREEZING RAIN OR DRIZZLE
                        GRTST DEPTH:  M  ON   M    7 = DUSTSTORM OR SANDSTORM:
                                                       VSBY 1/2 MILE OR LESS
                                                   8 = SMOKE OR HAZE
[NO. OF DAYS WITH]      [WEATHER - DAYS WITH]      9 = BLOWING SNOW
                                                   X = TORNADO
MAX 32 OR BELOW:   0    0.01 INCH OR MORE:   4
MAX 90 OR ABOVE:   4    0.10 INCH OR MORE:   3
MIN 32 OR BELOW:   0    0.50 INCH OR MORE:   1
MIN  0 OR BELOW:   0    1.00 INCH OR MORE:   0

[HDD (BASE 65) ]
TOTAL THIS MO.    70    CLEAR  (SCALE 0-3)  17
DPTR FM NORMAL   -33    PTCLDY (SCALE 4-7)   9
TOTAL FM JUL 1    87    CLOUDY (SCALE 8-10)  0
DPTR FM NORMAL   -36

[CDD (BASE 65) ]
TOTAL THIS MO.    83
DPTR FM NORMAL     8    [PRESSURE DATA]
TOTAL FM JAN 1   786    HIGHEST SLP M ON M
DPTR FM NORMAL    37    LOWEST  SLP 29.42 ON 23

[REMARKS]
