000
CXUS54 KCRP 281300
CF6ALI
PRELIMINARY LOCAL CLIMATOLOGICAL DATA (WS FORM: F-6)

                                          STATION:   ALICE
                                          MONTH:     AUGUST
                                          YEAR:      2015
                                          LATITUDE:   27 44 N
                                          LONGITUDE:  98  1 W

  TEMPERATURE IN F:       :PCPN:    SNOW:  WIND      :SUNSHINE: SKY     :PK WND
================================================================================
1   2   3   4   5  6A  6B    7    8   9   10  11  12  13   14  15   16   17  18
                                     12Z  AVG MX 2MIN
DY MAX MIN AVG DEP HDD CDD  WTR  SNW DPTH SPD SPD DIR MIN PSBL S-S WX    SPD DR
================================================================================

 1 101  73  87   1   0  22 0.00  0.0    0  4.9 17 140   M    M   1 12     21 140
 2 100  75  88   2   0  23 0.00  0.0    0  5.8 18 140   M    M   1 1      48 330
 3  98  71  85  -1   0  20 0.00  0.0    0  8.1 23 110   M    M   2 128    39  90
 4  99  75  87   1   0  22 0.00  0.0    0 10.8 23 150   M    M   1 1      30 130
 5 100  75  88   2   0  23 0.00  0.0    0 12.1 24 130   M    M   2 1      30 140
 6 102  77  90   4   0  25 0.00  0.0    0 12.4 25 130   M    M   4 1      33 140
 7 101  75  88   2   0  23 0.00  0.0    0 11.1 24 130   M    M   2 1      31 130
 8 101  76  89   3   0  24 0.00  0.0    0 12.2 24 130   M    M   3 1      31 130
 9 100  73  87   1   0  22 0.00  0.0    0  9.8 23 130   M    M   2 1      28 140
10 101  70  86   0   0  21 0.00  0.0    0  7.1 20 130   M    M   1 12     25 140
11 101  72  87   1   0  22 0.00  0.0    0  4.8 20 140   M    M   1 1      23 150
12 102  74  88   2   0  23 0.00  0.0    0  5.0 20 150   M    M   1 1      24 150
13 103  74  89   3   0  24 0.00  0.0    0  6.7 23 140   M    M   3        27 140
14 102  73  88   2   0  23 0.00  0.0    0  7.2 18 140   M    M   0        26 120
15 101  74  88   2   0  23 0.00  0.0    0  5.8 17 120   M    M   2 1      28 120
16 100  70  85  -1   0  20 0.00  0.0    0  6.8 32  80   M    M   1 13     40  80
17  95  71  83  -3   0  18 0.00  0.0    0  7.0 20 130   M    M   1 13     25 120
18  99  73  86   0   0  21 0.00  0.0    0 11.6 25 130   M    M   1        32 140
19 100  76  88   2   0  23 0.00  0.0    0 11.5 23 120   M    M   2        36 130
20  94  72  83  -3   0  18 0.06  0.0    0  8.1 25  50   M    M   5 1      72 100
21  94  72  83  -3   0  18 0.92  0.0    0  6.2 31 150   M    M   5 138    39 150
22  98  76  87   1   0  22 0.00  0.0    0 10.4 23 130   M    M   3 1      31 130
23  99  77  88   2   0  23 0.00  0.0    0  9.8 21 110   M    M   4        26 130
24 100  73  87   1   0  22 0.00  0.0    0  5.7 17 110   M    M   4 1238   21 120
25  99  72  86   0   0  21 0.00  0.0    0  4.9 21 130   M    M   4 12     30 130
26  98  73  86   1   0  21 0.00  0.0    0  6.0 16 120   M    M   4 1      20 120
27  97  70  84  -1   0  19 0.00  0.0    0  5.2 16  70   M    M   0 1      21 110
================================================================================
SM 2685 1982         0 586  0.98     0.0 216.9          M       60
================================================================================
AV 99.4 73.4                               8.0 FASTST   M    M   2    MAX(MPH)
                                 MISC ---->  # 32  80                 72    M
================================================================================
NOTES:
# LAST OF SEVERAL OCCURRENCES

COLUMN 17 PEAK WIND IN M.P.H.

PRELIMINARY LOCAL CLIMATOLOGICAL DATA (WS FORM: F-6) , PAGE 2

                                          STATION:  ALICE
                                          MONTH:    AUGUST
                                          YEAR:     2015
                                          LATITUDE:   27 44 N
                                          LONGITUDE:  98  1 W

[TEMPERATURE DATA]      [PRECIPITATION DATA]       SYMBOLS USED IN COLUMN 16

AVERAGE MONTHLY: 86.4   TOTAL FOR MONTH:   0.98    1 = FOG OR MIST
DPTR FM NORMAL:   0.5   DPTR FM NORMAL:   -1.22    2 = FOG REDUCING VISIBILITY
HIGHEST:   103 ON 13    GRTST 24HR  0.98 ON 20-21      TO 1/4 MILE OR LESS
LOWEST:     70 ON 27,16                            3 = THUNDER
                        SNOW, ICE PELLETS, HAIL    4 = ICE PELLETS
                        TOTAL MONTH:   0.0 INCH    5 = HAIL
                        GRTST 24HR     0.0         6 = FREEZING RAIN OR DRIZZLE
                        GRTST DEPTH:   0           7 = DUSTSTORM OR SANDSTORM:
                                                       VSBY 1/2 MILE OR LESS
                                                   8 = SMOKE OR HAZE
[NO. OF DAYS WITH]      [WEATHER - DAYS WITH]      9 = BLOWING SNOW
                                                   X = TORNADO
MAX 32 OR BELOW:   0    0.01 INCH OR MORE:   2
MAX 90 OR ABOVE:  27    0.10 INCH OR MORE:   1
MIN 32 OR BELOW:   0    0.50 INCH OR MORE:   1
MIN  0 OR BELOW:   0    1.00 INCH OR MORE:   0

[HDD (BASE 65) ]
TOTAL THIS MO.     0    CLEAR  (SCALE 0-3)  18
DPTR FM NORMAL     0    PTCLDY (SCALE 4-7)   9
TOTAL FM JUL 1     0    CLOUDY (SCALE 8-10)  0
DPTR FM NORMAL     0

[CDD (BASE 65) ]
TOTAL THIS MO.   586
DPTR FM NORMAL    21    [PRESSURE DATA]
TOTAL FM JAN 1  2750    HIGHEST SLP M ON M
DPTR FM NORMAL    66    LOWEST  SLP 29.64 ON 18

[REMARKS]
