000
CXUS54 KEPZ 311200
CF6ALM
PRELIMINARY LOCAL CLIMATOLOGICAL DATA (WS FORM: F-6)

                                          STATION:   ALAMOGORDO
                                          MONTH:     AUGUST
                                          YEAR:      2015
                                          LATITUDE:   32 49 N
                                          LONGITUDE: 106  0 W

  TEMPERATURE IN F:       :PCPN:    SNOW:  WIND      :SUNSHINE: SKY     :PK WND
================================================================================
1   2   3   4   5  6A  6B    7    8   9   10  11  12  13   14  15   16   17  18
                                     12Z  AVG MX 2MIN
DY MAX MIN AVG DEP HDD CDD  WTR  SNW DPTH SPD SPD DIR MIN PSBL S-S WX    SPD DR
================================================================================

 1  93  66  80   M   0  15 0.00  0.0    0  8.5 20 160   M    M   1        27 160
 2  95  72  84   M   0  19 0.00  0.0    0  7.8 15 150   M    M   1        21 290
 3  95  68  82   M   0  17 0.00  0.0    0  7.9 21 170   M    M   1        29 170
 4  99  66  83   M   0  18 0.00  0.0    0  6.9 20 170   M    M   0        27 170
 5 100  66  83   M   0  18 0.00  0.0    0  5.3 12 120   M    M   0 3      21 120
 6 100  66  83   M   0  18 0.00  0.0    0  5.7 15 220   M    M   0 3      21  90
 7 100  66  83   M   0  18 0.00  0.0    0  6.0 10 290   M    M   0 8       M  M
 8  95  70  83   M   0  18 0.00  0.0    0  8.7 15 350   M    M   1        24 300
 9  97  68  83   M   0  18 0.00  0.0    0  5.5  8  60   M    M   1         M  M
10  95  73  84   M   0  19 0.07  0.0    0 11.9 29  60   M    M   3 3      37  50
11  97  63  80   M   0  15 0.00  0.0    0  9.3 25 110   M    M   1        33 110
12  97  66  82   M   0  17 0.00  0.0    0  8.1 23 170   M    M   0        32 110
13  95  68  82   M   0  17 0.00  0.0    0  4.9 13  50   M    M   0        20  50
14  99  68  84   M   0  19 0.01  0.0    0  7.1 13  40   M    M   1 3      16  60
15  97  70  84   M   0  19    T  0.0    0  7.8 20 320   M    M   1 3      30 320
16  95  68  82   M   0  17 0.00  0.0    0  8.2 20 190   M    M   0 3      28 190
17  95  70  83   M   0  18    T  0.0    0  8.5 17 210   M    M   0 3      23 210
18 100  73  87   M   0  22    T  0.0    0  6.4 14 290   M    M   0        18 290
19  97  68  83   M   0  18 0.00  0.0    0  5.5 17 160   M    M   0        23 160
20  95  68  82   M   0  17    T  0.0    0  7.7 25  50   M    M   0        35  50
21  99  75  87   M   0  22 0.00  0.0    0 12.0 24  10   M    M   0        31 160
22  95  70  83   M   0  18 0.00  0.0    0  9.1 24 160   M    M   1 3      30 160
23  90  66  78   M   0  13 0.05  0.0    0  9.7 18  10   M    M   2 3      27  10
24  88  64  76   M   0  11 0.14  0.0    0  6.0 14 250   M    M   3 3       M  M
25  91  66  79   M   0  14 0.00  0.0    0  6.8 18  80   M    M   2 3      24  80
26  75  66  71   M   0   6 0.00  0.0    0  2.0  6  20   M    M   2         M  M
27  93  66  80   M   0  15 0.00  0.0    0  5.5 13 100   M    M   1        16 250
28  95  66  81   M   0  16    T  0.0    0  6.9 18  50   M    M   1 3      32  50
29  91  64  78   M   0  13 0.22  0.0    0  4.1 21 360   M    M   1 3      31 360
30  91  57  74   M   0   9 0.00  0.0    0  5.7 12 200   M    M   0         M  M
================================================================================
SM 2844 2023         0 494  0.49     0.0 215.5          M       24
================================================================================
AV 94.8 67.4                               7.2 FASTST   M    M   1    MAX(MPH)
                                 MISC ---->    29   M                 37    M
================================================================================
NOTES:
# LAST OF SEVERAL OCCURRENCES

COLUMN 17 PEAK WIND IN M.P.H.

PRELIMINARY LOCAL CLIMATOLOGICAL DATA (WS FORM: F-6) , PAGE 2

                                          STATION:  ALAMOGORDO
                                          MONTH:    AUGUST
                                          YEAR:     2015
                                          LATITUDE:   32 49 N
                                          LONGITUDE: 106  0 W

[TEMPERATURE DATA]      [PRECIPITATION DATA]       SYMBOLS USED IN COLUMN 16

AVERAGE MONTHLY: 81.1   TOTAL FOR MONTH:   0.49    1 = FOG OR MIST
DPTR FM NORMAL:     M   DPTR FM NORMAL:       M    2 = FOG REDUCING VISIBILITY
HIGHEST:   100 ON 18, 7 GRTST 24HR  0.22 ON 29-29      TO 1/4 MILE OR LESS
LOWEST:     57 ON 30                               3 = THUNDER
                        SNOW, ICE PELLETS, HAIL    4 = ICE PELLETS
                        TOTAL MONTH:   0.0 INCH    5 = HAIL
                        GRTST 24HR     0.0         6 = FREEZING RAIN OR DRIZZLE
                        GRTST DEPTH:   0           7 = DUSTSTORM OR SANDSTORM:
                                                       VSBY 1/2 MILE OR LESS
                                                   8 = SMOKE OR HAZE
[NO. OF DAYS WITH]      [WEATHER - DAYS WITH]      9 = BLOWING SNOW
                                                   X = TORNADO
MAX 32 OR BELOW:   0    0.01 INCH OR MORE:   5
MAX 90 OR ABOVE:  28    0.10 INCH OR MORE:   2
MIN 32 OR BELOW:   0    0.50 INCH OR MORE:   0
MIN  0 OR BELOW:   0    1.00 INCH OR MORE:   0

[HDD (BASE 65) ]
TOTAL THIS MO.     0    CLEAR  (SCALE 0-3)  30
DPTR FM NORMAL     M    PTCLDY (SCALE 4-7)   0
TOTAL FM JUL 1     0    CLOUDY (SCALE 8-10)  0
DPTR FM NORMAL     M

[CDD (BASE 65) ]
TOTAL THIS MO.   494
DPTR FM NORMAL     M    [PRESSURE DATA]
TOTAL FM JAN 1  1529    HIGHEST SLP M ON M
DPTR FM NORMAL     M    LOWEST  SLP M ON M

[REMARKS]
