000
CXUS55 KPUB 201203
CF6ALS
PRELIMINARY LOCAL CLIMATOLOGICAL DATA (WS FORM: F-6)

                                          STATION:   ALAMOSA CO
                                          MONTH:     JANUARY
                                          YEAR:      2017
                                          LATITUDE:   37 27 N
                                          LONGITUDE: 105 52 W

  TEMPERATURE IN F:       :PCPN:    SNOW:  WIND      :SUNSHINE: SKY     :PK WND
================================================================================
1   2   3   4   5  6A  6B    7    8   9   10  11  12  13   14  15   16   17  18
                                     12Z  AVG MX 2MIN
DY MAX MIN AVG DEP HDD CDD  WTR  SNW DPTH SPD SPD DIR MIN PSBL S-S WX    SPD DR
================================================================================

 1  27  19  23   7  42   0 0.00  0.0    5  3.0  8 310   M    M  10 12     11 310
 2  35  10  23   7  42   0 0.00  0.0    5  7.6 24 190   M    M   4 128    29 190
 3  33   1  17   1  48   0 0.00  0.0    5  6.3 14 200   M    M   0        17 200
 4  39   0  20   4  45   0 0.00  0.0    4  8.4 32 230   M    M   2        39 230
 5  42  10  26  10  39   0 0.27  6.3    3 13.1 35 240   M    M   3 12     41 240
 6  14 -30  -8 -24  73   0 0.34  4.4   11  5.9 20  40   M    M   4 1      24  10
 7   5 -36 -15 -31  80   0 0.00  0.0   10  1.9  7 280   M    M   3 128     9 280
 8  16 -18  -1 -17  66   0 0.00  0.0   10  1.5  7 290   M    M   0 1       9 210
 9  45   1  23   7  42   0 0.05  0.6    9 14.2 40 270   M    M   3 1      52 270
10  39  14  27  11  38   0 0.00  0.0    6 10.3 23 190   M    M   1        28 190
11  41  25  33  17  32   0 0.00  0.0    4 18.3 38 230   M    M   1        53 230
12  39  16  28  12  37   0 0.00  0.0    4  9.8 18 180   M    M   0        26 190
13  34  16  25   9  40   0 0.00  0.0    3  3.5  9 130   M    M   3        12 310
14  37  23  30  14  35   0 0.00  0.0    3  3.5 12 310   M    M   9 12     13 310
15  34  24  29  13  36   0 0.15  1.7    4  1.8  8 190   M    M  10 1       9 190
16  33  27  30  14  35   0 0.33  3.4    4  4.3 14 110   M    M  10 1      17 110
17  34  16  25   9  40   0 0.05  1.0    6  2.6  8 240   M    M   9 12      9 230
18  29  23  26  10  39   0 0.00  0.0    5  2.3  8 180   M    M  10 1      10 150
19  24  20  22   6  43   0 0.08  0.0    4  4.3  9 290   M    M  10 1      12 310
================================================================================
SM  600  161       852   0  1.27    17.4 122.6          M       92
================================================================================
AV 31.6  8.5                               6.5 FASTST   M    M   5    MAX(MPH)
                                 MISC ---->  # 40 270               # 53  230
================================================================================
NOTES:
# LAST OF SEVERAL OCCURRENCES

COLUMN 17 PEAK WIND IN M.P.H.

PRELIMINARY LOCAL CLIMATOLOGICAL DATA (WS FORM: F-6) , PAGE 2

                                          STATION:  ALAMOSA CO
                                          MONTH:    JANUARY
                                          YEAR:     2017
                                          LATITUDE:   37 27 N
                                          LONGITUDE: 105 52 W

[TEMPERATURE DATA]      [PRECIPITATION DATA]       SYMBOLS USED IN COLUMN 16

AVERAGE MONTHLY: 20.0   TOTAL FOR MONTH:   1.27    1 = FOG OR MIST
DPTR FM NORMAL:   4.0   DPTR FM NORMAL:    1.12    2 = FOG REDUCING VISIBILITY
HIGHEST:    45 ON  9    GRTST 24HR  0.61 ON  5- 6      TO 1/4 MILE OR LESS
LOWEST:    -36 ON  7                               3 = THUNDER
                        SNOW, ICE PELLETS, HAIL    4 = ICE PELLETS
                        TOTAL MONTH:  17.4 INCHES  5 = HAIL
                        GRTST 24HR   6.3 ON   M    6 = FREEZING RAIN OR DRIZZLE
                        GRTST DEPTH:  11 ON  6     7 = DUSTSTORM OR SANDSTORM:
                                                       VSBY 1/2 MILE OR LESS
                                                   8 = SMOKE OR HAZE
[NO. OF DAYS WITH]      [WEATHER - DAYS WITH]      9 = BLOWING SNOW
                                                   X = TORNADO
MAX 32 OR BELOW:   6    0.01 INCH OR MORE:   7
MAX 90 OR ABOVE:   0    0.10 INCH OR MORE:   4
MIN 32 OR BELOW:  19    0.50 INCH OR MORE:   0
MIN  0 OR BELOW:   4    1.00 INCH OR MORE:   0

[HDD (BASE 65) ]
TOTAL THIS MO.   852    CLEAR  (SCALE 0-3)   9
DPTR FM NORMAL   -79    PTCLDY (SCALE 4-7)   3
TOTAL FM JUL 1  4160    CLOUDY (SCALE 8-10)  7
DPTR FM NORMAL  -408

[CDD (BASE 65) ]
TOTAL THIS MO.     0
DPTR FM NORMAL     0    [PRESSURE DATA]
TOTAL FM JAN 1     0    HIGHEST SLP M ON M
DPTR FM NORMAL     0    LOWEST  SLP 29.45 ON  5

[REMARKS]
