000
CXUS56 KPDT 300532
CF6ALW
PRELIMINARY LOCAL CLIMATOLOGICAL DATA (WS FORM: F-6)

                                          STATION:   WALLA WALLA WA
                                          MONTH:     MARCH
                                          YEAR:      2015
                                          LATITUDE:   46  5 N
                                          LONGITUDE: 118 17 W

  TEMPERATURE IN F:       :PCPN:    SNOW:  WIND      :SUNSHINE: SKY     :PK WND
================================================================================
1   2   3   4   5  6A  6B    7    8   9   10  11  12  13   14  15   16   17  18
                                     12Z  AVG MX 2MIN
DY MAX MIN AVG DEP HDD CDD  WTR  SNW DPTH SPD SPD DIR MIN PSBL S-S WX    SPD DR
================================================================================

 1  52  26  39  -3  26   0 0.00  0.0    0  4.1 10 110   M    M   0        12 110
 2  45  31  38  -4  27   0 0.00  0.0    0  4.5 12 180   M    M   5        13 180
 3  45  24  35  -8  30   0 0.00  0.0    0  5.7 10 250   M    M   0        16 290
 4  54  27  41  -2  24   0 0.00  0.0    0  6.2 13  90   M    M   0        14  90
 5  60  34  47   4  18   0 0.00  0.0    0  3.7  9 120   M    M   0        10 100
 6  66  37  52   8  13   0 0.00  0.0    0  3.9  8 110   M    M   0         9 110
 7  63  37  50   6  15   0 0.00  0.0    0  4.3  9 100   M    M   0        11 280
 8  65  37  51   7  14   0 0.00  0.0    0  4.3 10 100   M    M   0        11  90
 9  72  40  56  12   9   0 0.00  0.0    0  8.0 18 230   M    M   0        22 210
10  77  42  60  15   5   0 0.00  0.0    0  6.3 13 180   M    M   0        16 170
11  64  52  58  13   7   0 0.02  0.0    0  7.3 18 180   M    M   8        23 190
12  67  47  57  12   8   0 0.01  0.0    0  9.3 17 220   M    M   3        22 210
13  68  43  56  10   9   0 0.00  0.0    0  5.2 13 270   M    M   0 8      16 270
14  64  54  59  13   6   0 0.34  0.0    0  6.9 14 190   M    M   9 1      18 240
15  60  49  55   9  10   0 0.13  0.0    0 11.0 23 230   M    M   7 1      31 250
16  61  43  52   6  13   0 0.00  0.0    0  8.1 20 200   M    M   2        23 200
17  54  45  50   3  15   0 0.21  0.0    0  8.1 15 200   M    M   8 1      18 200
18  62  43  53   6  12   0    T  0.0    0 10.2 20 200   M    M   3        24 190
19  67  43  55   8  10   0 0.00  0.0    0  5.0 12 110   M    M   0        13 110
20  69  43  56   8   9   0 0.00  0.0    0  5.3 15 100   M    M   1        17  90
21  66  45  56   8   9   0 0.04  0.0    0 10.2 21 250   M    M   4        25 250
22  57  39  48   0  17   0 0.05  0.0    0  5.5 14 210   M    M   4 1      16 200
23  56  43  50   2  15   0 0.27  0.0    0 10.6 24 230   M    M   7 1      31 160
24  55  43  49   1  16   0 0.08  0.0    0 14.3 40 230   M    M   8        54 230
25  60  44  52   3  13   0 0.05  0.0    0  9.4 20 180   M    M   8        22 180
26  74  45  60  11   5   0 0.00  0.0    0  5.0 12  80   M    M   0        13  80
27  78  47  63  14   2   0    T  0.0    0  5.2 23 220   M    M   1        29 220
28  62  46  54   5  11   0 0.36  0.0    0 17.1 31 230   M    M   3 1      38 230
================================================================================
SM 1743 1149       368   0  1.56     0.0 204.7          M       81
================================================================================
AV 62.2 41.0                               7.3 FASTST   M    M   3    MAX(MPH)
                                 MISC ---->  # 40 230               # 54  230
================================================================================
NOTES:
# LAST OF SEVERAL OCCURRENCES

COLUMN 17 PEAK WIND IN M.P.H.

PRELIMINARY LOCAL CLIMATOLOGICAL DATA (WS FORM: F-6) , PAGE 2

                                          STATION:  WALLA WALLA WA
                                          MONTH:    MARCH
                                          YEAR:     2015
                                          LATITUDE:   46  5 N
                                          LONGITUDE: 118 17 W

[TEMPERATURE DATA]      [PRECIPITATION DATA]       SYMBOLS USED IN COLUMN 16

AVERAGE MONTHLY: 51.6   TOTAL FOR MONTH:   1.56    1 = FOG OR MIST
DPTR FM NORMAL:   5.8   DPTR FM NORMAL:   -0.52    2 = FOG REDUCING VISIBILITY
HIGHEST:    78 ON 27    GRTST 24HR  0.36 ON 28-28      TO 1/4 MILE OR LESS
LOWEST:     24 ON  3                               3 = THUNDER
                        SNOW, ICE PELLETS, HAIL    4 = ICE PELLETS
                        TOTAL MONTH:   0.0 INCH    5 = HAIL
                        GRTST 24HR     0.0         6 = FREEZING RAIN OR DRIZZLE
                        GRTST DEPTH:   0           7 = DUSTSTORM OR SANDSTORM:
                                                       VSBY 1/2 MILE OR LESS
                                                   8 = SMOKE OR HAZE
[NO. OF DAYS WITH]      [WEATHER - DAYS WITH]      9 = BLOWING SNOW
                                                   X = TORNADO
MAX 32 OR BELOW:   0    0.01 INCH OR MORE:  11
MAX 90 OR ABOVE:   0    0.10 INCH OR MORE:   5
MIN 32 OR BELOW:   4    0.50 INCH OR MORE:   0
MIN  0 OR BELOW:   0    1.00 INCH OR MORE:   0

[HDD (BASE 65) ]
TOTAL THIS MO.   368    CLEAR  (SCALE 0-3)  16
DPTR FM NORMAL  -166    PTCLDY (SCALE 4-7)  11
TOTAL FM JUL 1  3512    CLOUDY (SCALE 8-10)  1
DPTR FM NORMAL  -799

[CDD (BASE 65) ]
TOTAL THIS MO.     0
DPTR FM NORMAL     0    [PRESSURE DATA]
TOTAL FM JAN 1     0    HIGHEST SLP 30.35 ON  4
DPTR FM NORMAL     0    LOWEST  SLP 29.70 ON 15

[REMARKS]
