000
CXUS52 KJAX 280800
CF6AMG
PRELIMINARY LOCAL CLIMATOLOGICAL DATA (WS FORM: F-6)

                                          STATION:   ALMA GA
                                          MONTH:     FEBRUARY
                                          YEAR:      2015
                                          LATITUDE:   31 32 N
                                          LONGITUDE:  82 30 W

  TEMPERATURE IN F:       :PCPN:    SNOW:  WIND      :SUNSHINE: SKY     :PK WND
================================================================================
1   2   3   4   5  6A  6B    7    8   9   10  11  12  13   14  15   16   17  18
                                     12Z  AVG MX 2MIN
DY MAX MIN AVG DEP HDD CDD  WTR  SNW DPTH SPD SPD DIR MIN PSBL S-S WX    SPD DR
================================================================================

 1  72  36  54   2  11   0    T  0.0    0  7.2 20 190   M    M   3        26 170
 2  63  39  51  -1  14   0 0.14  0.0    0 13.0 28 310   M    M   5 1      37 300
 3  54  29  42 -10  23   0 0.00  0.0    0  3.5 12 340   M    M   0        16 340
 4  52  39  46  -6  19   0 0.31  0.0    0  2.4  7  80   M    M   6 1      10  60
 5  63  43  53   0  12   0 0.21  0.0    0  6.6 16 320   M    M   5 1      22 310
 6  55  31  43 -10  22   0 0.00  0.0    0  2.6  9  90   M    M   0        13  40
 7  65  28  47  -6  18   0 0.00  0.0    0  1.6 12 230   M    M   2 12     13 240
 8  71  37  54   1  11   0 0.00  0.0    0  3.8 17 210   M    M   0 1      21 210
 9  70  41  56   3   9   0 0.39  0.0    0  3.4 14 310   M    M   4 138    19 290
10  57  42  50  -3  15   0 0.00  0.0    0  9.4 21 320   M    M   6 12     26 320
11  62  34  48  -6  17   0 0.00  0.0    0  2.0 10 300   M    M   0 1      15 320
12  66  37  52  -2  13   0 0.00  0.0    0  9.1 21 320   M    M   0 1      28 290
13  48  28  38 -16  27   0 0.00  0.0    0  4.2 12 340   M    M   0        16 360
14  60  27  44 -10  21   0 0.00  0.0    0  7.0 20 240   M    M   0 18     27 270
15  56  39  48  -6  17   0 0.00  0.0    0  5.7 15 350   M    M   0        20 350
16  64  39  52  -2  13   0 0.00  0.0    0  8.1 22 190   M    M   5        32 180
17  64  39  52  -3  13   0 0.63  0.0    0  9.9 21 310   M    M   9 18     29 200
18  53  32  43 -12  22   0 0.00  0.0    0 10.7 24 280   M    M   2        33 260
19  38  25  32 -23  33   0 0.00  0.0    0 12.3 24 320   M    M   0 8      32 300
20  45  22  34 -21  31   0 0.00  0.0    0  4.3 15 100   M    M   4 8      20 100
21  69  28  49  -6  16   0 0.00  0.0    0  6.8 24 170   M    M   0 1      31 180
22  77  53  65   9   0   0 0.00  0.0    0  5.2 17 210   M    M   8        23 230
23  67  53  60   4   5   0    T  0.0    0  6.3 17 330   M    M   9 1      28 320
24  53  45  49  -7  16   0 0.28  0.0    0  3.8 10 100   M    M  10 1      16 110
25  49  42  46 -10  19   0 1.32  0.0    0  3.9 15 120   M    M  10 138    22 110
26  48  40  44 -12  21   0    T  0.0    0  6.5 16 320   M    M   9 1      21 320
27  53  41  47 -10  18   0 0.00  0.0    0  3.6 10  60   M    M   5        14  50
================================================================================
SM 1594  989       456   0  3.28     0.0 162.9          M      102
================================================================================
AV 59.0 36.6                               6.0 FASTST   M    M   4    MAX(MPH)
                                 MISC ---->  # 28 310               # 37  300
================================================================================
NOTES:
# LAST OF SEVERAL OCCURRENCES

COLUMN 17 PEAK WIND IN M.P.H.

PRELIMINARY LOCAL CLIMATOLOGICAL DATA (WS FORM: F-6) , PAGE 2

                                          STATION:  ALMA GA
                                          MONTH:    FEBRUARY
                                          YEAR:     2015
                                          LATITUDE:   31 32 N
                                          LONGITUDE:  82 30 W

[TEMPERATURE DATA]      [PRECIPITATION DATA]       SYMBOLS USED IN COLUMN 16

AVERAGE MONTHLY: 47.8   TOTAL FOR MONTH:   3.28    1 = FOG OR MIST
DPTR FM NORMAL:  -6.3   DPTR FM NORMAL:   -0.38    2 = FOG REDUCING VISIBILITY
HIGHEST:    77 ON 22    GRTST 24HR  1.32 ON 25-25      TO 1/4 MILE OR LESS
LOWEST:     22 ON 20                               3 = THUNDER
                        SNOW, ICE PELLETS, HAIL    4 = ICE PELLETS
                        TOTAL MONTH:   0.0 INCH    5 = HAIL
                        GRTST 24HR     0.0         6 = FREEZING RAIN OR DRIZZLE
                        GRTST DEPTH:   0           7 = DUSTSTORM OR SANDSTORM:
                                                       VSBY 1/2 MILE OR LESS
                                                   8 = SMOKE OR HAZE
[NO. OF DAYS WITH]      [WEATHER - DAYS WITH]      9 = BLOWING SNOW
                                                   X = TORNADO
MAX 32 OR BELOW:   0    0.01 INCH OR MORE:   7
MAX 90 OR ABOVE:   0    0.10 INCH OR MORE:   7
MIN 32 OR BELOW:   9    0.50 INCH OR MORE:   2
MIN  0 OR BELOW:   0    1.00 INCH OR MORE:   1

[HDD (BASE 65) ]
TOTAL THIS MO.   456    CLEAR  (SCALE 0-3)  12
DPTR FM NORMAL   154    PTCLDY (SCALE 4-7)  10
TOTAL FM JUL 1  1654    CLOUDY (SCALE 8-10)  5
DPTR FM NORMAL   263

[CDD (BASE 65) ]
TOTAL THIS MO.     0
DPTR FM NORMAL    -3    [PRESSURE DATA]
TOTAL FM JAN 1     3    HIGHEST SLP M ON M
DPTR FM NORMAL    -5    LOWEST  SLP 29.52 ON 26

[REMARKS]
