000
CXUS53 KDMX 010920
CF6AMW
PRELIMINARY LOCAL CLIMATOLOGICAL DATA (WS FORM: F-6)

                                          STATION:   AMES IA
                                          MONTH:     APRIL
                                          YEAR:      2016
                                          LATITUDE:   41 59 N
                                          LONGITUDE:  93 37 W

  TEMPERATURE IN F:       :PCPN:    SNOW:  WIND      :SUNSHINE: SKY     :PK WND
================================================================================
1   2   3   4   5  6A  6B    7    8   9   10  11  12  13   14  15   16   17  18
                                     12Z  AVG MX 2MIN
DY MAX MIN AVG DEP HDD CDD  WTR  SNW DPTH SPD SPD DIR MIN PSBL S-S WX    SPD DR
================================================================================

 1  47  32  40  -4  25   0 0.22  0.0    0 14.7 26 350   M    M   8 1      33 320
 2  46  29  38  -6  27   0 0.00  0.0    0 18.2 41 310   M    M   1        51 310
 3  81  31  56  11   9   0    T  0.0    0 19.9 38 260   M    M   1        46 270
 4  51  30  41  -4  24   0 0.00  0.0    0 10.7 23 360   M    M   0        29  10
 5  51  30  41  -5  24   0 0.12  0.0    0 15.3 31 150   M    M   5 18     40 150
 6  57  39  48   2  17   0    T  0.0    0 18.3 35 300   M    M   7 18     46 310
 7  50  37  44  -2  21   0 0.17  0.0    0 13.9 29 340   M    M  10 18     39 320
 8  46  28  37 -10  28   0 0.00  0.0    0 19.5 37 340   M    M   3        48 310
 9  48  18  33 -14  32   0 0.00  0.0    0 12.1 24 140   M    M   0        31 150
10  66  38  52   4  13   0    T  0.0    0 13.3 26 340   M    M   4        31 340
11  50  27  39  -9  26   0 0.00  0.0    0 15.2 28 320   M    M   0        36 310
12  58  20  39  -9  26   0 0.00  0.0    0  7.4 17 190   M    M   0 8      23 190
13  71  34  53   4  12   0 0.00  0.0    0 11.5 21 180   M    M   0        26 200
14  72  43  58   9   7   0 0.00  0.0    0 10.3 22 150   M    M   0        27 150
15  76  41  59  10   6   0 0.00  0.0    0 12.0 28 150   M    M   2        34 150
16  79  50  65  15   0   0 0.00  0.0    0 13.2 29 150   M    M   0        37 140
17  78  50  64  14   1   0 0.00  0.0    0  9.1 23 170   M    M   5        32 170
18  77  55  66  16   0   1 0.14  0.0    0 10.1 25 170   M    M   5 1      33 170
19  64  48  56   5   9   0 0.00  0.0    0  4.8 14 290   M    M   8 18     17 290
20  65  46  56   5   9   0 0.58  0.0    0 10.0 24 230   M    M   8 1      31 230
21  67  43  55   3  10   0 0.18  0.0    0  9.5 26 360   M    M   5 13     34 360
22  61  42  52   0  13   0 0.00  0.0    0  8.1 20  10   M    M   4 12     25 350
23  72  39  56   4   9   0 0.00  0.0    0 10.3 22 160   M    M   5 12     28 160
24  80  54  67  14   0   2 0.18  0.0    0 15.5 37 240   M    M   1 1      43 240
25  75  53  64  11   1   0 0.01  0.0    0 13.2 25 260   M    M   2        29 260
26  69  46  58   5   7   0 0.00  0.0    0 10.9 20  70   M    M   3 18     30  90
27  50  44  47  -7  18   0 0.81  0.0    0 15.4 26  80   M    M  10 13     40  60
28  57  44  51  -3  14   0 0.04  0.0    0  6.0 15 350   M    M  10 1      17 350
29  49  44  47  -7  18   0 0.00  0.0    0 10.1 16  40   M    M  10 1      21  60
30  49  44  47  -8  18   0 1.33    M    0 15.1 24  70   M    M  10 1      33  80
================================================================================
SM 1862 1179       424   3  3.78     0.0 373.6          M      127
================================================================================
AV 62.1 39.3                              12.5 FASTST   M    M   4    MAX(MPH)
                                 MISC ---->  # 41 310               # 51  310
================================================================================
NOTES:
# LAST OF SEVERAL OCCURRENCES

COLUMN 17 PEAK WIND IN M.P.H.

PRELIMINARY LOCAL CLIMATOLOGICAL DATA (WS FORM: F-6) , PAGE 2

                                          STATION:  AMES IA
                                          MONTH:    APRIL
                                          YEAR:     2016
                                          LATITUDE:   41 59 N
                                          LONGITUDE:  93 37 W

[TEMPERATURE DATA]      [PRECIPITATION DATA]       SYMBOLS USED IN COLUMN 16

AVERAGE MONTHLY: 50.7   TOTAL FOR MONTH:   3.78    1 = FOG OR MIST
DPTR FM NORMAL:   1.1   DPTR FM NORMAL:    0.34    2 = FOG REDUCING VISIBILITY
HIGHEST:    81 ON  3    GRTST 24HR  1.33 ON 30-30      TO 1/4 MILE OR LESS
LOWEST:     18 ON  9                               3 = THUNDER
                        SNOW, ICE PELLETS, HAIL    4 = ICE PELLETS
                        TOTAL MONTH:   0.0 INCH    5 = HAIL
                        GRTST 24HR     0.0         6 = FREEZING RAIN OR DRIZZLE
                        GRTST DEPTH:   0           7 = DUSTSTORM OR SANDSTORM:
                                                       VSBY 1/2 MILE OR LESS
                                                   8 = SMOKE OR HAZE
[NO. OF DAYS WITH]      [WEATHER - DAYS WITH]      9 = BLOWING SNOW
                                                   X = TORNADO
MAX 32 OR BELOW:   0    0.01 INCH OR MORE:  11
MAX 90 OR ABOVE:   0    0.10 INCH OR MORE:   9
MIN 32 OR BELOW:   9    0.50 INCH OR MORE:   3
MIN  0 OR BELOW:   0    1.00 INCH OR MORE:   1

[HDD (BASE 65) ]
TOTAL THIS MO.   424    CLEAR  (SCALE 0-3)  13
DPTR FM NORMAL   -42    PTCLDY (SCALE 4-7)  12
TOTAL FM JUL 1  5648    CLOUDY (SCALE 8-10)  5
DPTR FM NORMAL  -974

[CDD (BASE 65) ]
TOTAL THIS MO.     3
DPTR FM NORMAL     0    [PRESSURE DATA]
TOTAL FM JAN 1     3    HIGHEST SLP 30.39 ON 12
DPTR FM NORMAL     0    LOWEST  SLP 29.48 ON 27

[REMARKS]
#FINAL-04-16#
