000
CXAK56 PAFC 231320
CF6ANC
PRELIMINARY LOCAL CLIMATOLOGICAL DATA (WS FORM: F-6)

                                          STATION:   ANCHORAGE AK
                                          MONTH:     MARCH
                                          YEAR:      2017
                                          LATITUDE:   61 10 N
                                          LONGITUDE: 150  2 W

  TEMPERATURE IN F:       :PCPN:    SNOW:  WIND      :SUNSHINE: SKY     :PK WND
================================================================================
1   2   3   4   5  6A  6B    7    8   9   10  11  12  13   14  15   16   17  18
                                     12Z  AVG MX 2MIN
DY MAX MIN AVG DEP HDD CDD  WTR  SNW DPTH SPD SPD DIR MIN PSBL S-S WX    SPD DR
================================================================================

 1  20   8  14  -9  51   0 0.00  0.0   22 17.5 31  10   M    M   3        42  10
 2  26   9  18  -5  47   0 0.00  0.0   22 18.1 29 340   M    M   0        41 330
 3  26   8  17  -6  48   0 0.00  0.0   22 15.0 29 340   M    M   1        40 340
 4  21   0  11 -13  54   0 0.00  0.0   22  2.4 15 320   M    M   1        18 320
 5  23   0  12 -12  53   0 0.00  0.0   22 10.0 24 350   M    M   0        31 350
 6  16   1   9 -15  56   0 0.00  0.0   22  8.2 24 350   M    M   0 8      32 350
 7  21  -8   7 -17  58   0 0.00  0.0   22  4.2 20 350   M    M   0        26 350
 8  28  13  21  -3  44   0 0.00  0.0   22 17.2 23 350   M    M   0        31  30
 9  28  10  19  -6  46   0 0.00  0.0   22 10.2 24 350   M    M   1        31 350
10  27   4  16  -9  49   0 0.00  0.0   22  3.6  9 180   M    M   4        15 180
11  31   9  20  -5  45   0 0.00  0.0   21  2.2  8  30   M    M   5        13  10
12  31   3  17  -8  48   0 0.00  0.0   21  8.4 24 360   M    M   2        33  10
13  30  19  25  -1  40   0 0.00  0.0   21 13.3 23 350   M    M   3        32  10
14  23  12  18  -8  47   0 0.00  0.0   21 19.0 26 350   M    M   1        36 350
15  22   9  16 -10  49   0 0.00  0.0   21 16.4 22 340   M    M   5        32 330
16  25  13  19  -7  46   0 0.00  0.0   21 12.6 21 350   M    M   3        25 350
17  23   8  16 -11  49   0 0.00  0.0   21  6.3 17 350   M    M   0        22 350
18  22   3  13 -14  52   0 0.00  0.0   21  6.0 15  30   M    M   3        20  40
19  29  12  21  -6  44   0 0.00  0.0   21  9.2 20 360   M    M   6        25 360
20  32   7  20  -7  45   0 0.00  0.0   21  2.3 12 350   M    M   4        15 350
21  30  16  23  -5  42   0 0.00  0.0   21  6.0 14 350   M    M   1        18 350
22  30   7  19  -9  46   0 0.00  0.0   21  3.7 13 350   M    M   1        17 350
================================================================================
SM  564  163      1059   0  0.00     0.0 211.8          M       44
================================================================================
AV 25.6  7.4                               9.6 FASTST   M    M   2    MAX(MPH)
                                 MISC ---->  # 31  10               # 42   10
================================================================================
NOTES:
# LAST OF SEVERAL OCCURRENCES

COLUMN 17 PEAK WIND IN M.P.H.

PRELIMINARY LOCAL CLIMATOLOGICAL DATA (WS FORM: F-6) , PAGE 2

                                          STATION:  ANCHORAGE AK
                                          MONTH:    MARCH
                                          YEAR:     2017
                                          LATITUDE:   61 10 N
                                          LONGITUDE: 150  2 W

[TEMPERATURE DATA]      [PRECIPITATION DATA]       SYMBOLS USED IN COLUMN 16

AVERAGE MONTHLY: 16.5   TOTAL FOR MONTH:   0.00    1 = FOG OR MIST
DPTR FM NORMAL:  -8.8   DPTR FM NORMAL:   -0.44    2 = FOG REDUCING VISIBILITY
HIGHEST:    32 ON 20    GRTST 24HR  0.00 ON 22-22      TO 1/4 MILE OR LESS
LOWEST:     -8 ON  7                               3 = THUNDER
                        SNOW, ICE PELLETS, HAIL    4 = ICE PELLETS
                        TOTAL MONTH:   0.0 INCH    5 = HAIL
                        GRTST 24HR     0.0         6 = FREEZING RAIN OR DRIZZLE
                        GRTST DEPTH:  22 ON 10, 9  7 = DUSTSTORM OR SANDSTORM:
                                                       VSBY 1/2 MILE OR LESS
                                                   8 = SMOKE OR HAZE
[NO. OF DAYS WITH]      [WEATHER - DAYS WITH]      9 = BLOWING SNOW
                                                   X = TORNADO
MAX 32 OR BELOW:  22    0.01 INCH OR MORE:   0
MAX 90 OR ABOVE:   0    0.10 INCH OR MORE:   0
MIN 32 OR BELOW:  22    0.50 INCH OR MORE:   0
MIN  0 OR BELOW:   3    1.00 INCH OR MORE:   0

[HDD (BASE 65) ]
TOTAL THIS MO.  1059    CLEAR  (SCALE 0-3)  14
DPTR FM NORMAL   186    PTCLDY (SCALE 4-7)   8
TOTAL FM JUL 1  8097    CLOUDY (SCALE 8-10)  0
DPTR FM NORMAL  -105

[CDD (BASE 65) ]
TOTAL THIS MO.     0
DPTR FM NORMAL     0    [PRESSURE DATA]
TOTAL FM JAN 1     0    HIGHEST SLP M ON M
DPTR FM NORMAL     0    LOWEST  SLP 29.45 ON 14

[REMARKS]
