000
CXAK56 PAFC 181539
CF6ANC
PRELIMINARY LOCAL CLIMATOLOGICAL DATA (WS FORM: F-6)

                                          STATION:   ANCHORAGE AK
                                          MONTH:     APRIL
                                          YEAR:      2014
                                          LATITUDE:   61 10 N
                                          LONGITUDE: 150  2 W

  TEMPERATURE IN F:       :PCPN:    SNOW:  WIND      :SUNSHINE: SKY     :PK WND
================================================================================
1   2   3   4   5  6A  6B    7    8   9   10  11  12  13   14  15   16   17  18
                                     12Z  AVG MX 2MIN
DY MAX MIN AVG DEP HDD CDD  WTR  SNW DPTH SPD SPD DIR MIN PSBL S-S WX    SPD DR
================================================================================

 1  42  18  30  -1  35   0 0.00  0.0    6  2.3  6 320   M    M   0         M  M
 2  42  21  32   0  33   0 0.00  0.0    6  3.4  9 150   M    M   2 1       M  M
 3  41  19  30  -2  35   0 0.00  0.0    5  2.9  7 330   M    M   5         M  M
 4  43  27  35   3  30   0 0.00  0.0    5  3.0  6 290   M    M   9         M  M
 5  44  29  37   4  28   0    T  0.0    4  3.8  8  50   M    M   9         M  M
 6  48  32  40   7  25   0    T  0.0    4  6.6 14 150   M    M   9        33 170
 7  41  28  35   2  30   0 0.04  0.2    3  6.7 17 350   M    M   9 1      24 350
 8  30  21  26  -8  39   0    T  0.2    2  8.7 14 350   M    M  10        20  10
 9  33  16  25  -9  40   0 0.00  0.0    2  7.4 12  20   M    M   2         M  M
10  36  15  26  -9  39   0 0.00  0.0    2  5.4 13 350   M    M   1        21 350
11  42  18  30  -5  35   0 0.00  0.0    2  3.3  8 170   M    M   3 1       M  M
12  37  30  34  -1  31   0    T    T    1  5.3 10  40   M    M  10         M  M
13  48  31  40   4  25   0 0.00  0.0    1 10.2 21 150   M    M   9        39 160
14  50  30  40   4  25   0 0.00  0.0    T  4.2 12 140   M    M   4 1       M  M
15  46  30  38   1  27   0    T  0.0    0  3.8  8  60   M    M   8         M  M
16  50  34  42   5  23   0    T  0.0    0  3.5  7 180   M    M   9         M  M
17  51  30  41   4  24   0 0.00  0.0    0  3.0  6 330   M    M   7         M  M
================================================================================
SM  724  429       524   0  0.04     0.4  83.5          M      106
================================================================================
AV 42.6 25.2                               4.9 FASTST   M    M   6    MAX(MPH)
                                 MISC ---->    21   M                 39    M
================================================================================
NOTES:
# LAST OF SEVERAL OCCURRENCES

COLUMN 17 PEAK WIND IN M.P.H.

PRELIMINARY LOCAL CLIMATOLOGICAL DATA (WS FORM: F-6) , PAGE 2

                                          STATION:  ANCHORAGE AK
                                          MONTH:    APRIL
                                          YEAR:     2014
                                          LATITUDE:   61 10 N
                                          LONGITUDE: 150  2 W

[TEMPERATURE DATA]      [PRECIPITATION DATA]       SYMBOLS USED IN COLUMN 16

AVERAGE MONTHLY: 33.9   TOTAL FOR MONTH:   0.04    1 = FOG OR MIST
DPTR FM NORMAL:  -0.3   DPTR FM NORMAL:   -0.22    2 = FOG REDUCING VISIBILITY
HIGHEST:    51 ON 17    GRTST 24HR  0.04 ON  7- 7      TO 1/4 MILE OR LESS
LOWEST:     15 ON 10                               3 = THUNDER
                        SNOW, ICE PELLETS, HAIL    4 = ICE PELLETS
                        TOTAL MONTH:   0.4 INCH    5 = HAIL
                        GRTST 24HR   0.2 ON   M    6 = FREEZING RAIN OR DRIZZLE
                        GRTST DEPTH:   6 ON  2, 1  7 = DUSTSTORM OR SANDSTORM:
                                                       VSBY 1/2 MILE OR LESS
                                                   8 = SMOKE OR HAZE
[NO. OF DAYS WITH]      [WEATHER - DAYS WITH]      9 = BLOWING SNOW
                                                   X = TORNADO
MAX 32 OR BELOW:   1    0.01 INCH OR MORE:   1
MAX 90 OR ABOVE:   0    0.10 INCH OR MORE:   0
MIN 32 OR BELOW:  16    0.50 INCH OR MORE:   0
MIN  0 OR BELOW:   0    1.00 INCH OR MORE:   0

[HDD (BASE 65) ]
TOTAL THIS MO.   524    CLEAR  (SCALE 0-3)   5
DPTR FM NORMAL     1    PTCLDY (SCALE 4-7)   4
TOTAL FM JUL 1  8439    CLOUDY (SCALE 8-10)  8
DPTR FM NORMAL  -605

[CDD (BASE 65) ]
TOTAL THIS MO.     0
DPTR FM NORMAL     0    [PRESSURE DATA]
TOTAL FM JAN 1     0    HIGHEST SLP M ON M
DPTR FM NORMAL     0    LOWEST  SLP M ON M

[REMARKS]
