808
CXUS52 KGSP 222316
CF6AND
PRELIMINARY LOCAL CLIMATOLOGICAL DATA (WS FORM: F-6)

                                          STATION:   ANDERSON SC
                                          MONTH:     MAY
                                          YEAR:      2017
                                          LATITUDE:   34 30 N
                                          LONGITUDE:  82 43 W

  TEMPERATURE IN F:       :PCPN:    SNOW:  WIND      :SUNSHINE: SKY     :PK WND
================================================================================
1   2   3   4   5  6A  6B    7    8   9   10  11  12  13   14  15   16   17  18
                                     12Z  AVG MX 2MIN
DY MAX MIN AVG DEP HDD CDD  WTR  SNW DPTH SPD SPD DIR MIN PSBL S-S WX    SPD DR
================================================================================

 1  80  60  70   6   0   5 0.07    M    M 12.3 35 240   M    M   7 13     49 230
 2  78  50  64  -1   1   0 0.00    M    M 10.1 22 220   M    M   0        26 230
 3  82  50  66   1   0   1 0.00    M    M  4.2 13 240   M    M   0        17 120
 4  72  59  66   1   0   1 0.46    M    M  6.9 28 270   M    M   6 13     36 260
 5  62  50  56 -10   9   0 0.14    M    M 13.4 23 250   M    M   8 13     31 240
 6  70  49  60  -6   5   0 0.35    M    M 10.3 23 250   M    M   4 1      29 260
 7  71  43  57  -9   8   0 0.00    M    M  8.0 18 250   M    M   0 1      22 230
 8  80  44  62  -4   3   0 0.00    M    M  4.8 15 290   M    M   0        20 290
 9  86  52  69   2   0   4 0.00    M    M  8.8 23 230   M    M   0        29 230
10  86  58  72   5   0   7 0.00    M    M  8.0 20 220   M    M   0        24 220
11  87  62  75   8   0  10 0.00    M    M  9.3 21 240   M    M   0        28 240
12  80  61  71   4   0   6 0.87    M    M  5.7 15  70   M    M   3 13     20 290
13  72  58  65  -3   0   0 0.01    M    M  4.3 10  60   M    M   7 1      13  40
14  81  53  67  -1   0   2 0.00    M    M  2.9 12 220   M    M   1 1      14 210
15  87  55  71   3   0   6 0.00    M    M  2.7 10 240   M    M   0        16 190
16  89  59  74   5   0   9 0.00    M    M  3.6 13 240   M    M   0        19 230
17  87  62  75   6   0  10 0.00    M    M  4.6 12 140   M    M   0        20 210
18  83  67  75   6   0  10 0.00    M    M  2.5  9 160   M    M   6 8      15 230
19  89  65  77   7   0  12 0.00    M    M  4.5 12 180   M    M   2        14 210
20  88  65  77   7   0  12 0.52    M    M  4.0 18 240   M    M   4 13     23 240
21  74  66  70   0   0   5 3.64    M    M  5.5 20 300   M    M   8 123    25 290
================================================================================
SM 1684 1188        26 100  6.06    M    136.4          M       56
================================================================================
AV 80.2 56.6                               6.5 FASTST   M    M   3    MAX(MPH)
                                 MISC ---->  # 35 240               # 49  230
================================================================================
NOTES:
# LAST OF SEVERAL OCCURRENCES

COLUMN 17 PEAK WIND IN M.P.H.

PRELIMINARY LOCAL CLIMATOLOGICAL DATA (WS FORM: F-6) , PAGE 2

                                          STATION:  ANDERSON SC
                                          MONTH:    MAY
                                          YEAR:     2017
                                          LATITUDE:   34 30 N
                                          LONGITUDE:  82 43 W

[TEMPERATURE DATA]      [PRECIPITATION DATA]       SYMBOLS USED IN COLUMN 16

AVERAGE MONTHLY: 68.4   TOTAL FOR MONTH:   6.06    1 = FOG OR MIST
DPTR FM NORMAL:   1.1   DPTR FM NORMAL:    3.95    2 = FOG REDUCING VISIBILITY
HIGHEST:    89 ON 19,16 GRTST 24HR  3.64 ON 21-21      TO 1/4 MILE OR LESS
LOWEST:     43 ON  7                               3 = THUNDER
                        SNOW, ICE PELLETS, HAIL    4 = ICE PELLETS
                        TOTAL MONTH:    M          5 = HAIL
                        GRTST 24HR    M  ON   M    6 = FREEZING RAIN OR DRIZZLE
                        GRTST DEPTH:  M  ON   M    7 = DUSTSTORM OR SANDSTORM:
                                                       VSBY 1/2 MILE OR LESS
                                                   8 = SMOKE OR HAZE
[NO. OF DAYS WITH]      [WEATHER - DAYS WITH]      9 = BLOWING SNOW
                                                   X = TORNADO
MAX 32 OR BELOW:   0    0.01 INCH OR MORE:   8
MAX 90 OR ABOVE:   0    0.10 INCH OR MORE:   6
MIN 32 OR BELOW:   0    0.50 INCH OR MORE:   3
MIN  0 OR BELOW:   0    1.00 INCH OR MORE:   1

[HDD (BASE 65) ]
TOTAL THIS MO.    26    CLEAR  (SCALE 0-3)  13
DPTR FM NORMAL    -7    PTCLDY (SCALE 4-7)   8
TOTAL FM JUL 1  2092    CLOUDY (SCALE 8-10)  0
DPTR FM NORMAL -1001

[CDD (BASE 65) ]
TOTAL THIS MO.   100
DPTR FM NORMAL    21    [PRESSURE DATA]
TOTAL FM JAN 1   209    HIGHEST SLP M ON M
DPTR FM NORMAL    92    LOWEST  SLP 29.50 ON  5

[REMARKS]
