000
CXUS55 KBOU 281206
CF6APA
PRELIMINARY LOCAL CLIMATOLOGICAL DATA (WS FORM: F-6)

                                          STATION:   CENTENNIAL CO
                                          MONTH:     JANUARY
                                          YEAR:      2015
                                          LATITUDE:   39 33 N
                                          LONGITUDE: 104 51 W

  TEMPERATURE IN F:       :PCPN:    SNOW:  WIND      :SUNSHINE: SKY     :PK WND
================================================================================
1   2   3   4   5  6A  6B    7    8   9   10  11  12  13   14  15   16   17  18
                                     12Z  AVG MX 2MIN
DY MAX MIN AVG DEP HDD CDD  WTR  SNW DPTH SPD SPD DIR MIN PSBL S-S WX    SPD DR
================================================================================

 1  23   0  12 -19  53   0 0.16    M    M  3.8 13 130   M    M   6 18     15 140
 2  34  10  22  -9  43   0    T    M    M  7.4 15 170   M    M   3 1      18 170
 3  35  -3  16 -15  49   0 0.02    M    M  7.1 21  20   M    M   6 19     28  30
 4  38  -3  18 -13  47   0    T    M    M  6.4 15 350   M    M   6        19 160
 5  57   5  31   0  34   0 0.00    M    M  7.3 21 300   M    M   7        29 270
 6  57  24  41  10  24   0 0.00    M    M  7.3 23 330   M    M   7 12     29 330
 7  45  14  30  -1  35   0    T    M    M  7.0 20 220   M    M   9 126    24 230
 8  53  19  36   5  29   0    T    M    M 11.1 23  80   M    M   4 16     30  80
 9  34  17  26  -5  39   0    T    M    M  5.0 16 170   M    M   6 16     19 170
10  56  20  38   7  27   0 0.00    M    M  5.6 21 150   M    M   6 1      24 150
11  42  26  34   3  31   0    T    M    M  5.5 13 360   M    M   8 1      18 320
12  29  23  26  -6  39   0    T    M    M  4.2 12 330   M    M  10 1      14 350
13  32  22  27  -5  38   0    T    M    M  5.7 17 350   M    M  10 18     20 340
14  43  18  31  -1  34   0    T    M    M  3.3 10 160   M    M   2 1      13 170
15  53  22  38   6  27   0 0.00    M    M  7.9 16 170   M    M   0        20 170
16  57  27  42  10  23   0 0.00    M    M  8.0 17 230   M    M   7        21 230
17  52  32  42  10  23   0 0.00    M    M 14.0 35 320   M    M   5        45 330
18  61  35  48  16  17   0 0.00    M    M 10.3 30 300   M    M   6        39 310
19  56  32  44  12  21   0 0.00    M    M  7.8 18 100   M    M   6        23  90
20  39  25  32   0  33   0 0.04    M    M  5.3 14  20   M    M   6 12     16 130
21  30  14  22 -10  43   0 0.11    M    M  4.6 13  60   M    M  10 128    17  40
22  35   6  21 -11  44   0 0.00    M    M  6.0 12 230   M    M   1 1      13 230
23  44  14  29  -3  36   0 0.00    M    M  4.7 13  40   M    M   5        17  10
24  51  26  39   7  26   0 0.00    M    M 11.2 25 320   M    M   5        33 320
25  58  25  42  10  23   0 0.00    M    M  7.5 20 340   M    M   4        24 330
26  68  33  51  19  14   0 0.00    M    M  7.1 14 170   M    M   1        16 170
27  73  38  56  24   9   0 0.00    M    M  7.6 16 200   M    M   3        19 210
================================================================================
SM 1255  521       861   0  0.33    M    188.7          M      149
================================================================================
AV 46.5 19.3                               7.0 FASTST   M    M   6    MAX(MPH)
                                 MISC ---->  # 35 320               # 45  330
================================================================================
NOTES:
# LAST OF SEVERAL OCCURRENCES

COLUMN 17 PEAK WIND IN M.P.H.

PRELIMINARY LOCAL CLIMATOLOGICAL DATA (WS FORM: F-6) , PAGE 2

                                          STATION:  CENTENNIAL CO
                                          MONTH:    JANUARY
                                          YEAR:     2015
                                          LATITUDE:   39 33 N
                                          LONGITUDE: 104 51 W

[TEMPERATURE DATA]      [PRECIPITATION DATA]       SYMBOLS USED IN COLUMN 16

AVERAGE MONTHLY: 32.9   TOTAL FOR MONTH:   0.33    1 = FOG OR MIST
DPTR FM NORMAL:   1.3   DPTR FM NORMAL:   -0.04    2 = FOG REDUCING VISIBILITY
HIGHEST:    73 ON 27    GRTST 24HR  0.16 ON 31- 1      TO 1/4 MILE OR LESS
LOWEST:     -3 ON  4, 3                            3 = THUNDER
                        SNOW, ICE PELLETS, HAIL    4 = ICE PELLETS
                        TOTAL MONTH:    M          5 = HAIL
                        GRTST 24HR    M  ON   M    6 = FREEZING RAIN OR DRIZZLE
                        GRTST DEPTH:  M  ON   M    7 = DUSTSTORM OR SANDSTORM:
                                                       VSBY 1/2 MILE OR LESS
                                                   8 = SMOKE OR HAZE
[NO. OF DAYS WITH]      [WEATHER - DAYS WITH]      9 = BLOWING SNOW
                                                   X = TORNADO
MAX 32 OR BELOW:   4    0.01 INCH OR MORE:   4
MAX 90 OR ABOVE:   0    0.10 INCH OR MORE:   2
MIN 32 OR BELOW:  24    0.50 INCH OR MORE:   0
MIN  0 OR BELOW:   3    1.00 INCH OR MORE:   0

[HDD (BASE 65) ]
TOTAL THIS MO.   861    CLEAR  (SCALE 0-3)   6
DPTR FM NORMAL   -42    PTCLDY (SCALE 4-7)  17
TOTAL FM JUL 1  3235    CLOUDY (SCALE 8-10)  4
DPTR FM NORMAL  -193

[CDD (BASE 65) ]
TOTAL THIS MO.     0
DPTR FM NORMAL     0    [PRESSURE DATA]
TOTAL FM JAN 1     0    HIGHEST SLP M ON M
DPTR FM NORMAL     0    LOWEST  SLP 29.81 ON 16

[REMARKS]
