000
CXUS52 KMFL 291000
CF6APF
PRELIMINARY LOCAL CLIMATOLOGICAL DATA (WS FORM: F-6)

                                          STATION:   NAPLES
                                          MONTH:     APRIL
                                          YEAR:      2016
                                          LATITUDE:   26  8 N
                                          LONGITUDE:  81 46 W

  TEMPERATURE IN F:       :PCPN:    SNOW:  WIND      :SUNSHINE: SKY     :PK WND
================================================================================
1   2   3   4   5  6A  6B    7    8   9   10  11  12  13   14  15   16   17  18
                                     12Z  AVG MX 2MIN
DY MAX MIN AVG DEP HDD CDD  WTR  SNW DPTH SPD SPD DIR MIN PSBL S-S WX    SPD DR
================================================================================

 1  87  72  80   9   0  15 0.00  0.0    0  9.2 22 170   M    M   2 18     27 150
 2  85  75  80   8   0  15 0.02  0.0    0 11.3 21 200   M    M   4 18     26 220
 3  82  67  75   3   0  10 0.00  0.0    0  9.0 17  50   M    M   5        24  30
 4  82  65  74   2   0   9    T  0.0    0  7.2 17  60   M    M   4 3      23  80
 5  85  63  74   2   0   9 0.00  0.0    0  7.4 15 310   M    M   0        21 310
 6  84  59  72   0   0   7 0.00  0.0    0  9.6 22 140   M    M   4        28 100
 7  81  64  73   1   0   8 0.00  0.0    0  7.2 16 250   M    M   1        21 270
 8  79  63  71  -1   0   6 0.00  0.0    0  6.2 15 290   M    M   1        21 290
 9  81  62  72   0   0   7 0.00  0.0    0 10.0 18 290   M    M   1        24  10
10  85  55  70  -2   0   5 0.00  0.0    0  9.9 23  80   M    M   1        30  80
11  87  62  75   2   0  10 0.00  0.0    0  8.7 20  90   M    M   5        23  90
12  83  62  73   0   0   8 0.00  0.0    0  5.9 14 260   M    M   1        19 260
13  83  64  74   1   0   9 0.00  0.0    0  6.0 20 220   M    M   2        23 220
14  85  68  77   4   0  12 0.00  0.0    0  7.2 18 210   M    M   1        22 210
15  84  70  77   4   0  12 0.00  0.0    0  7.2 17 220   M    M   2        22 210
16  88  69  79   6   0  14 0.00  0.0    0 10.5 24  70   M    M   5        30  70
17  85  66  76   3   0  11 0.00  0.0    0 14.4 24  80   M    M   3        30  70
18  85  61  73  -1   0   8 0.00  0.0    0 10.4 18  60   M    M   2        24  90
19  86  61  74   0   0   9 0.00  0.0    0  8.6 17  70   M    M   3        21  70
20  85  61  73  -1   0   8 0.00  0.0    0  8.1 16  80   M    M   2        21 100
21  87  63  75   1   0  10 0.15  0.0    0  8.1 17 110   M    M   4 1      23 140
22  86  70  78   4   0  13 0.00  0.0    0 10.7 21 210   M    M   5        25 210
23  82  73  78   4   0  13 0.00  0.0    0 10.2 17 280   M    M   2        23 290
24  88  68  78   3   0  13 0.00  0.0    0  7.2 16 290   M    M   2        20 290
25  87  69  78   3   0  13 0.11  0.0    0  8.7 16 100   M    M   5 13     21 110
26  84  67  76   1   0  11 0.19  0.0    0  6.6 16 140   M    M   3 18     20 120
27  86  69  78   3   0  13 0.00  0.0    0  6.9 15 230   M    M   3        18 230
28  88  71  80   5   0  15 0.00  0.0    0  6.7 15 220   M    M   2        19 210
================================================================================
SM 2370 1839         0 293  0.47     0.0 239.1          M       75
================================================================================
AV 84.6 65.7                               8.5 FASTST   M    M   3    MAX(MPH)
                                 MISC ---->  # 24  70               # 30   80
================================================================================
NOTES:
# LAST OF SEVERAL OCCURRENCES

COLUMN 17 PEAK WIND IN M.P.H.

PRELIMINARY LOCAL CLIMATOLOGICAL DATA (WS FORM: F-6) , PAGE 2

                                          STATION:  NAPLES
                                          MONTH:    APRIL
                                          YEAR:     2016
                                          LATITUDE:   26  8 N
                                          LONGITUDE:  81 46 W

[TEMPERATURE DATA]      [PRECIPITATION DATA]       SYMBOLS USED IN COLUMN 16

AVERAGE MONTHLY: 75.2   TOTAL FOR MONTH:   0.47    1 = FOG OR MIST
DPTR FM NORMAL:   2.0   DPTR FM NORMAL:   -1.77    2 = FOG REDUCING VISIBILITY
HIGHEST:    88 ON 28,24 GRTST 24HR  0.19 ON 26-26      TO 1/4 MILE OR LESS
LOWEST:     55 ON 10                               3 = THUNDER
                        SNOW, ICE PELLETS, HAIL    4 = ICE PELLETS
                        TOTAL MONTH:   0.0 INCH    5 = HAIL
                        GRTST 24HR     0.0         6 = FREEZING RAIN OR DRIZZLE
                        GRTST DEPTH:   0           7 = DUSTSTORM OR SANDSTORM:
                                                       VSBY 1/2 MILE OR LESS
                                                   8 = SMOKE OR HAZE
[NO. OF DAYS WITH]      [WEATHER - DAYS WITH]      9 = BLOWING SNOW
                                                   X = TORNADO
MAX 32 OR BELOW:   0    0.01 INCH OR MORE:   4
MAX 90 OR ABOVE:   0    0.10 INCH OR MORE:   3
MIN 32 OR BELOW:   0    0.50 INCH OR MORE:   0
MIN  0 OR BELOW:   0    1.00 INCH OR MORE:   0

[HDD (BASE 65) ]
TOTAL THIS MO.     0    CLEAR  (SCALE 0-3)  17
DPTR FM NORMAL     0    PTCLDY (SCALE 4-7)  11
TOTAL FM JUL 1   142    CLOUDY (SCALE 8-10)  0
DPTR FM NORMAL  -114

[CDD (BASE 65) ]
TOTAL THIS MO.   293
DPTR FM NORMAL    62    [PRESSURE DATA]
TOTAL FM JAN 1   715    HIGHEST SLP M ON M
DPTR FM NORMAL   117    LOWEST  SLP 29.87 ON M

[REMARKS]
