000
CXUS52 KMFL 241000
CF6APF
PRELIMINARY LOCAL CLIMATOLOGICAL DATA (WS FORM: F-6)

                                          STATION:   NAPLES
                                          MONTH:     OCTOBER
                                          YEAR:      2014
                                          LATITUDE:   26  8 N
                                          LONGITUDE:  81 46 W

  TEMPERATURE IN F:       :PCPN:    SNOW:  WIND      :SUNSHINE: SKY     :PK WND
================================================================================
1   2   3   4   5  6A  6B    7    8   9   10  11  12  13   14  15   16   17  18
                                     12Z  AVG MX 2MIN
DY MAX MIN AVG DEP HDD CDD  WTR  SNW DPTH SPD SPD DIR MIN PSBL S-S WX    SPD DR
================================================================================

 1  89  79  84   3   0  19 0.04  0.0    0  7.1 17 230   M    M   2 1      22 230
 2  89  78  84   3   0  19 0.00  0.0    0  4.2 13 280   M    M   1        17 280
 3  88  78  83   2   0  18 0.00  0.0    0  5.2 14 270   M    M   2        16 290
 4  87  73  80  -1   0  15    T  0.0    0  9.7 20 290   M    M   3        25 300
 5  83  67  75  -5   0  10 0.00  0.0    0  6.1 13 310   M    M   0        19 300
 6  88  66  77  -3   0  12 0.00  0.0    0  7.6 16  80   M    M   2        21  80
 7  87  73  80   0   0  15 0.00  0.0    0  6.9 16  80   M    M   2 3      23  10
 8  89  73  81   1   0  16 0.00  0.0    0  6.9 15  70   M    M   0        21  80
 9  91  75  83   3   0  18 0.00  0.0    0  9.8 17  70   M    M   1        22  60
10  91  73  82   2   0  17 0.00  0.0    0  8.6 17  60   M    M   2        21  70
11  92  72  82   2   0  17 0.00  0.0    0  7.1 15  80   M    M   1        18  90
12  93  72  83   4   0  18 0.45  0.0    0  7.3 20 110   M    M   2 13     25 110
13  91  74  83   4   0  18    T  0.0    0  9.1 21 150   M    M   3 3      24 150
14  89  76  83   4   0  18 0.07  0.0    0  8.7 18 200   M    M   1 3      23 210
15  85  75  80   1   0  15 0.87  0.0    0  5.7 15 290   M    M   2 13     20 320
16  83  67  75  -4   0  10 0.00  0.0    0  7.0 17 290   M    M   1        22 280
17  83  66  75  -3   0  10 0.00  0.0    0  5.4 16 300   M    M   0        21 300
18  82  63  73  -5   0   8 0.00  0.0    0  5.2 14 300   M    M   0        18 290
19  85  65  75  -3   0  10 0.00  0.0    0  5.8 13 280   M    M   0        15 280
20  88  67  78   0   0  13 0.00  0.0    0  5.9 12 110   M    M   3        15  80
21  80  74  77  -1   0  12 0.00  0.0    0  6.5 20 220   M    M   3        27 250
22  83  73  78   1   0  13 0.00  0.0    0  3.8 10  30   M    M   2        13  30
23  85  71  78   1   0  13 0.00  0.0    0 11.8 22  60   M    M   3        26  70
================================================================================
SM 2001 1650         0 334  1.43     0.0 161.4          M       36
================================================================================
AV 87.0 71.7                               7.0 FASTST   M    M   2    MAX(MPH)
                                 MISC ---->  # 22  60               # 27  250
================================================================================
NOTES:
# LAST OF SEVERAL OCCURRENCES

COLUMN 17 PEAK WIND IN M.P.H.

PRELIMINARY LOCAL CLIMATOLOGICAL DATA (WS FORM: F-6) , PAGE 2

                                          STATION:  NAPLES
                                          MONTH:    OCTOBER
                                          YEAR:     2014
                                          LATITUDE:   26  8 N
                                          LONGITUDE:  81 46 W

[TEMPERATURE DATA]      [PRECIPITATION DATA]       SYMBOLS USED IN COLUMN 16

AVERAGE MONTHLY: 79.4   TOTAL FOR MONTH:   1.43    1 = FOG OR MIST
DPTR FM NORMAL:   0.1   DPTR FM NORMAL:   -2.07    2 = FOG REDUCING VISIBILITY
HIGHEST:    93 ON 12    GRTST 24HR  0.94 ON 14-15      TO 1/4 MILE OR LESS
LOWEST:     63 ON 18                               3 = THUNDER
                        SNOW, ICE PELLETS, HAIL    4 = ICE PELLETS
                        TOTAL MONTH:   0.0 INCH    5 = HAIL
                        GRTST 24HR     0.0         6 = FREEZING RAIN OR DRIZZLE
                        GRTST DEPTH:   0           7 = DUSTSTORM OR SANDSTORM:
                                                       VSBY 1/2 MILE OR LESS
                                                   8 = SMOKE OR HAZE
[NO. OF DAYS WITH]      [WEATHER - DAYS WITH]      9 = BLOWING SNOW
                                                   X = TORNADO
MAX 32 OR BELOW:   0    0.01 INCH OR MORE:   4
MAX 90 OR ABOVE:   5    0.10 INCH OR MORE:   2
MIN 32 OR BELOW:   0    0.50 INCH OR MORE:   1
MIN  0 OR BELOW:   0    1.00 INCH OR MORE:   0

[HDD (BASE 65) ]
TOTAL THIS MO.     0    CLEAR  (SCALE 0-3)  19
DPTR FM NORMAL     0    PTCLDY (SCALE 4-7)   4
TOTAL FM JUL 1     0    CLOUDY (SCALE 8-10)  0
DPTR FM NORMAL     0

[CDD (BASE 65) ]
TOTAL THIS MO.   334
DPTR FM NORMAL     7    [PRESSURE DATA]
TOTAL FM JAN 1  3723    HIGHEST SLP M ON M
DPTR FM NORMAL   219    LOWEST  SLP 29.83 ON  4

[REMARKS]
