000
CXUS53 KAPX 280631
CF6APX
PRELIMINARY LOCAL CLIMATOLOGICAL DATA (WS FORM: F-6)

                                          STATION:   GAYLORD  WFO
                                          MONTH:     MARCH
                                          YEAR:      2015
                                          LATITUDE:   45  4 N
                                          LONGITUDE:  84 43 W

  TEMPERATURE IN F:       :PCPN:    SNOW:  WIND      :SUNSHINE: SKY     :PK WND
================================================================================
1   2   3   4   5  6A  6B    7    8   9   10  11  12  13   14  15   16   17  18
                                     12Z  AVG MX 2MIN
DY MAX MIN AVG DEP HDD CDD  WTR  SNW DPTH SPD SPD DIR MIN PSBL S-S WX    SPD DR
================================================================================

 1  25  10  18  -4  47   0 0.03  0.8   19   M   M   M   M    M   M         M  M
 2  24  10  17  -6  48   0 0.01  0.5   19   M   M   M   M    M   M         M  M
 3  25  10  18  -5  47   0 0.20  2.0   19   M   M   M   M    M   M         M  M
 4  24  -1  12 -11  53   0    T    T   20   M   M   M   M    M   M         M  M
 5  13  -6   4 -20  61   0    T    T   20   M   M   M   M    M   M         M  M
 6  28   4  16  -8  49   0    T    T   20   M   M   M   M    M   M         M  M
 7  31  16  24   0  41   0    T    T   20   M   M   M   M    M   M         M  M
 8  39  12  26   1  39   0 0.05  0.8   20   M   M   M   M    M   M 8       M  M
 9  46  25  36  11  29   0 0.00  0.0   19   M   M   M   M    M   M         M  M
10  52  31  42  17  23   0 0.00  0.0   17   M   M   M   M    M   M         M  M
11  43  26  35   9  30   0 0.00  0.0   15   M   M   M   M    M   M         M  M
12  44  27  36  10  29   0 0.00  0.0   14   M   M   M   M    M   M         M  M
13  58  27  43  17  22   0 0.00  0.0   11   M   M   M   M    M   M         M  M
14  42  29  36   9  29   0    T    T   10   M   M   M   M    M   M         M  M
15  48  27  38  11  27   0    T    T    9   M   M   M   M    M   M         M  M
16  53  33  43  15  22   0 0.18    T    6   M   M   M   M    M   M         M  M
17  33  21  27  -1  38   0 0.00  0.0    4   M   M   M   M    M   M         M  M
18  33  19  26  -2  39   0 0.00  0.0    3   M   M   M   M    M   M         M  M
19  39  15  27  -2  38   0 0.00  0.0    3   M   M   M   M    M   M         M  M
20  45  26  36   7  29   0 0.01  0.0    2   M   M   M   M    M   M         M  M
21  37  14  26  -4  39   0 0.04  0.2    1   M   M   M   M    M   M         M  M
22  27   8  18 -12  47   0 0.00  0.0    1   M   M   M   M    M   M         M  M
23  32  12  22  -8  43   0 0.00  0.0    1   M   M   M   M    M   M         M  M
24  44  13  29  -2  36   0 0.00  0.0    1   M   M   M   M    M   M         M  M
25  35  25  30  -1  35   0 0.26  0.4    T   M   M   M   M    M   M         M  M
26  34  16  25  -7  40   0 0.01  0.3    T   M   M   M   M    M   M         M  M
27  19   8  14 -18  51   0 0.01  0.3    1   M   M   M   M    M   M         M  M
================================================================================
SM  973  457      1031   0  0.80     5.3     M          M        M
================================================================================
AV 36.0 16.9                                 M FASTST   M    M   4    MAX(MPH)
                                 MISC ---->     M   M                  M    M
================================================================================
NOTES:
# LAST OF SEVERAL OCCURRENCES

COLUMN 17 PEAK WIND IN M.P.H.

PRELIMINARY LOCAL CLIMATOLOGICAL DATA (WS FORM: F-6) , PAGE 2

                                          STATION:  GAYLORD  WFO
                                          MONTH:    MARCH
                                          YEAR:     2015
                                          LATITUDE:   45  4 N
                                          LONGITUDE:  84 43 W

[TEMPERATURE DATA]      [PRECIPITATION DATA]       SYMBOLS USED IN COLUMN 16

AVERAGE MONTHLY: 26.5   TOTAL FOR MONTH:   0.80    1 = FOG OR MIST
DPTR FM NORMAL:  -0.5   DPTR FM NORMAL:   -0.83    2 = FOG REDUCING VISIBILITY
HIGHEST:    58 ON 13    GRTST 24HR  0.26 ON 25-25      TO 1/4 MILE OR LESS
LOWEST:     -6 ON  5                               3 = THUNDER
                        SNOW, ICE PELLETS, HAIL    4 = ICE PELLETS
                        TOTAL MONTH:   5.3 INCHES  5 = HAIL
                        GRTST 24HR   2.0 ON  3- 3  6 = FREEZING RAIN OR DRIZZLE
                        GRTST DEPTH:  20 ON  8, 7  7 = DUSTSTORM OR SANDSTORM:
                                                       VSBY 1/2 MILE OR LESS
                                                   8 = SMOKE OR HAZE
[NO. OF DAYS WITH]      [WEATHER - DAYS WITH]      9 = BLOWING SNOW
                                                   X = TORNADO
MAX 32 OR BELOW:  10    0.01 INCH OR MORE:  10
MAX 90 OR ABOVE:   0    0.10 INCH OR MORE:   3
MIN 32 OR BELOW:  26    0.50 INCH OR MORE:   0
MIN  0 OR BELOW:   2    1.00 INCH OR MORE:   0

[HDD (BASE 65) ]
TOTAL THIS MO.  1031    CLEAR  (SCALE 0-3)   0
DPTR FM NORMAL     5    PTCLDY (SCALE 4-7)   0
TOTAL FM JUL 1  7508    CLOUDY (SCALE 8-10)  0
DPTR FM NORMAL   434

[CDD (BASE 65) ]
TOTAL THIS MO.     0
DPTR FM NORMAL     0    [PRESSURE DATA]
TOTAL FM JAN 1     0    HIGHEST SLP M ON M
DPTR FM NORMAL     0    LOWEST  SLP M ON M

[REMARKS]
