000
CXUS54 KLCH 300410
CF6ARA
PRELIMINARY LOCAL CLIMATOLOGICAL DATA (WS FORM: F-6)

                                          STATION:   NEW IBERIA
                                          MONTH:     APRIL
                                          YEAR:      2016
                                          LATITUDE:   30  1 N
                                          LONGITUDE:  91 53 W

  TEMPERATURE IN F:       :PCPN:    SNOW:  WIND      :SUNSHINE: SKY     :PK WND
================================================================================
1   2   3   4   5  6A  6B    7    8   9   10  11  12  13   14  15   16   17  18
                                     12Z  AVG MX 2MIN
DY MAX MIN AVG DEP HDD CDD  WTR  SNW DPTH SPD SPD DIR MIN PSBL S-S WX    SPD DR
================================================================================

 1  73  53  63  -2   2   0 0.14  0.0    0 13.5 31  50   M    M   9 13     38 320
 2  71  51  61  -4   4   0 0.00  0.0    0 11.1 24  10   M    M   0 8      29  10
 3  74  43  59  -6   6   0 0.00  0.0    0  4.1 14 220   M    M   0 8      17 220
 4  79  46  63  -2   2   0 0.00  0.0    0  3.3 13 190   M    M   0 1      18 190
 5  83  51  67   1   0   2    T  0.0    0  4.6 16 200   M    M   2 12     23 220
 6  78  53  66   0   0   1    T  0.0    0  9.2 24 220   M    M   3 1      28 220
 7  81  49  65  -1   0   0 0.00  0.0    0  4.2 13 280   M    M   0 12     16 250
 8  79  55  67   1   0   2 0.00  0.0    0  8.3 23  10   M    M   0        27  10
 9  78  48  63  -3   2   0 0.01    M    0  6.3 18 120   M    M   1        23 140
10  78  51  65  -2   0   0    T  0.0    0 13.3 26 150   M    M   1        33 150
11  80  63  72   5   0   7 0.01  0.0    0 13.2 28 170   M    M   7 1      34 180
12  84  69  77  10   0  12 0.08  0.0    0  8.6 21  30   M    M   7 13     25  30
13  77  64  71   4   0   6 2.49  0.0    0  8.9 30  30   M    M   6 13     36  30
14  80  65  73   5   0   8 0.16  0.0    0  7.7 16 160   M    M   8 13     21 160
15  82  67  75   7   0  10    T  0.0    0 11.0 21 110   M    M   7        24 100
16  78  67  73   5   0   8 0.00  0.0    0 14.0 22  70   M    M   8        31 120
17  79  67  73   5   0   8 0.00  0.0    0 16.3 25 100   M    M   9        30 110
18  80  67  74   6   0   9    T  0.0    0 15.0 24 110   M    M   8        30 110
19  77  67  72   3   0   7    T  0.0    0  9.0 17 140   M    M   6        22 160
20  81  65  73   4   0   8 0.58    M    0 10.5 22 170   M    M   6 13     30 170
21  81  64  73   4   0   8 0.70  0.0    0  6.1 25 300   M    M   3 123    34 300
22  82  62  72   2   0   7    T  0.0    0  5.1 15 300   M    M   6 12     19 290
23  82  58  70   0   0   5 0.00  0.0    0  5.0 14  10   M    M   0        19  20
24  82  57  70   0   0   5 0.00  0.0    0  6.1 16 190   M    M   1        22 200
25  83  62  73   3   0   8 0.00  0.0    0  8.7 17 180   M    M   2        23 170
26  85  70  78   7   0  13    T  0.0    0 12.7 21 180   M    M   5 1      26 150
27  84  67  76   5   0  11 0.55  0.0    0  9.7 21 320   M    M   7 13     28 340
28  86  72  79   8   0  14 0.00  0.0    0  7.2 17 160   M    M   8 3      22 150
================================================================================
SM 2237 1673        16 159  4.72     0.0 252.7          M      120
================================================================================
AV 79.9 59.8                               9.0 FASTST   M    M   4    MAX(MPH)
                                 MISC ---->  # 31  50               # 38  320
================================================================================
NOTES:
# LAST OF SEVERAL OCCURRENCES

COLUMN 17 PEAK WIND IN M.P.H.

PRELIMINARY LOCAL CLIMATOLOGICAL DATA (WS FORM: F-6) , PAGE 2

                                          STATION:  NEW IBERIA
                                          MONTH:    APRIL
                                          YEAR:     2016
                                          LATITUDE:   30  1 N
                                          LONGITUDE:  91 53 W

[TEMPERATURE DATA]      [PRECIPITATION DATA]       SYMBOLS USED IN COLUMN 16

AVERAGE MONTHLY: 69.8   TOTAL FOR MONTH:   4.72    1 = FOG OR MIST
DPTR FM NORMAL:   2.0   DPTR FM NORMAL:    0.88    2 = FOG REDUCING VISIBILITY
HIGHEST:    86 ON 28    GRTST 24HR  2.62 ON 13-14      TO 1/4 MILE OR LESS
LOWEST:     43 ON  3                               3 = THUNDER
                        SNOW, ICE PELLETS, HAIL    4 = ICE PELLETS
                        TOTAL MONTH:   0.0 INCH    5 = HAIL
                        GRTST 24HR     0.0         6 = FREEZING RAIN OR DRIZZLE
                        GRTST DEPTH:   0           7 = DUSTSTORM OR SANDSTORM:
                                                       VSBY 1/2 MILE OR LESS
                                                   8 = SMOKE OR HAZE
[NO. OF DAYS WITH]      [WEATHER - DAYS WITH]      9 = BLOWING SNOW
                                                   X = TORNADO
MAX 32 OR BELOW:   0    0.01 INCH OR MORE:   9
MAX 90 OR ABOVE:   0    0.10 INCH OR MORE:   6
MIN 32 OR BELOW:   0    0.50 INCH OR MORE:   4
MIN  0 OR BELOW:   0    1.00 INCH OR MORE:   1

[HDD (BASE 65) ]
TOTAL THIS MO.    16    CLEAR  (SCALE 0-3)  12
DPTR FM NORMAL   -27    PTCLDY (SCALE 4-7)  13
TOTAL FM JUL 1   997    CLOUDY (SCALE 8-10)  3
DPTR FM NORMAL  -410

[CDD (BASE 65) ]
TOTAL THIS MO.   159
DPTR FM NORMAL    37    [PRESSURE DATA]
TOTAL FM JAN 1   274    HIGHEST SLP M ON M
DPTR FM NORMAL    69    LOWEST  SLP 29.67 ON 27

[REMARKS]
