000
CXUS56 KPQR 261200
CF6AST
PRELIMINARY LOCAL CLIMATOLOGICAL DATA (WS FORM: F-6)

                                          STATION:   ASTORIA OR
                                          MONTH:     MARCH
                                          YEAR:      2017
                                          LATITUDE:   46  9 N
                                          LONGITUDE: 123 53 W

  TEMPERATURE IN F:       :PCPN:    SNOW:  WIND      :SUNSHINE: SKY     :PK WND
================================================================================
1   2   3   4   5  6A  6B    7    8   9   10  11  12  13   14  15   16   17  18
                                     12Z  AVG MX 2MIN
DY MAX MIN AVG DEP HDD CDD  WTR  SNW DPTH SPD SPD DIR MIN PSBL S-S WX    SPD DR
================================================================================

 1  50  41  46   1  19   0 0.09    M    0  8.0 21 250   M    M   9 1      30 260
 2  49  42  46   1  19   0 0.50    M    0 10.1 22 200   M    M  10 1      32 190
 3  50  39  45   0  20   0 1.14    M    0 15.3 25 290   M    M  10 18     36 210
 4  45  35  40  -5  25   0 0.57    M    0  6.0 15 270   M    M   8 1      25 220
 5  43  34  39  -6  26   0 0.79    M    0 10.5 24 220   M    M   8 13     35 240
 6  44  33  39  -7  26   0 0.18    M    M  7.9 23 290   M    M   7 1      32 290
 7  50  40  45  -1  20   0 1.19    M    M  9.6 28 200   M    M   9 1      42 190
 8  44  41  43  -3  22   0 0.68  0.0    0  4.4 15 280   M    M  10 1      19 290
 9  54  42  48   2  17   0 0.85    M    0 12.7 32 200   M    M   9 1      45 200
10  50  43  47   1  18   0 0.05    M    0 10.3 30 210   M    M   8 1      48 190
11  52  42  47   1  18   0 0.45    M    0  9.2 28 200   M    M   7 18     46 210
12  58  45  52   6  13   0 0.03    M    0  4.0 14 220   M    M   7 1      21 220
13  56  47  52   6  13   0 1.28    M    0  7.2 17 200   M    M  10 1      26 180
14  57  50  54   8  11   0 1.06  0.0    0 14.6 29 200   M    M  10 18     45 190
15  53  44  49   3  16   0 0.52    M    0  7.8 22 260   M    M  10 1      31 240
16  51  37  44  -2  21   0 0.02    M    0  7.3 18 240   M    M   2 1      23 250
17  58  35  47   1  18   0 1.10    M    0  8.1 35 180   M    M   7 1      51 170
18  56  34  45  -2  20   0 0.73    M    0  9.3 35 190   M    M   7 1      52 200
19  54  32  43  -4  22   0 0.00  0.0    0  7.0 17  70   M    M   0        21  70
20  51  42  47   0  18   0 0.34    M    0  8.7 16  80   M    M   7 1      20  90
21  59  47  53   6  12   0 0.13    M    0  9.1 23 190   M    M  10 1      36 220
22  51  43  47   0  18   0 0.32    M    0 11.5 24 200   M    M  10 1      34 200
23  53  40  47   0  18   0 0.26    M    0  7.7 21 170   M    M   8        26 180
24  53  45  49   2  16   0 0.23    M    0 10.7 24 200   M    M   8 1      35 170
25  51  43  47   0  18   0 0.17    M    0  5.7 15 250   M    M   8 1      22 310
================================================================================
SM 1292 1016       464   0 12.68     0.0 222.7          M      199
================================================================================
AV 51.7 40.6                               8.9 FASTST   M    M   8    MAX(MPH)
                                 MISC ---->  # 35 180               # 52  200
================================================================================
NOTES:
# LAST OF SEVERAL OCCURRENCES

COLUMN 17 PEAK WIND IN M.P.H.

PRELIMINARY LOCAL CLIMATOLOGICAL DATA (WS FORM: F-6) , PAGE 2

                                          STATION:  ASTORIA OR
                                          MONTH:    MARCH
                                          YEAR:     2017
                                          LATITUDE:   46  9 N
                                          LONGITUDE: 123 53 W

[TEMPERATURE DATA]      [PRECIPITATION DATA]       SYMBOLS USED IN COLUMN 16

AVERAGE MONTHLY: 46.2   TOTAL FOR MONTH:  12.68    1 = FOG OR MIST
DPTR FM NORMAL:   0.0   DPTR FM NORMAL:    6.55    2 = FOG REDUCING VISIBILITY
HIGHEST:    59 ON 21    GRTST 24HR  1.28 ON 13-13      TO 1/4 MILE OR LESS
LOWEST:     32 ON 19                               3 = THUNDER
                        SNOW, ICE PELLETS, HAIL    4 = ICE PELLETS
                        TOTAL MONTH:   0.0 INCH    5 = HAIL
                        GRTST 24HR     0.0         6 = FREEZING RAIN OR DRIZZLE
                        GRTST DEPTH:   0           7 = DUSTSTORM OR SANDSTORM:
                                                       VSBY 1/2 MILE OR LESS
                                                   8 = SMOKE OR HAZE
[NO. OF DAYS WITH]      [WEATHER - DAYS WITH]      9 = BLOWING SNOW
                                                   X = TORNADO
MAX 32 OR BELOW:   0    0.01 INCH OR MORE:  24
MAX 90 OR ABOVE:   0    0.10 INCH OR MORE:  20
MIN 32 OR BELOW:   1    0.50 INCH OR MORE:  12
MIN  0 OR BELOW:   0    1.00 INCH OR MORE:   5

[HDD (BASE 65) ]
TOTAL THIS MO.   464    CLEAR  (SCALE 0-3)   2
DPTR FM NORMAL    -8    PTCLDY (SCALE 4-7)   9
TOTAL FM JUL 1  3447    CLOUDY (SCALE 8-10) 14
DPTR FM NORMAL  -367

[CDD (BASE 65) ]
TOTAL THIS MO.     0
DPTR FM NORMAL     0    [PRESSURE DATA]
TOTAL FM JAN 1     0    HIGHEST SLP M ON M
DPTR FM NORMAL     0    LOWEST  SLP 29.55 ON  4

[REMARKS]
