000
CXUS56 KPQR 281330
CF6AST
PRELIMINARY LOCAL CLIMATOLOGICAL DATA (WS FORM: F-6)

                                          STATION:   ASTORIA OR
                                          MONTH:     NOVEMBER
                                          YEAR:      2014
                                          LATITUDE:   46  9 N
                                          LONGITUDE: 123 53 W

  TEMPERATURE IN F:       :PCPN:    SNOW:  WIND      :SUNSHINE: SKY     :PK WND
================================================================================
1   2   3   4   5  6A  6B    7    8   9   10  11  12  13   14  15   16   17  18
                                     12Z  AVG MX 2MIN
DY MAX MIN AVG DEP HDD CDD  WTR  SNW DPTH SPD SPD DIR MIN PSBL S-S WX    SPD DR
================================================================================

 1  57  39  48  -2  17   0 0.00  0.0    0  4.6 13 270   M    M   6 128    16 230
 2  57  43  50   1  15   0 0.97    M    0  8.5 22 210   M    M  10 1      36 180
 3  59  55  57   8   8   0 0.89  0.0    0 12.6 23 180   M    M  10 1      35 180
 4  61  51  56   7   9   0 0.11  0.0    0  9.8 26 190   M    M   8 1      38 190
 5  62  52  57   8   8   0 0.12  0.0    0  2.7 22 140   M    M  10 1      23 140
 6  61  47  54   5  11   0 0.63    M    0 12.1 30 230   M    M   8 12     39 250
 7  59  40  50   2  15   0    T    M    0  3.3  8  10   M    M   4 12     11 350
 8  58  38  48   0  17   0 0.00  0.0    0  3.3 12  40   M    M   2 12     20  10
 9  57  41  49   1  16   0 0.31    M    0 11.5 25 290   M    M   9 1      34 290
10  57  42  50   2  15   0 0.00  0.0    0  8.6 18  70   M    M   2        22  70
11  51  35  43  -5  22   0 0.00    M    0 18.4 26  80   M    M   0        36  80
12  46  32  39  -9  26   0    T    M    0 14.0 24 110   M    M   3        33  80
13  41  33  37 -10  28   0    T    M    0  9.4 20  80   M    M   7        25  80
14  48  26  37 -10  28   0 0.00  0.0    0  4.9 14  50   M    M   0        18  70
15  47  24  36 -11  29   0 0.00  0.0    0 10.1 24  80   M    M   0        29  80
16  53  26  40  -7  25   0 0.00  0.0    0  8.9 15  90   M    M   0        19  80
17  55  33  44  -2  21   0 0.00  0.0    0  8.3 14  60   M    M   0        17  40
18  51  31  41  -5  24   0 0.00  0.0    0  5.9 15 360   M    M   1        27 350
19  55  42  49   3  16   0 0.08    M    0  8.4 15  70   M    M   3 1      19  50
20  55  44  50   4  15   0 0.04    M    0  4.9 14 210   M    M  10 1      19 190
21  57  48  53   7  12   0 1.36    M    0 10.4 35 190   M    M  10 1      50 190
22  54  40  47   1  18   0 0.41    M    0  6.7 25 290   M    M   4 13     35 300
23  56  37  47   2  18   0 0.08    M    0 10.2 29 220   M    M   9 123    47 210
24  56  38  47   2  18   0 0.22    M    0  9.2 24 190   M    M   8 1      36 220
25  58  55  57  12   8   0 0.16  0.0    0 15.4 22 220   M    M  10 1      33 240
26  61  53  57  12   8   0 0.06  0.0    0  9.7 28 190   M    M   8 1      39 170
27  58  55  57  13   8   0 0.53  0.0    0 15.9 26 190   M    M  10 1      42 210
================================================================================
SM 1490 1100       455   0  5.97     0.0 247.7          M      152
================================================================================
AV 55.2 40.7                               9.2 FASTST   M    M   6    MAX(MPH)
                                 MISC ---->  # 35 190               # 50  190
================================================================================
NOTES:
# LAST OF SEVERAL OCCURRENCES

COLUMN 17 PEAK WIND IN M.P.H.

PRELIMINARY LOCAL CLIMATOLOGICAL DATA (WS FORM: F-6) , PAGE 2

                                          STATION:  ASTORIA OR
                                          MONTH:    NOVEMBER
                                          YEAR:     2014
                                          LATITUDE:   46  9 N
                                          LONGITUDE: 123 53 W

[TEMPERATURE DATA]      [PRECIPITATION DATA]       SYMBOLS USED IN COLUMN 16

AVERAGE MONTHLY: 48.0   TOTAL FOR MONTH:   5.97    1 = FOG OR MIST
DPTR FM NORMAL:   0.9   DPTR FM NORMAL:   -3.98    2 = FOG REDUCING VISIBILITY
HIGHEST:    62 ON  5    GRTST 24HR  1.58 ON 21-22      TO 1/4 MILE OR LESS
LOWEST:     24 ON 15                               3 = THUNDER
                        SNOW, ICE PELLETS, HAIL    4 = ICE PELLETS
                        TOTAL MONTH:   0.0 INCH    5 = HAIL
                        GRTST 24HR     0.0         6 = FREEZING RAIN OR DRIZZLE
                        GRTST DEPTH:   0           7 = DUSTSTORM OR SANDSTORM:
                                                       VSBY 1/2 MILE OR LESS
                                                   8 = SMOKE OR HAZE
[NO. OF DAYS WITH]      [WEATHER - DAYS WITH]      9 = BLOWING SNOW
                                                   X = TORNADO
MAX 32 OR BELOW:   0    0.01 INCH OR MORE:  15
MAX 90 OR ABOVE:   0    0.10 INCH OR MORE:  11
MIN 32 OR BELOW:   5    0.50 INCH OR MORE:   5
MIN  0 OR BELOW:   0    1.00 INCH OR MORE:   1

[HDD (BASE 65) ]
TOTAL THIS MO.   455    CLEAR  (SCALE 0-3)   9
DPTR FM NORMAL   -27    PTCLDY (SCALE 4-7)   8
TOTAL FM JUL 1   909    CLOUDY (SCALE 8-10) 10
DPTR FM NORMAL  -440

[CDD (BASE 65) ]
TOTAL THIS MO.     0
DPTR FM NORMAL     0    [PRESSURE DATA]
TOTAL FM JAN 1    45    HIGHEST SLP M ON M
DPTR FM NORMAL    33    LOWEST  SLP 29.42 ON 21

[REMARKS]
