000
CXUS52 KFFC 251110
CF6ATL
PRELIMINARY LOCAL CLIMATOLOGICAL DATA (WS FORM: F-6)

                                          STATION:   ATLANTA
                                          MONTH:     MAY
                                          YEAR:      2017
                                          LATITUDE:   33 39 N
                                          LONGITUDE:  84 26 W

  TEMPERATURE IN F:       :PCPN:    SNOW:  WIND      :SUNSHINE: SKY     :PK WND
================================================================================
1   2   3   4   5  6A  6B    7    8   9   10  11  12  13   14  15   16   17  18
                                     12Z  AVG MX 2MIN
DY MAX MIN AVG DEP HDD CDD  WTR  SNW DPTH SPD SPD DIR MIN PSBL S-S WX    SPD DR
================================================================================

 1  75  59  67   1   0   2 0.23  0.0    0 12.4 25 180   M    M   7 13     32 170
 2  80  50  65  -1   0   0 0.00  0.0    0  7.4 20 310   M    M   0        24 300
 3  83  57  70   3   0   5 0.00  0.0    0  5.5 17 170   M    M   5        23 180
 4  73  55  64  -3   1   0 0.72  0.0    0 10.1 30 120   M    M  10 13     44 130
 5  56  49  53 -14  12   0 0.04  0.0    0 12.4 22 300   M    M   9 1      27 240
 6  73  45  59  -8   6   0 0.00  0.0    0 14.3 25 260   M    M   5        35 260
 7  70  50  60  -8   5   0 0.00  0.0    0  9.9 21 310   M    M   2        28 310
 8  79  50  65  -3   0   0 0.00  0.0    0  8.0 22 310   M    M   1        27 340
 9  85  58  72   4   0   7 0.00  0.0    0  8.2 20 270   M    M   1        26 270
10  86  62  74   6   0   9 0.00  0.0    0  7.5 15 290   M    M   1        19 270
11  86  65  76   7   0  11 0.00  0.0    0  9.9 18 270   M    M   7        24 280
12  82  64  73   4   0   8 0.16  0.0    0  7.5 17 300   M    M   8        21 230
13  79  63  71   2   0   6 0.02  0.0    0  6.5 20  50   M    M   7 13     25 340
14  83  60  72   2   0   7 0.00  0.0    0  5.1 14  80   M    M   1        19  80
15  88  63  76   6   0  11 0.00  0.0    0  4.6 13 300   M    M   1        15 290
16  90  66  78   8   0  13 0.00  0.0    0  5.1 15 230   M    M   2        21 250
17  89  67  78   8   0  13 0.00  0.0    0  8.9 17 190   M    M   4 8      24 200
18  89  73  81  10   0  16    T  0.0    0  6.9 15 170   M    M   7 8      19 220
19  90  70  80   9   0  15 0.00  0.0    0  6.7 16 170   M    M   5        21 160
20  87  69  78   7   0  13 0.10  0.0    0  8.8 32 170   M    M   6 13     45 170
21  83  68  76   4   0  11 0.57  0.0    0  6.7 18 330   M    M   9 13     23 330
22  79  68  74   2   0   9 0.34  0.0    0  3.2 12 110   M    M   8 13     15 360
23  74  65  70  -2   0   5 1.53  0.0    0  6.1 17  10   M    M   9 1      21  10
24  79  59  69  -3   0   4    T  0.0    0 11.7 22 260   M    M   6 1      30 250
================================================================================
SM 1938 1455        24 165  3.71     0.0 193.4          M      121
================================================================================
AV 80.8 60.6                               8.1 FASTST   M    M   5    MAX(MPH)
                                 MISC ---->  # 32 170               # 45  170
================================================================================
NOTES:
# LAST OF SEVERAL OCCURRENCES

COLUMN 17 PEAK WIND IN M.P.H.

PRELIMINARY LOCAL CLIMATOLOGICAL DATA (WS FORM: F-6) , PAGE 2

                                          STATION:  ATLANTA
                                          MONTH:    MAY
                                          YEAR:     2017
                                          LATITUDE:   33 39 N
                                          LONGITUDE:  84 26 W

[TEMPERATURE DATA]      [PRECIPITATION DATA]       SYMBOLS USED IN COLUMN 16

AVERAGE MONTHLY: 70.7   TOTAL FOR MONTH:   3.71    1 = FOG OR MIST
DPTR FM NORMAL:   1.5   DPTR FM NORMAL:    0.81    2 = FOG REDUCING VISIBILITY
HIGHEST:    90 ON 19,16 GRTST 24HR  1.53 ON 23-23      TO 1/4 MILE OR LESS
LOWEST:     45 ON  6                               3 = THUNDER
                        SNOW, ICE PELLETS, HAIL    4 = ICE PELLETS
                        TOTAL MONTH:   0.0 INCH    5 = HAIL
                        GRTST 24HR     0.0         6 = FREEZING RAIN OR DRIZZLE
                        GRTST DEPTH:   0           7 = DUSTSTORM OR SANDSTORM:
                                                       VSBY 1/2 MILE OR LESS
                                                   8 = SMOKE OR HAZE
[NO. OF DAYS WITH]      [WEATHER - DAYS WITH]      9 = BLOWING SNOW
                                                   X = TORNADO
MAX 32 OR BELOW:   0    0.01 INCH OR MORE:   9
MAX 90 OR ABOVE:   2    0.10 INCH OR MORE:   7
MIN 32 OR BELOW:   0    0.50 INCH OR MORE:   3
MIN  0 OR BELOW:   0    1.00 INCH OR MORE:   1

[HDD (BASE 65) ]
TOTAL THIS MO.    24    CLEAR  (SCALE 0-3)   8
DPTR FM NORMAL     0    PTCLDY (SCALE 4-7)  12
TOTAL FM JUL 1  1690    CLOUDY (SCALE 8-10)  4
DPTR FM NORMAL -1074

[CDD (BASE 65) ]
TOTAL THIS MO.   165
DPTR FM NORMAL    41    [PRESSURE DATA]
TOTAL FM JAN 1   354    HIGHEST SLP M ON M
DPTR FM NORMAL   164    LOWEST  SLP 29.43 ON 24

[REMARKS]
