000
CXUS55 KABR 281400
CF6ATY
PRELIMINARY LOCAL CLIMATOLOGICAL DATA (WS FORM: F-6)

                                          STATION:   WATERTOWN SD
                                          MONTH:     MARCH
                                          YEAR:      2015
                                          LATITUDE:   44 55 N
                                          LONGITUDE:  97  9 W

  TEMPERATURE IN F:       :PCPN:    SNOW:  WIND      :SUNSHINE: SKY     :PK WND
================================================================================
1   2   3   4   5  6A  6B    7    8   9   10  11  12  13   14  15   16   17  18
                                     12Z  AVG MX 2MIN
DY MAX MIN AVG DEP HDD CDD  WTR  SNW DPTH SPD SPD DIR MIN PSBL S-S WX    SPD DR
================================================================================

 1  28  -1  14  -9  51   0    T    T    0 11.1 23 270   M    M   2        29 280
 2  28  -4  12 -11  53   0 0.00  0.0    1 14.0 29 170   M    M   5 1      35 160
 3  26  -2  12 -12  53   0 0.19  3.8    4 18.0 33 330   M    M   7 18     42 340
 4   4 -13  -4 -28  69   0    T    T    5 10.9 23 310   M    M   4 18     27 320
 5  23 -18   3 -22  62   0 0.00  0.0    5  8.8 21 200   M    M   0        25 210
 6  35   5  20  -5  45   0 0.00  0.0    5  8.0 14 330   M    M   2        17 340
 7  41  29  35  10  30   0 0.00  0.0    3 10.7 22 340   M    M   6        25 310
 8  48  27  38  12  27   0 0.00  0.0    1  9.3 20 260   M    M   1 1      26 260
 9  54  29  42  16  23   0 0.00  0.0    0  8.0 18 220   M    M   2        23 220
10  56  27  42  15  23   0 0.00  0.0    0  6.9 22 350   M    M   0        26 350
11  56  26  41  14  24   0 0.00  0.0    0 10.3 22 160   M    M   0 8      28 170
12  68  39  54  26  11   0 0.00  0.0    0 11.5 20 210   M    M   0        26 200
13  55  30  43  15  22   0 0.00  0.0    0  9.1 28 320   M    M   0        34 320
14  65  25  45  17  20   0 0.00  0.0    0  8.1 17 180   M    M   0 1      24 180
15  74  47  61  32   4   0 0.00  0.0    0  9.2 20 180   M    M   0        28 180
16  57  29  43  14  22   0 0.00  0.0    0 16.0 37  10   M    M   1        45 360
17  43  19  31   1  34   0 0.00  0.0    0  4.2 14 360   M    M   1        18 360
18  38  31  35   5  30   0 0.04  0.6    T  7.7 14 140   M    M  10 1      19 140
19  53  26  40   9  25   0 0.00  0.0    0 12.7 25 260   M    M   8        30 260
20  66  24  45  14  20   0 0.00  0.0    0 11.5 30 240   M    M   1 1      38 230
21  41  20  31  -1  34   0 0.00  0.0    0 10.4 18  90   M    M   0        26  80
22  37  26  32   0  33   0 0.02  2.1    0 14.2 24 100   M    M   5 1      35  80
23  44  26  35   3  30   0    T    T    T 11.5 21 150   M    M   6 12     25 150
24  35  29  32  -1  33   0 0.02  0.0    0 16.9 23 200   M    M   9 18     30 170
25  41  31  36   3  29   0 0.00  0.0    0 21.4 36 320   M    M   9 1      46 330
26  37  17  27  -7  38   0 0.00  0.0    0 11.3 22  10   M    M   5        28  20
27  36  10  23 -11  42   0    M    M    0  7.1 15 140   M    M   5        21 140
================================================================================
SM 1189  534       887   0  0.27     6.5 298.8          M       89
================================================================================
AV 44.0 19.8                              11.1 FASTST   M    M   3    MAX(MPH)
                                 MISC ---->  # 37  10               # 46  330
================================================================================
NOTES:
# LAST OF SEVERAL OCCURRENCES

COLUMN 17 PEAK WIND IN M.P.H.

PRELIMINARY LOCAL CLIMATOLOGICAL DATA (WS FORM: F-6) , PAGE 2

                                          STATION:  WATERTOWN SD
                                          MONTH:    MARCH
                                          YEAR:     2015
                                          LATITUDE:   44 55 N
                                          LONGITUDE:  97  9 W

[TEMPERATURE DATA]      [PRECIPITATION DATA]       SYMBOLS USED IN COLUMN 16

AVERAGE MONTHLY: 31.9   TOTAL FOR MONTH:   0.27    1 = FOG OR MIST
DPTR FM NORMAL:   3.4   DPTR FM NORMAL:   -0.65    2 = FOG REDUCING VISIBILITY
HIGHEST:    74 ON 15    GRTST 24HR  0.19 ON  3- 3      TO 1/4 MILE OR LESS
LOWEST:    -18 ON  5                               3 = THUNDER
                        SNOW, ICE PELLETS, HAIL    4 = ICE PELLETS
                        TOTAL MONTH:   6.5 INCHES  5 = HAIL
                        GRTST 24HR   3.8 ON   M    6 = FREEZING RAIN OR DRIZZLE
                        GRTST DEPTH:   5 ON  6, 5  7 = DUSTSTORM OR SANDSTORM:
                                                       VSBY 1/2 MILE OR LESS
                                                   8 = SMOKE OR HAZE
[NO. OF DAYS WITH]      [WEATHER - DAYS WITH]      9 = BLOWING SNOW
                                                   X = TORNADO
MAX 32 OR BELOW:   5    0.01 INCH OR MORE:   4
MAX 90 OR ABOVE:   0    0.10 INCH OR MORE:   1
MIN 32 OR BELOW:  25    0.50 INCH OR MORE:   0
MIN  0 OR BELOW:   5    1.00 INCH OR MORE:   0

[HDD (BASE 65) ]
TOTAL THIS MO.   887    CLEAR  (SCALE 0-3)  15
DPTR FM NORMAL   -99    PTCLDY (SCALE 4-7)   8
TOTAL FM JUL 1  7279    CLOUDY (SCALE 8-10)  4
DPTR FM NORMAL  -118

[CDD (BASE 65) ]
TOTAL THIS MO.     0
DPTR FM NORMAL     0    [PRESSURE DATA]
TOTAL FM JAN 1     0    HIGHEST SLP M ON M
DPTR FM NORMAL     0    LOWEST  SLP 29.72 ON 16

[REMARKS]
