000
CXUS55 KABR 281400
CF6ATY
PRELIMINARY LOCAL CLIMATOLOGICAL DATA (WS FORM: F-6)

                                          STATION:   WATERTOWN SD
                                          MONTH:     APRIL
                                          YEAR:      2016
                                          LATITUDE:   44 55 N
                                          LONGITUDE:  97  9 W

  TEMPERATURE IN F:       :PCPN:    SNOW:  WIND      :SUNSHINE: SKY     :PK WND
================================================================================
1   2   3   4   5  6A  6B    7    8   9   10  11  12  13   14  15   16   17  18
                                     12Z  AVG MX 2MIN
DY MAX MIN AVG DEP HDD CDD  WTR  SNW DPTH SPD SPD DIR MIN PSBL S-S WX    SPD DR
================================================================================

 1  41  25  33  -4  32   0 0.00  0.0    0 16.2 28 350   M    M   6        40 320
 2  46  26  36  -1  29   0 0.00  0.0    0 15.3 31 330   M    M   1        41 330
 3  70  28  49  11  16   0 0.00  0.0    0 15.7 28 350   M    M   1        35 350
 4  50  19  35  -3  30   0 0.00  0.0    0  6.7 13  10   M    M   0        17 130
 5  62  35  49  10  16   0 0.00  0.0    0 16.9 37 200   M    M   4        44 200
 6  46  34  40   1  25   0    T    T    0 15.8 30 320   M    M  10 18     37 320
 7  45  33  39  -1  26   0    T  0.0    0 18.5 33 340   M    M   9 1      40 340
 8  37  19  28 -12  37   0 0.00  0.0    0 15.5 32 350   M    M   2        42 340
 9  51  18  35  -6  30   0 0.00  0.0    0 18.2 36 170   M    M   0        44 180
10  57  32  45   4  20   0 0.00  0.0    0 18.3 30 320   M    M   2        38 310
11  43  24  34  -8  31   0 0.00  0.0    0 13.5 24 320   M    M   2        31 310
12  70  18  44   2  21   0 0.03    M    0 14.2 29  40   M    M   6        36  50
13  71  28  50   7  15   0 0.00  0.0    0  7.6 15  80   M    M   0        19  90
14  80  46  63  20   2   0 0.00  0.0    0 17.3 30 200   M    M   0        39 180
15  69  51  60  16   5   0 0.05  0.0    0 15.9 32 180   M    M   6 3      41 160
16  74  51  63  19   2   0 0.19  0.0    0 12.3 25 180   M    M   6 1      33 170
17  68  44  56  11   9   0 0.02  0.0    0  9.7 15  80   M    M   7 12     19  80
18  60  46  53   8  12   0 1.03  0.0    0  9.2 23  80   M    M   8 1      29  80
19  55  42  49   3  16   0 0.02  0.0    0  4.4  9 250   M    M  10 12     10 260
20  60  44  52   6  13   0 0.00  0.0    0  8.0 17  10   M    M   8 128    20  50
21  62  34  48   1  17   0 0.00  0.0    0 12.1 26 360   M    M   1 12     32  10
22  65  27  46  -1  19   0 0.00  0.0    0  6.7 15 150   M    M   0        20 150
23  77  45  61  13   4   0 0.00  0.0    0 17.3 32 170   M    M   0        41 150
24  74  53  64  16   1   0 0.12  0.0    0 13.2 23 170   M    M   3 13     31 180
25  56  45  51   3  14   0 0.21  0.0    0 10.0 18 280   M    M   9 13     23 280
26  50  40  45  -4  20   0 0.00  0.0    0 10.4 23  60   M    M  10 1      30  50
27  43  38  41  -8  24   0 0.27  0.0    0 18.9 31  70   M    M  10 1      40  70
================================================================================
SM 1582  945       486   0  1.94    T    357.8          M      121
================================================================================
AV 58.6 35.0                              13.3 FASTST   M    M   4    MAX(MPH)
                                 MISC ---->  # 37 200               # 44  200
================================================================================
NOTES:
# LAST OF SEVERAL OCCURRENCES

COLUMN 17 PEAK WIND IN M.P.H.

PRELIMINARY LOCAL CLIMATOLOGICAL DATA (WS FORM: F-6) , PAGE 2

                                          STATION:  WATERTOWN SD
                                          MONTH:    APRIL
                                          YEAR:     2016
                                          LATITUDE:   44 55 N
                                          LONGITUDE:  97  9 W

[TEMPERATURE DATA]      [PRECIPITATION DATA]       SYMBOLS USED IN COLUMN 16

AVERAGE MONTHLY: 46.8   TOTAL FOR MONTH:   1.94    1 = FOG OR MIST
DPTR FM NORMAL:   3.6   DPTR FM NORMAL:    0.17    2 = FOG REDUCING VISIBILITY
HIGHEST:    80 ON 14    GRTST 24HR  1.05 ON 18-19      TO 1/4 MILE OR LESS
LOWEST:     18 ON 12, 9                            3 = THUNDER
                        SNOW, ICE PELLETS, HAIL    4 = ICE PELLETS
                        TOTAL MONTH:    T          5 = HAIL
                        GRTST 24HR    T  ON  6- 6  6 = FREEZING RAIN OR DRIZZLE
                        GRTST DEPTH:   0           7 = DUSTSTORM OR SANDSTORM:
                                                       VSBY 1/2 MILE OR LESS
                                                   8 = SMOKE OR HAZE
[NO. OF DAYS WITH]      [WEATHER - DAYS WITH]      9 = BLOWING SNOW
                                                   X = TORNADO
MAX 32 OR BELOW:   0    0.01 INCH OR MORE:   9
MAX 90 OR ABOVE:   0    0.10 INCH OR MORE:   5
MIN 32 OR BELOW:  11    0.50 INCH OR MORE:   1
MIN  0 OR BELOW:   0    1.00 INCH OR MORE:   1

[HDD (BASE 65) ]
TOTAL THIS MO.   486    CLEAR  (SCALE 0-3)  12
DPTR FM NORMAL  -104    PTCLDY (SCALE 4-7)   9
TOTAL FM JUL 1  6601    CLOUDY (SCALE 8-10)  6
DPTR FM NORMAL -1504

[CDD (BASE 65) ]
TOTAL THIS MO.     0
DPTR FM NORMAL     0    [PRESSURE DATA]
TOTAL FM JAN 1     0    HIGHEST SLP M ON M
DPTR FM NORMAL     0    LOWEST  SLP 29.44 ON 25

[REMARKS]
