000
CXUS55 KABR 171400
CF6ATY
PRELIMINARY LOCAL CLIMATOLOGICAL DATA (WS FORM: F-6)

                                          STATION:   WATERTOWN SD
                                          MONTH:     DECEMBER
                                          YEAR:      2017
                                          LATITUDE:   44 55 N
                                          LONGITUDE:  97  9 W

  TEMPERATURE IN F:       :PCPN:    SNOW:  WIND      :SUNSHINE: SKY     :PK WND
================================================================================
1   2   3   4   5  6A  6B    7    8   9   10  11  12  13   14  15   16   17  18
                                     12Z  AVG MX 2MIN
DY MAX MIN AVG DEP HDD CDD  WTR  SNW DPTH SPD SPD DIR MIN PSBL S-S WX    SPD DR
================================================================================

 1  43  22  33  12  32   0 0.00  0.0    0  5.9 13 150   M    M   1        16 150
 2  50  18  34  14  31   0 0.00  0.0    0  3.8 12 170   M    M   0        14 170
 3  48  21  35  15  30   0 0.00  0.0    0  8.9 18 140   M    M   0        24 140
 4  44  18  31  11  34   0 0.05  0.6    0 19.4 41 320   M    M   7 126    52 330
 5  23  12  18  -1  47   0    T    T    1 17.5 31 310   M    M   3        40 320
 6  22   9  16  -3  49   0 0.00  0.0    1 19.4 30 330   M    M   6 8      36 340
 7  26   3  15  -3  50   0 0.00  0.0    1 11.9 20 320   M    M   2        23 320
 8  30  21  26   8  39   0 0.00  0.0    1 15.4 26 340   M    M   7        33 340
 9  32  14  23   5  42   0 0.00  0.0    1 13.4 26 350   M    M   5        33 350
10  39  27  33  16  32   0 0.00  0.0    1  9.4 17 320   M    M   2        23 320
11  38  12  25   8  40   0    T    T    0 18.5 35 350   M    M   5 1      44 350
12  41   7  24   7  41   0 0.00  0.0    0  9.5 20 230   M    M   3        24 230
13  43  25  34  18  31   0 0.02    T    0 19.4 37 330   M    M   8 1      49 320
14  31  25  28  12  37   0 0.01    T    0  7.8 23 340   M    M  10 1      28 340
15  36  25  31  15  34   0 0.00  0.0    T  8.7 15 230   M    M   9        19 260
16  39  24  32  17  33   0    M    M    0  7.9 16 340   M    M   6 1      19 340
================================================================================
SM  585  283       602   0  0.08     0.6 196.8          M       74
================================================================================
AV 36.6 17.7                              12.3 FASTST   M    M   5    MAX(MPH)
                                 MISC ---->  # 41 320               # 52  330
================================================================================
NOTES:
# LAST OF SEVERAL OCCURRENCES

COLUMN 17 PEAK WIND IN M.P.H.

PRELIMINARY LOCAL CLIMATOLOGICAL DATA (WS FORM: F-6) , PAGE 2

                                          STATION:  WATERTOWN SD
                                          MONTH:    DECEMBER
                                          YEAR:     2017
                                          LATITUDE:   44 55 N
                                          LONGITUDE:  97  9 W

[TEMPERATURE DATA]      [PRECIPITATION DATA]       SYMBOLS USED IN COLUMN 16

AVERAGE MONTHLY: 27.1   TOTAL FOR MONTH:   0.08    1 = FOG OR MIST
DPTR FM NORMAL:   9.2   DPTR FM NORMAL:   -0.21    2 = FOG REDUCING VISIBILITY
HIGHEST:    50 ON  2    GRTST 24HR  0.05 ON  4- 4      TO 1/4 MILE OR LESS
LOWEST:      3 ON  7                               3 = THUNDER
                        SNOW, ICE PELLETS, HAIL    4 = ICE PELLETS
                        TOTAL MONTH:   0.6 INCH    5 = HAIL
                        GRTST 24HR   0.6 ON  4- 4  6 = FREEZING RAIN OR DRIZZLE
                        GRTST DEPTH:   1 ON 10, 9  7 = DUSTSTORM OR SANDSTORM:
                                                       VSBY 1/2 MILE OR LESS
                                                   8 = SMOKE OR HAZE
[NO. OF DAYS WITH]      [WEATHER - DAYS WITH]      9 = BLOWING SNOW
                                                   X = TORNADO
MAX 32 OR BELOW:   6    0.01 INCH OR MORE:   3
MAX 90 OR ABOVE:   0    0.10 INCH OR MORE:   0
MIN 32 OR BELOW:  16    0.50 INCH OR MORE:   0
MIN  0 OR BELOW:   0    1.00 INCH OR MORE:   0

[HDD (BASE 65) ]
TOTAL THIS MO.   602    CLEAR  (SCALE 0-3)   6
DPTR FM NORMAL  -150    PTCLDY (SCALE 4-7)   7
TOTAL FM JUL 1  2367    CLOUDY (SCALE 8-10)  3
DPTR FM NORMAL  -325

[CDD (BASE 65) ]
TOTAL THIS MO.     0
DPTR FM NORMAL     0    [PRESSURE DATA]
TOTAL FM JAN 1   440    HIGHEST SLP M ON M
DPTR FM NORMAL   -75    LOWEST  SLP 29.43 ON  4

[REMARKS]
