000
CXUS52 KGSP 010817
CF6AVL
PRELIMINARY LOCAL CLIMATOLOGICAL DATA (WS FORM: F-6)

                                          STATION:   ASHEVILLE NC
                                          MONTH:     APRIL
                                          YEAR:      2016
                                          LATITUDE:   35 25 N
                                          LONGITUDE:  82 33 W

  TEMPERATURE IN F:       :PCPN:    SNOW:  WIND      :SUNSHINE: SKY     :PK WND
================================================================================
1   2   3   4   5  6A  6B    7    8   9   10  11  12  13   14  15   16   17  18
                                     12Z  AVG MX 2MIN
DY MAX MIN AVG DEP HDD CDD  WTR  SNW DPTH SPD SPD DIR MIN PSBL S-S WX    SPD DR
================================================================================

 1  72  53  63  12   2   0 0.51  0.0    0  8.6 20 190   M    M   6 1      26 180
 2  61  49  55   3  10   0 0.03  0.0    0 13.0 29 330   M    M   3        40 330
 3  64  36  50  -2  15   0 0.00  0.0    0 11.9 33 340   M    M   0        43 330
 4  75  34  55   3  10   0    T  0.0    0  6.7 21 310   M    M   1        34 240
 5  59  38  49  -3  16   0 0.00  0.0    0 13.5 31 340   M    M   0        41 340
 6  55  31  43 -10  22   0 0.22  0.0    0  9.1 22 170   M    M   3 1      27 180
 7  62  43  53   0  12   0 0.19  0.0    0  9.6 29 310   M    M   7 1      42 320
 8  56  39  48  -5  17   0    T  0.0    0 11.7 29 320   M    M   6        40 320
 9  49  36  43 -11  22   0    T  0.0    0 16.0 36 340   M    M   1        48 340
10  57  27  42 -12  23   0 0.00  0.0    0  7.0 16 180   M    M   2        22 130
11  65  37  51  -3  14   0 0.00  0.0    0 10.2 26 170   M    M   3        33 180
12  66  46  56   2   9   0    T  0.0    0 11.9 29 340   M    M   5 1      36 340
13  63  42  53  -2  12   0 0.00  0.0    0  4.4 14 150   M    M   1        21 170
14  67  46  57   2   8   0 0.00  0.0    0  4.9 16 170   M    M   1        20 170
15  64  41  53  -2  12   0 0.00  0.0    0  3.2 15 160   M    M   0        20 140
16  69  35  52  -3  13   0 0.00  0.0    0  3.0 13 160   M    M   0        18 160
17  75  35  55  -1  10   0 0.00  0.0    0  3.3 14 170   M    M   0        21 190
18  82  38  60   4   5   0 0.00  0.0    0  3.3 13 180   M    M   0        16 340
19  80  44  62   6   3   0 0.00  0.0    0  4.8 18 350   M    M   0        23 340
20  75  52  64   8   1   0 0.00  0.0    0  4.8 15 170   M    M   0        21 140
21  74  55  65   8   0   0    T  0.0    0  9.1 22 180   M    M   4 8      29 160
22  63  54  59   2   6   0 0.31  0.0    0  4.4 15 190   M    M   9 13     20 180
23  69  51  60   3   5   0 0.00  0.0    0 10.2 28 330   M    M   4 1      38 320
24  76  42  59   1   6   0 0.00  0.0    0  4.2 15 340   M    M   0 1      18 340
25  80  46  63   5   2   0 0.00  0.0    0  5.6 20 200   M    M   1        25 210
26  82  52  67   9   0   2 0.00  0.0    0  4.6 14 330   M    M   4        18 220
27  80  56  68  10   0   3 0.17  0.0    0  2.8 22 200   M    M   2 38     30 200
28  84  58  71  12   0   6 0.00  0.0    0  7.1 21 350   M    M   2 1      27 180
29  82  56  69  10   0   4 0.00  0.0    0  6.7 16 360   M    M   1        24 340
30  76  55  66   7   0   1 1.07  0.0    0  5.5 20 160   M    M   4 13     30 150
================================================================================
SM 2082 1327       255  16  2.50     0.0 221.1          M       70
================================================================================
AV 69.4 44.2                               7.4 FASTST   M    M   2    MAX(MPH)
                                 MISC ---->  # 36 340               # 48  340
================================================================================
NOTES:
# LAST OF SEVERAL OCCURRENCES

COLUMN 17 PEAK WIND IN M.P.H.

PRELIMINARY LOCAL CLIMATOLOGICAL DATA (WS FORM: F-6) , PAGE 2

                                          STATION:  ASHEVILLE NC
                                          MONTH:    APRIL
                                          YEAR:     2016
                                          LATITUDE:   35 25 N
                                          LONGITUDE:  82 33 W

[TEMPERATURE DATA]      [PRECIPITATION DATA]       SYMBOLS USED IN COLUMN 16

AVERAGE MONTHLY: 56.8   TOTAL FOR MONTH:   2.50    1 = FOG OR MIST
DPTR FM NORMAL:   1.6   DPTR FM NORMAL:   -0.83    2 = FOG REDUCING VISIBILITY
HIGHEST:    84 ON 28    GRTST 24HR  1.07 ON 30-30      TO 1/4 MILE OR LESS
LOWEST:     27 ON 10                               3 = THUNDER
                        SNOW, ICE PELLETS, HAIL    4 = ICE PELLETS
                        TOTAL MONTH:   0.0 INCH    5 = HAIL
                        GRTST 24HR     0.0         6 = FREEZING RAIN OR DRIZZLE
                        GRTST DEPTH:   0           7 = DUSTSTORM OR SANDSTORM:
                                                       VSBY 1/2 MILE OR LESS
                                                   8 = SMOKE OR HAZE
[NO. OF DAYS WITH]      [WEATHER - DAYS WITH]      9 = BLOWING SNOW
                                                   X = TORNADO
MAX 32 OR BELOW:   0    0.01 INCH OR MORE:   7
MAX 90 OR ABOVE:   0    0.10 INCH OR MORE:   6
MIN 32 OR BELOW:   2    0.50 INCH OR MORE:   2
MIN  0 OR BELOW:   0    1.00 INCH OR MORE:   1

[HDD (BASE 65) ]
TOTAL THIS MO.   255    CLEAR  (SCALE 0-3)  20
DPTR FM NORMAL   -45    PTCLDY (SCALE 4-7)   9
TOTAL FM JUL 1  3363    CLOUDY (SCALE 8-10)  1
DPTR FM NORMAL  -709

[CDD (BASE 65) ]
TOTAL THIS MO.    16
DPTR FM NORMAL     9    [PRESSURE DATA]
TOTAL FM JAN 1    16    HIGHEST SLP 30.44 ON 17
DPTR FM NORMAL     8    LOWEST  SLP 29.65 ON  7

[REMARKS]
#FINAL-04-16#
