000
CXUS51 KBGM 230800
CF6AVP
PRELIMINARY LOCAL CLIMATOLOGICAL DATA (WS FORM: F-6)

                                          STATION:   AVOCA PA
                                          MONTH:     JANUARY
                                          YEAR:      2018
                                          LATITUDE:   41 19 N
                                          LONGITUDE:  75 44 W

  TEMPERATURE IN F:       :PCPN:    SNOW:  WIND      :SUNSHINE: SKY     :PK WND
================================================================================
1   2   3   4   5  6A  6B    7    8   9   10  11  12  13   14  15   16   17  18
                                     12Z  AVG MX 2MIN
DY MAX MIN AVG DEP HDD CDD  WTR  SNW DPTH SPD SPD DIR MIN PSBL S-S WX    SPD DR
================================================================================

 1  15  -1   7 -20  58   0    T    T    M  6.8 14 340   M    M   3 18     19 320
 2  19   8  14 -12  51   0    T    T    M 11.5 20 250   M    M   4 8      27 250
 3  24   2  13 -13  52   0 0.00  0.0    M  3.2 12 230   M    M   1        15 230
 4  22  10  16 -10  49   0 0.10  2.1    M  8.7 26 330   M    M  10 189    37 330
 5  12   4   8 -18  57   0 0.00  0.0    M 13.9 28 300   M    M   8 8      37 310
 6   9   1   5 -21  60   0    T    T    M 12.8 23 330   M    M   3 8      28 290
 7  19  -5   7 -19  58   0 0.00  0.0    M  4.6 12 250   M    M   2        17 300
 8  28  17  23  -3  42   0 0.04  0.1    M  4.7 12 230   M    M   8 18     14 240
 9  38  25  32   6  33   0 0.00  0.0    M  8.4 16 360   M    M   6 18     21 350
10  38  18  28   2  37   0 0.00  0.0    M  5.0 14 250   M    M   4 8      20 260
11  57  36  47  21  18   0 0.00  0.0    M  5.1 17 180   M    M  10 18     29 180
12  66  36  51  25  14   0 0.47  0.0    M  9.9 25 320   M    M  10 1      33 310
13  36   9  23  -3  42   0 0.77  1.2    M 13.4 25 340   M    M   9 168    38 330
14  18   7  13 -13  52   0 0.00  0.0    M  7.0 15 350   M    M   3        19 310
15  26   8  17  -9  48   0    T    T    M  4.0 12 130   M    M   7        19 140
16  29  24  27   1  38   0 0.28  3.5    M  0.7  7 190   M    M  10 18     11 170
17  28   7  18  -8  47   0 0.15  3.5    M  6.3 15 350   M    M   5 18     21 330
18  25   5  15 -11  50   0 0.00  0.0    M  5.9 15 330   M    M   0 18     19 340
19  36  13  25  -1  40   0 0.00  0.0    M  6.8 16 230   M    M   0 1      20 220
20  44  34  39  13  26   0 0.00  0.0    M  9.4 20 230   M    M   0        25 230
21  41  27  34   8  31   0    T  0.0    M  1.6  8  60   M    M   6 18     10  60
22  50  35  43  17  22   0 0.02    M    M  3.6 12  50   M    M   8 1      16  20
================================================================================
SM  680  320       925   0  1.83    10.4 153.3          M      117
================================================================================
AV 30.9 14.6                               7.0 FASTST   M    M   5    MAX(MPH)
                                 MISC ---->  # 28 300               # 38  330
================================================================================
NOTES:
# LAST OF SEVERAL OCCURRENCES

COLUMN 17 PEAK WIND IN M.P.H.

PRELIMINARY LOCAL CLIMATOLOGICAL DATA (WS FORM: F-6) , PAGE 2

                                          STATION:  AVOCA PA
                                          MONTH:    JANUARY
                                          YEAR:     2018
                                          LATITUDE:   41 19 N
                                          LONGITUDE:  75 44 W

[TEMPERATURE DATA]      [PRECIPITATION DATA]       SYMBOLS USED IN COLUMN 16

AVERAGE MONTHLY: 22.7   TOTAL FOR MONTH:   1.83    1 = FOG OR MIST
DPTR FM NORMAL:  -3.3   DPTR FM NORMAL:    0.18    2 = FOG REDUCING VISIBILITY
HIGHEST:    66 ON 12    GRTST 24HR  0.77 ON 13-13      TO 1/4 MILE OR LESS
LOWEST:     -5 ON  7                               3 = THUNDER
                        SNOW, ICE PELLETS, HAIL    4 = ICE PELLETS
                        TOTAL MONTH:  10.4 INCHES  5 = HAIL
                        GRTST 24HR   3.5 ON 17-17  6 = FREEZING RAIN OR DRIZZLE
                        GRTST DEPTH:  M  ON   M    7 = DUSTSTORM OR SANDSTORM:
                                                       VSBY 1/2 MILE OR LESS
                                                   8 = SMOKE OR HAZE
[NO. OF DAYS WITH]      [WEATHER - DAYS WITH]      9 = BLOWING SNOW
                                                   X = TORNADO
MAX 32 OR BELOW:  13    0.01 INCH OR MORE:   7
MAX 90 OR ABOVE:   0    0.10 INCH OR MORE:   5
MIN 32 OR BELOW:  18    0.50 INCH OR MORE:   1
MIN  0 OR BELOW:   2    1.00 INCH OR MORE:   0

[HDD (BASE 65) ]
TOTAL THIS MO.   925    CLEAR  (SCALE 0-3)   6
DPTR FM NORMAL    68    PTCLDY (SCALE 4-7)  10
TOTAL FM JUL 1  3076    CLOUDY (SCALE 8-10)  6
DPTR FM NORMAL  -159

[CDD (BASE 65) ]
TOTAL THIS MO.     0
DPTR FM NORMAL     0    [PRESSURE DATA]
TOTAL FM JAN 1     0    HIGHEST SLP M ON M
DPTR FM NORMAL     0    LOWEST  SLP 29.49 ON 13

[REMARKS]
