000
CXUS53 KMPX 181000
CF6AXN
PRELIMINARY LOCAL CLIMATOLOGICAL DATA (WS FORM: F-6)

                                          STATION:   ALEXANDRIA MN
                                          MONTH:     AUGUST
                                          YEAR:      2017
                                          LATITUDE:   45 52 N
                                          LONGITUDE:  95 23 W

  TEMPERATURE IN F:       :PCPN:    SNOW:  WIND      :SUNSHINE: SKY     :PK WND
================================================================================
1   2   3   4   5  6A  6B    7    8   9   10  11  12  13   14  15   16   17  18
                                     12Z  AVG MX 2MIN
DY MAX MIN AVG DEP HDD CDD  WTR  SNW DPTH SPD SPD DIR MIN PSBL S-S WX    SPD DR
================================================================================

 1  83  65  74   4   0   9 0.00    M    M  7.2 17 200   M    M   3        23 200
 2  77  55  66  -4   0   1 0.65    M    M  7.8 26  40   M    M   4 1      33  40
 3  64  53  59 -11   6   0 1.49    M    M  9.6 24  80   M    M   7 138    30  80
 4  74  52  63  -7   2   0 0.00    M    M  6.6 14 290   M    M   0        20 280
 5  76  52  64  -6   1   0 0.00    M    M  4.1 16 250   M    M   1        21 230
 6  75  55  65  -5   0   0 0.17    M    M  4.3 30 270   M    M   4 3      42 250
 7  78  52  65  -5   0   0 0.00    M    M  3.6  9 310   M    M   2 12     14 310
 8  79  57  68  -2   0   3 0.00    M    M  6.7 14 280   M    M   0        17 280
 9  74  60  67  -3   0   2 0.19    M    M  7.6 16 160   M    M   5 13     20 210
10  75  58  67  -3   0   2 0.06    M    M  7.7 16  20   M    M   6 18     20  20
11  76  52  64  -6   1   0 0.08    M    M  3.7 18  10   M    M   2 12     23  20
12  78  54  66  -3   0   1 0.00    M    M  3.3 13 210   M    M   2 1      18 140
13  66  58  62  -7   3   0 3.00    M    M 11.1 20 120   M    M  10 13     25 110
14  75  58  67  -2   0   2 0.00    M    M  4.2 10  10   M    M   7        13  10
15  74  56  65  -4   0   0    T    M    M  7.8 17 120   M    M   1 1      23 140
16  68  63  66  -3   0   1 0.75    M    M  9.3 17  10   M    M  10 1      24  10
17  75  58  67  -2   0   2 0.17    M    M 10.6 18 360   M    M   6 1      25 360
================================================================================
SM 1267  958        13  23  6.56    M    115.2          M       70
================================================================================
AV 74.5 56.4                               6.8 FASTST   M    M   4    MAX(MPH)
                                 MISC ---->  # 30 270               # 42  250
================================================================================
NOTES:
# LAST OF SEVERAL OCCURRENCES

COLUMN 17 PEAK WIND IN M.P.H.

PRELIMINARY LOCAL CLIMATOLOGICAL DATA (WS FORM: F-6) , PAGE 2

                                          STATION:  ALEXANDRIA MN
                                          MONTH:    AUGUST
                                          YEAR:     2017
                                          LATITUDE:   45 52 N
                                          LONGITUDE:  95 23 W

[TEMPERATURE DATA]      [PRECIPITATION DATA]       SYMBOLS USED IN COLUMN 16

AVERAGE MONTHLY: 65.4   TOTAL FOR MONTH:   6.56    1 = FOG OR MIST
DPTR FM NORMAL:  -4.2   DPTR FM NORMAL:    4.78    2 = FOG REDUCING VISIBILITY
HIGHEST:    83 ON  1    GRTST 24HR  3.00 ON 13-13      TO 1/4 MILE OR LESS
LOWEST:     52 ON 11, 7                            3 = THUNDER
                        SNOW, ICE PELLETS, HAIL    4 = ICE PELLETS
                        TOTAL MONTH:    M          5 = HAIL
                        GRTST 24HR    M  ON   M    6 = FREEZING RAIN OR DRIZZLE
                        GRTST DEPTH:  M  ON   M    7 = DUSTSTORM OR SANDSTORM:
                                                       VSBY 1/2 MILE OR LESS
                                                   8 = SMOKE OR HAZE
[NO. OF DAYS WITH]      [WEATHER - DAYS WITH]      9 = BLOWING SNOW
                                                   X = TORNADO
MAX 32 OR BELOW:   0    0.01 INCH OR MORE:   9
MAX 90 OR ABOVE:   0    0.10 INCH OR MORE:   7
MIN 32 OR BELOW:   0    0.50 INCH OR MORE:   4
MIN  0 OR BELOW:   0    1.00 INCH OR MORE:   2

[HDD (BASE 65) ]
TOTAL THIS MO.    13    CLEAR  (SCALE 0-3)   8
DPTR FM NORMAL    -1    PTCLDY (SCALE 4-7)   7
TOTAL FM JUL 1    19    CLOUDY (SCALE 8-10)  2
DPTR FM NORMAL   -11

[CDD (BASE 65) ]
TOTAL THIS MO.    23
DPTR FM NORMAL   -70    [PRESSURE DATA]
TOTAL FM JAN 1   312    HIGHEST SLP M ON M
DPTR FM NORMAL   -85    LOWEST  SLP 29.46 ON 16

[REMARKS]
