000
CXUS53 KGRR 271017
CF6AZO
PRELIMINARY LOCAL CLIMATOLOGICAL DATA (WS FORM: F-6)

                                          STATION:   KALAMAZOO MI
                                          MONTH:     MARCH
                                          YEAR:      2015
                                          LATITUDE:   42 13 N
                                          LONGITUDE:  85 33 W

  TEMPERATURE IN F:       :PCPN:    SNOW:  WIND      :SUNSHINE: SKY     :PK WND
================================================================================
1   2   3   4   5  6A  6B    7    8   9   10  11  12  13   14  15   16   17  18
                                     12Z  AVG MX 2MIN
DY MAX MIN AVG DEP HDD CDD  WTR  SNW DPTH SPD SPD DIR MIN PSBL S-S WX    SPD DR
================================================================================

 1  26   9  18 -13  47   0    M    M    M  5.4 17 270   M    M   8 18     22 280
 2  30  12  21 -10  44   0    M    M    M  7.5 16 300   M    M   5 8      20 300
 3  35  22  29  -2  36   0 0.15    M    M 11.6 23 270   M    M  10 168    32 260
 4  30  14  22 -10  43   0 0.00    M    M 12.8 23 320   M    M   5        28 300
 5  20   0  10 -22  55   0 0.00    M    M  5.3 17 300   M    M   2        22 360
 6  23  -2  11 -21  54   0 0.00    M    M 11.8 23 190   M    M   1        27 210
 7  45  16  31  -2  34   0 0.00    M    M  9.3 20 290   M    M   3        25 270
 8  41  29  35   2  30   0 0.00    M    M  8.8 15 210   M    M   3        19 210
 9  46  20  33  -1  32   0 0.00    M    M  6.1 13 180   M    M   0 18     15 240
10  49  33  41   7  24   0 0.00    M    M  5.4 12 200   M    M   6 18     14 210
11  52  28  40   6  25   0 0.00    M    M  4.7 12 330   M    M   2 128    13 330
12  47  26  37   2  28   0 0.00    M    M  6.6 15 170   M    M   0        20 170
13  55  32  44   9  21   0 0.00    M    M  4.6 15 200   M    M   1 128    18 210
14  48  35  42   6  23   0 0.00    M    M 11.4 24 320   M    M   6 128    30 320
15  54  30  42   6  23   0 0.00    M    M  7.3 13 190   M    M   0        17 220
16  70  47  59  23   6   0 0.00    M    M  9.9 16 310   M    M   0        24 260
17  50  26  38   1  27   0 0.00    M    M 16.0 30 350   M    M   1        37 350
18  49  24  37   0  28   0 0.00    M    M  7.6 20 320   M    M   0        25 310
19  44  31  38   0  27   0 0.00    M    M  4.9 13 100   M    M   6 8      16 120
20  52  34  43   5  22   0 0.00    M    M  6.6 17 210   M    M   9        21 200
21  52  29  41   3  24   0 0.00    M    M 10.5 24 320   M    M   5 18     29 320
22  40  25  33  -6  32   0 0.00    M    M  5.7 13  60   M    M   6        19  70
23  32  23  28 -11  37   0 0.01    M    M  5.8 13  60   M    M   8 8      18  50
24  45  17  31  -9  34   0 0.00    M    M  6.9 13 120   M    M   0 1      19 130
25  48  33  41   1  24   0 0.11    M    M 10.9 23 260   M    M   9 18     29 280
26  42  30  36  -5  29   0    T    M    M 11.8 22 310   M    M   8        25 290
================================================================================
SM 1125  623       809   0  0.27    M    215.2          M      104
================================================================================
AV 43.3 24.0                               8.3 FASTST   M    M   4    MAX(MPH)
                                 MISC ---->  # 30 350               # 37  350
================================================================================
NOTES:
# LAST OF SEVERAL OCCURRENCES

COLUMN 17 PEAK WIND IN M.P.H.

PRELIMINARY LOCAL CLIMATOLOGICAL DATA (WS FORM: F-6) , PAGE 2

                                          STATION:  KALAMAZOO MI
                                          MONTH:    MARCH
                                          YEAR:     2015
                                          LATITUDE:   42 13 N
                                          LONGITUDE:  85 33 W

[TEMPERATURE DATA]      [PRECIPITATION DATA]       SYMBOLS USED IN COLUMN 16

AVERAGE MONTHLY: 33.6   TOTAL FOR MONTH:   0.27    1 = FOG OR MIST
DPTR FM NORMAL:  -1.8   DPTR FM NORMAL:   -1.60    2 = FOG REDUCING VISIBILITY
HIGHEST:    70 ON 16    GRTST 24HR  0.15 ON  3- 3      TO 1/4 MILE OR LESS
LOWEST:     -2 ON  6                               3 = THUNDER
                        SNOW, ICE PELLETS, HAIL    4 = ICE PELLETS
                        TOTAL MONTH:    M          5 = HAIL
                        GRTST 24HR    M  ON   M    6 = FREEZING RAIN OR DRIZZLE
                        GRTST DEPTH:  M  ON   M    7 = DUSTSTORM OR SANDSTORM:
                                                       VSBY 1/2 MILE OR LESS
                                                   8 = SMOKE OR HAZE
[NO. OF DAYS WITH]      [WEATHER - DAYS WITH]      9 = BLOWING SNOW
                                                   X = TORNADO
MAX 32 OR BELOW:   6    0.01 INCH OR MORE:   3
MAX 90 OR ABOVE:   0    0.10 INCH OR MORE:   2
MIN 32 OR BELOW:  21    0.50 INCH OR MORE:   0
MIN  0 OR BELOW:   2    1.00 INCH OR MORE:   0

[HDD (BASE 65) ]
TOTAL THIS MO.   809    CLEAR  (SCALE 0-3)  12
DPTR FM NORMAL    41    PTCLDY (SCALE 4-7)  10
TOTAL FM JUL 1  6095    CLOUDY (SCALE 8-10)  4
DPTR FM NORMAL   554

[CDD (BASE 65) ]
TOTAL THIS MO.     0
DPTR FM NORMAL     0    [PRESSURE DATA]
TOTAL FM JAN 1     0    HIGHEST SLP  0.00 ON  8
DPTR FM NORMAL     0    LOWEST  SLP  0.00 ON  8

[REMARKS]
