000
CXUS53 KGRR 201017
CF6AZO
PRELIMINARY LOCAL CLIMATOLOGICAL DATA (WS FORM: F-6)

                                          STATION:   KALAMAZOO
                                          MONTH:     FEBRUARY
                                          YEAR:      2017
                                          LATITUDE:   42 13 N
                                          LONGITUDE:  85 33 W

  TEMPERATURE IN F:       :PCPN:    SNOW:  WIND      :SUNSHINE: SKY     :PK WND
================================================================================
1   2   3   4   5  6A  6B    7    8   9   10  11  12  13   14  15   16   17  18
                                     12Z  AVG MX 2MIN
DY MAX MIN AVG DEP HDD CDD  WTR  SNW DPTH SPD SPD DIR MIN PSBL S-S WX    SPD DR
================================================================================

 1  37  25  31   6  34   0 0.06    M    M 10.0 23 300   M    M   8 18     28 290
 2  25  11  18  -7  47   0    T    M    M 12.6 23 300   M    M   8 8      31 300
 3  22  14  18  -7  47   0    T    M    M 12.9 24 290   M    M   6        33 320
 4  30  10  20  -5  45   0 0.00    M    M 10.5 20 210   M    M   3 8      23 190
 5  36  20  28   3  37   0 0.00    M    M 10.0 20 300   M    M   8        24 280
 6  49  19  34   9  31   0    T    M    M  4.9 12 180   M    M   2 18     13 180
 7  54  36  45  20  20   0 0.68    M    M  8.9 30 260   M    M  10 128    37 270
 8  36  22  29   3  36   0    T    M    M 12.2 23 310   M    M  10 18     32 290
 9  22  14  18  -8  47   0    T    M    M 13.3 25 310   M    M   8 89     33 310
10  38  17  28   2  37   0 0.00    M    M 12.7 28 190   M    M   4        36 190
11  47  32  40  14  25   0    T    M    M  4.2 13 260   M    M   6 18     17 260
12  45  34  40  14  25   0 0.01    M    M 14.2 41 290   M    M   6 18     52 300
13  45  27  36  10  29   0 0.00    M    M  8.8 20 300   M    M   0        25 320
14  47  32  40  14  25   0    T    M    M 12.8 36 340   M    M   2        43 340
15  34  26  30   3  35   0    T    M    M 14.2 25 330   M    M   9        32 310
16  34  17  26  -1  39   0 0.00    M    M  4.5 14 350   M    M   6        20 180
17  60  30  45  18  20   0 0.00    M    M  6.8 14 180   M    M   0        16 180
18  66  36  51  24  14   0 0.00    M    M  8.6 16 260   M    M   0        21 260
19  65  30  48  20  17   0 0.00  0.0    0  3.4 13 320   M    M   0 18     16 310
================================================================================
SM  792  452       610   0  0.75     0.0 185.5          M       96
================================================================================
AV 41.7 23.8                               9.8 FASTST   M    M   5    MAX(MPH)
                                 MISC ---->  # 41 290               # 52  300
================================================================================
NOTES:
# LAST OF SEVERAL OCCURRENCES

COLUMN 17 PEAK WIND IN M.P.H.

PRELIMINARY LOCAL CLIMATOLOGICAL DATA (WS FORM: F-6) , PAGE 2

                                          STATION:  KALAMAZOO
                                          MONTH:    FEBRUARY
                                          YEAR:     2017
                                          LATITUDE:   42 13 N
                                          LONGITUDE:  85 33 W

[TEMPERATURE DATA]      [PRECIPITATION DATA]       SYMBOLS USED IN COLUMN 16

AVERAGE MONTHLY: 32.7   TOTAL FOR MONTH:   0.75    1 = FOG OR MIST
DPTR FM NORMAL:   6.8   DPTR FM NORMAL:   -0.17    2 = FOG REDUCING VISIBILITY
HIGHEST:    66 ON 18    GRTST 24HR  0.68 ON  7- 7      TO 1/4 MILE OR LESS
LOWEST:     10 ON  4                               3 = THUNDER
                        SNOW, ICE PELLETS, HAIL    4 = ICE PELLETS
                        TOTAL MONTH:   0.0 INCH    5 = HAIL
                        GRTST 24HR     0.0         6 = FREEZING RAIN OR DRIZZLE
                        GRTST DEPTH:   0           7 = DUSTSTORM OR SANDSTORM:
                                                       VSBY 1/2 MILE OR LESS
                                                   8 = SMOKE OR HAZE
[NO. OF DAYS WITH]      [WEATHER - DAYS WITH]      9 = BLOWING SNOW
                                                   X = TORNADO
MAX 32 OR BELOW:   4    0.01 INCH OR MORE:   3
MAX 90 OR ABOVE:   0    0.10 INCH OR MORE:   1
MIN 32 OR BELOW:  16    0.50 INCH OR MORE:   1
MIN  0 OR BELOW:   0    1.00 INCH OR MORE:   0

[HDD (BASE 65) ]
TOTAL THIS MO.   610    CLEAR  (SCALE 0-3)   7
DPTR FM NORMAL  -132    PTCLDY (SCALE 4-7)   8
TOTAL FM JUL 1  3726    CLOUDY (SCALE 8-10)  4
DPTR FM NORMAL  -724

[CDD (BASE 65) ]
TOTAL THIS MO.     0
DPTR FM NORMAL     0    [PRESSURE DATA]
TOTAL FM JAN 1     0    HIGHEST SLP M ON M
DPTR FM NORMAL     0    LOWEST  SLP 29.25 ON  7

[REMARKS]
