000
CXUS54 KEWX 010910
CF6BAZ
PRELIMINARY LOCAL CLIMATOLOGICAL DATA (WS FORM: F-6)

                                          STATION:   NEW BRAUNFELS
                                          MONTH:     APRIL
                                          YEAR:      2016
                                          LATITUDE:   29 43 N
                                          LONGITUDE:  98  3 W

  TEMPERATURE IN F:       :PCPN:    SNOW:  WIND      :SUNSHINE: SKY     :PK WND
================================================================================
1   2   3   4   5  6A  6B    7    8   9   10  11  12  13   14  15   16   17  18
                                     12Z  AVG MX 2MIN
DY MAX MIN AVG DEP HDD CDD  WTR  SNW DPTH SPD SPD DIR MIN PSBL S-S WX    SPD DR
================================================================================

 1  67  45  56 -10   9   0    T    M    0 18.0 33  50   M    M   5 3      42  50
 2  75  43  59  -7   6   0 0.00  0.0    0  7.9 17  20   M    M   0        23  20
 3  78  40  59  -7   6   0 0.00  0.0    0  6.3 16 190   M    M   0        19 220
 4  81  44  63  -4   2   0 0.00  0.0    0  7.3 17 230   M    M   0        22 240
 5  81  48  65  -2   0   0 0.00  0.0    0  9.7 21 140   M    M   0        27 150
 6  83  50  67   0   0   2 0.00  0.0    0  9.5 20  10   M    M   3        25 360
 7  83  47  65  -2   0   0 0.00  0.0    0  6.8 16 200   M    M   0        20 240
 8  80  50  65  -3   0   0 0.00    M    0  8.1 23  90   M    M   0        29  90
 9  82  54  68   0   0   3 0.01    M    0 10.9 22 170   M    M   4 3      28 170
10  78  65  72   4   0   7 0.03  0.0    0 14.2 35 150   M    M  10 13     43 160
11  86  66  76   8   0  11 0.05    M    0  8.4 21 170   M    M   6 128    27 170
12  71  63  67  -1   0   2 0.36  0.0    0 11.8 21  50   M    M  10 138    27  20
13  75  57  66  -3   0   1 0.39  0.0    0  9.2 23  30   M    M   7 13     28  30
14  79  54  67  -2   0   2 0.00    M    0  6.7 15  80   M    M   3 128    19  80
15  80  50  65  -4   0   0 0.00    M    0  6.3 18 130   M    M   4 128    22 120
16  79  64  72   3   0   7 0.01  0.0    M 13.6 23 140   M    M  10 1      29 130
17  80  71  76   6   0  11 0.71  0.0    0  9.3 33 150   M    M  10 138    40 140
18  73  64  69  -1   0   4 0.87  0.0    0  8.2 20  40   M    M   9 13     24  40
19  79  60  70   0   0   5 0.00  0.0    0  5.4 12  50   M    M   7 1      14  40
20  82  61  72   2   0   7 0.36  0.0    0  5.3 24  10   M    M   5 13     29  10
21  82  61  72   2   0   7 1.08  0.0    0  6.6 26  30   M    M   5 13     32  30
22  83  59  71   0   0   6 0.00  0.0    0  6.4 15  50   M    M   1        20  70
23  82  54  68  -3   0   3 0.00    M    0  5.6 12 100   M    M   0        16 140
24  82  62  72   1   0   7    T  0.0    0  8.0 16 130   M    M   5        21 140
25  90  71  81  10   0  16    T  0.0    0 11.7 23 150   M    M   7 13     29 150
26  86  71  79   7   0  14 0.00  0.0    0 14.7 23 160   M    M   9 8      27 160
27  91  62  77   5   0  12 0.25  0.0    0  7.4 41 330   M    M   3 138    54 330
28  86  62  74   2   0   9 0.00  0.0    0  9.2 20 150   M    M   7 128    25 150
29  85  68  77   5   0  12 0.13  0.0    0 11.9 23 180   M    M   8 138    29 170
30  86  61  74   2   0   9 0.17    M    0  8.0 40 310   M    M   2 13     50 310
================================================================================
SM 2425 1727        23 157  4.42     0.0 272.4          M      140
================================================================================
AV 80.8 57.6                               9.1 FASTST   M    M   5    MAX(MPH)
                                 MISC ---->  # 41 330               # 54  330
================================================================================
NOTES:
# LAST OF SEVERAL OCCURRENCES

COLUMN 17 PEAK WIND IN M.P.H.

PRELIMINARY LOCAL CLIMATOLOGICAL DATA (WS FORM: F-6) , PAGE 2

                                          STATION:  NEW BRAUNFELS
                                          MONTH:    APRIL
                                          YEAR:     2016
                                          LATITUDE:   29 43 N
                                          LONGITUDE:  98  3 W

[TEMPERATURE DATA]      [PRECIPITATION DATA]       SYMBOLS USED IN COLUMN 16

AVERAGE MONTHLY: 69.2   TOTAL FOR MONTH:   4.42    1 = FOG OR MIST
DPTR FM NORMAL:   0.0   DPTR FM NORMAL:    2.14    2 = FOG REDUCING VISIBILITY
HIGHEST:    91 ON 27    GRTST 24HR  1.51 ON 17-18      TO 1/4 MILE OR LESS
LOWEST:     40 ON  3                               3 = THUNDER
                        SNOW, ICE PELLETS, HAIL    4 = ICE PELLETS
                        TOTAL MONTH:   0.0 INCH    5 = HAIL
                        GRTST 24HR     0.0         6 = FREEZING RAIN OR DRIZZLE
                        GRTST DEPTH:   0           7 = DUSTSTORM OR SANDSTORM:
                                                       VSBY 1/2 MILE OR LESS
                                                   8 = SMOKE OR HAZE
[NO. OF DAYS WITH]      [WEATHER - DAYS WITH]      9 = BLOWING SNOW
                                                   X = TORNADO
MAX 32 OR BELOW:   0    0.01 INCH OR MORE:  13
MAX 90 OR ABOVE:   2    0.10 INCH OR MORE:   9
MIN 32 OR BELOW:   0    0.50 INCH OR MORE:   3
MIN  0 OR BELOW:   0    1.00 INCH OR MORE:   1

[HDD (BASE 65) ]
TOTAL THIS MO.    23    CLEAR  (SCALE 0-3)  11
DPTR FM NORMAL   -17    PTCLDY (SCALE 4-7)  13
TOTAL FM JUL 1  1120    CLOUDY (SCALE 8-10)  6
DPTR FM NORMAL  -437

[CDD (BASE 65) ]
TOTAL THIS MO.   157
DPTR FM NORMAL    -8    [PRESSURE DATA]
TOTAL FM JAN 1   286    HIGHEST SLP 30.30 ON  2
DPTR FM NORMAL    37    LOWEST  SLP 29.52 ON 29

[REMARKS]
#FINAL-04-16#
