000
CXUS53 KIWX 290800
CF6BEH
PRELIMINARY LOCAL CLIMATOLOGICAL DATA (WS FORM: F-6)

                                          STATION:   BENTON HARBOR
                                          MONTH:     AUGUST
                                          YEAR:      2015
                                          LATITUDE:   42  7 N
                                          LONGITUDE:  86 26 W

  TEMPERATURE IN F:       :PCPN:    SNOW:  WIND      :SUNSHINE: SKY     :PK WND
================================================================================
1   2   3   4   5  6A  6B    7    8   9   10  11  12  13   14  15   16   17  18
                                     12Z  AVG MX 2MIN
DY MAX MIN AVG DEP HDD CDD  WTR  SNW DPTH SPD SPD DIR MIN PSBL S-S WX    SPD DR
================================================================================

 1  82  58  70  -2   0   5 0.00  0.0    0  5.8 16 260   M    M   3        18 270
 2  92  64  78   6   0  13 0.77  0.0    0 14.1 28 230   M    M   0 13     39 240
 3  77  60  69  -3   0   4 0.00  0.0    0  4.6 15 290   M    M   1 13     20 290
 4  78  56  67  -5   0   2 0.00  0.0    0  4.2 14 270   M    M   0        18 280
 5  78  55  67  -5   0   2 0.00  0.0    0  3.0  9 310   M    M   0        13 280
 6  80  59  70  -2   0   5 0.00  0.0    0  4.1 15 130   M    M   3 1      19 120
 7  80  57  69  -3   0   4 0.00  0.0    0  4.6  9 130   M    M   3        12 110
 8  79  62  71  -1   0   6 0.00  0.0    0  6.0 14 250   M    M   6 12     17 240
 9  77  61  69  -3   0   4 0.00  0.0    0  1.6  9 220   M    M   7 12     11 230
10  80  68  74   2   0   9 0.04  0.0    0  3.9 10 300   M    M   8 138    16 310
11  76  64  70  -2   0   5 0.00  0.0    0  4.4 14 300   M    M   2 1      22 290
12  73  56  65  -6   0   0 0.00  0.0    0  3.6 12 300   M    M   0        18 310
13  85  56  71   0   0   6 0.00  0.0    0  8.4 20 250   M    M   0        25 220
14  85  66  76   5   0  11 0.55  0.0    0  9.5 20 310   M    M   4 13     35 340
15  86  62  74   3   0   9 0.00  0.0    0  4.3 12 250   M    M   2 1      15 270
16  87  67  77   6   0  12 0.00  0.0    0  5.8 15 270   M    M   1 1      20 240
17  86  67  77   6   0  12 0.53  0.0    0  5.4 12 250   M    M   1 13      M  M
18  82  67  75   4   0  10 0.48  0.0    0  6.8 26 230   M    M   6 13     40 230
19  80  65  73   2   0   8 0.10  0.0    0 11.0 21 230   M    M   7 1      27 240
20  70  55  63  -8   2   0 0.00  0.0    0 13.3 26 260   M    M   8        33 260
21  80  52  66  -5   0   1 0.00  0.0    0  4.3 14 170   M    M   3        19 240
22  81  57  69  -2   0   4 0.00  0.0    0  6.6 15 160   M    M   1 8      24 160
23  75  60  68  -2   0   3 0.65  0.0    0  7.9 23 270   M    M   5 13     29 270
24  73  60  67  -3   0   2 0.00  0.0    0 15.2 26 260   M    M   6        36 260
25  63  60  62  -8   3   0    T  0.0    0  7.4 17 290   M    M  10        24 300
26  65  59  62  -8   3   0 0.10  0.0    0  3.6  9 280   M    M  10 1      14 330
27  71  49  60 -10   5   0 0.00  0.0    0  1.9 12 280   M    M   5 1      16 280
28  76  52  64  -6   1   0 0.00  0.0    0  4.3 12 260   M    M   2 1      14 260
================================================================================
SM 2197 1674        14 137  3.22     0.0 175.6          M      104
================================================================================
AV 78.5 59.8                               6.3 FASTST   M    M   4    MAX(MPH)
                                 MISC ---->  # 28 230               # 40  230
================================================================================
NOTES:
# LAST OF SEVERAL OCCURRENCES

COLUMN 17 PEAK WIND IN M.P.H.

PRELIMINARY LOCAL CLIMATOLOGICAL DATA (WS FORM: F-6) , PAGE 2

                                          STATION:  BENTON HARBOR
                                          MONTH:    AUGUST
                                          YEAR:     2015
                                          LATITUDE:   42  7 N
                                          LONGITUDE:  86 26 W

[TEMPERATURE DATA]      [PRECIPITATION DATA]       SYMBOLS USED IN COLUMN 16

AVERAGE MONTHLY: 69.1   TOTAL FOR MONTH:   3.22    1 = FOG OR MIST
DPTR FM NORMAL:  -2.1   DPTR FM NORMAL:   -0.15    2 = FOG REDUCING VISIBILITY
HIGHEST:    92 ON  2    GRTST 24HR  0.77 ON  2- 2      TO 1/4 MILE OR LESS
LOWEST:     49 ON 27                               3 = THUNDER
                        SNOW, ICE PELLETS, HAIL    4 = ICE PELLETS
                        TOTAL MONTH:   0.0 INCH    5 = HAIL
                        GRTST 24HR     0.0         6 = FREEZING RAIN OR DRIZZLE
                        GRTST DEPTH:   0           7 = DUSTSTORM OR SANDSTORM:
                                                       VSBY 1/2 MILE OR LESS
                                                   8 = SMOKE OR HAZE
[NO. OF DAYS WITH]      [WEATHER - DAYS WITH]      9 = BLOWING SNOW
                                                   X = TORNADO
MAX 32 OR BELOW:   0    0.01 INCH OR MORE:   8
MAX 90 OR ABOVE:   1    0.10 INCH OR MORE:   7
MIN 32 OR BELOW:   0    0.50 INCH OR MORE:   4
MIN  0 OR BELOW:   0    1.00 INCH OR MORE:   0

[HDD (BASE 65) ]
TOTAL THIS MO.    14    CLEAR  (SCALE 0-3)  16
DPTR FM NORMAL   -12    PTCLDY (SCALE 4-7)  10
TOTAL FM JUL 1    39    CLOUDY (SCALE 8-10)  2
DPTR FM NORMAL     1

[CDD (BASE 65) ]
TOTAL THIS MO.   137
DPTR FM NORMAL   -49    [PRESSURE DATA]
TOTAL FM JAN 1   405    HIGHEST SLP M ON M
DPTR FM NORMAL  -249    LOWEST  SLP 29.62 ON  2

[REMARKS]
