000
CXUS56 KHNX 211146
CF6BFL
PRELIMINARY LOCAL CLIMATOLOGICAL DATA (WS FORM: F-6)

                                          STATION:   BAKERSFIELD CA
                                          MONTH:     OCTOBER
                                          YEAR:      2014
                                          LATITUDE:   35 25 N
                                          LONGITUDE: 119  3 W

  TEMPERATURE IN F:       :PCPN:    SNOW:  WIND      :SUNSHINE: SKY     :PK WND
================================================================================
1   2   3   4   5  6A  6B    7    8   9   10  11  12  13   14  15   16   17  18
                                     12Z  AVG MX 2MIN
DY MAX MIN AVG DEP HDD CDD  WTR  SNW DPTH SPD SPD DIR MIN PSBL S-S WX    SPD DR
================================================================================

 1  83  63  73   0   0   8 0.00  0.0    0  4.2 12 290   M    M   0 8      16 290
 2  94  62  78   6   0  13 0.00  0.0    0  5.3 14 320   M    M   0        17 350
 3  95  58  77   5   0  12 0.00  0.0    0  4.9 14 340   M    M   0        18 340
 4  91  62  77   5   0  12 0.00  0.0    0  3.8 14 310   M    M   0        16 300
 5  97  64  81   9   0  16 0.00  0.0    0  5.2 15 300   M    M   0        18 320
 6  96  64  80   9   0  15 0.00  0.0    0  5.1 12 310   M    M   0 8      17 290
 7  95  67  81  10   0  16 0.00  0.0    0  3.5 10 290   M    M   0        13 310
 8  91  66  79   9   0  14 0.00  0.0    0  4.8 13 300   M    M   0        18 280
 9  90  65  78   8   0  13 0.00  0.0    0  3.6 12 300   M    M   0        14 280
10  87  62  75   5   0  10 0.00  0.0    0  4.6 14 310   M    M   0        20 310
11  88  60  74   5   0   9 0.00  0.0    0  4.3 13 310   M    M   0 8      17 290
12  86  60  73   4   0   8 0.00  0.0    0  3.3 10 300   M    M   0        14 320
13  96  58  77   9   0  12 0.00  0.0    0  4.0 12  20   M    M   0        16 100
14  95  63  79  11   0  14 0.00  0.0    0 10.9 26 360   M    M   2 8      32  10
15  77  62  70   2   0   5 0.00  0.0    0  7.5 16 340   M    M   4 8      20 340
16  78  63  71   4   0   6 0.00  0.0    0  4.0 10 310   M    M   2        13 310
17  78  56  67   0   0   2 0.00  0.0    0  5.3 14 320   M    M   0        18 310
18  78  58  68   2   0   3 0.00  0.0    0  4.6 12 290   M    M   2        14 300
19  82  56  69   3   0   4 0.00  0.0    0  3.2 13 300   M    M   0        17 300
20  80  59  70   4   0   5 0.00  0.0    0  6.3 24 330   M    M   0 8      30 330
================================================================================
SM 1757 1228         0 197  0.00     0.0  98.4          M       10
================================================================================
AV 87.8 61.4                               4.9 FASTST   M    M   1    MAX(MPH)
                                 MISC ---->  # 26 360               # 32   10
================================================================================
NOTES:
# LAST OF SEVERAL OCCURRENCES

COLUMN 17 PEAK WIND IN M.P.H.

PRELIMINARY LOCAL CLIMATOLOGICAL DATA (WS FORM: F-6) , PAGE 2

                                          STATION:  BAKERSFIELD CA
                                          MONTH:    OCTOBER
                                          YEAR:     2014
                                          LATITUDE:   35 25 N
                                          LONGITUDE: 119  3 W

[TEMPERATURE DATA]      [PRECIPITATION DATA]       SYMBOLS USED IN COLUMN 16

AVERAGE MONTHLY: 74.6   TOTAL FOR MONTH:   0.00    1 = FOG OR MIST
DPTR FM NORMAL:   5.3   DPTR FM NORMAL:   -0.14    2 = FOG REDUCING VISIBILITY
HIGHEST:    97 ON  5    GRTST 24HR  0.00 ON 20-20      TO 1/4 MILE OR LESS
LOWEST:     56 ON 19,17                            3 = THUNDER
                        SNOW, ICE PELLETS, HAIL    4 = ICE PELLETS
                        TOTAL MONTH:   0.0 INCH    5 = HAIL
                        GRTST 24HR     0.0         6 = FREEZING RAIN OR DRIZZLE
                        GRTST DEPTH:   0           7 = DUSTSTORM OR SANDSTORM:
                                                       VSBY 1/2 MILE OR LESS
                                                   8 = SMOKE OR HAZE
[NO. OF DAYS WITH]      [WEATHER - DAYS WITH]      9 = BLOWING SNOW
                                                   X = TORNADO
MAX 32 OR BELOW:   0    0.01 INCH OR MORE:   0
MAX 90 OR ABOVE:  10    0.10 INCH OR MORE:   0
MIN 32 OR BELOW:   0    0.50 INCH OR MORE:   0
MIN  0 OR BELOW:   0    1.00 INCH OR MORE:   0

[HDD (BASE 65) ]
TOTAL THIS MO.     0    CLEAR  (SCALE 0-3)  19
DPTR FM NORMAL   -18    PTCLDY (SCALE 4-7)   1
TOTAL FM JUL 1     0    CLOUDY (SCALE 8-10)  0
DPTR FM NORMAL   -20

[CDD (BASE 65) ]
TOTAL THIS MO.   197
DPTR FM NORMAL    91    [PRESSURE DATA]
TOTAL FM JAN 1  2963    HIGHEST SLP M ON M
DPTR FM NORMAL   727    LOWEST  SLP 29.74 ON 14

[REMARKS]
