894
CXUS55 KBYZ 241055
CF6BHK
PRELIMINARY LOCAL CLIMATOLOGICAL DATA (WS FORM: F-6)

                                          STATION:   BAKER MT
                                          MONTH:     MARCH
                                          YEAR:      2017
                                          LATITUDE:   46 20 N
                                          LONGITUDE: 104 15 W

  TEMPERATURE IN F:       :PCPN:    SNOW:  WIND      :SUNSHINE: SKY     :PK WND
================================================================================
1   2   3   4   5  6A  6B    7    8   9   10  11  12  13   14  15   16   17  18
                                     12Z  AVG MX 2MIN
DY MAX MIN AVG DEP HDD CDD  WTR  SNW DPTH SPD SPD DIR MIN PSBL S-S WX    SPD DR
================================================================================

 1  34  16  25  -1  40   0    T    M    M 13.7 26 270   M    M   6 1      30 270
 2  36  19  28   2  37   0 0.00    M    M 10.5 18 310   M    M   4        23 320
 3  55  27  41  14  24   0 0.00    M    M 10.2 22 280   M    M   5        28 310
 4  61  26  44  17  21   0 0.00    M    M  8.6 18 250   M    M   0        22 250
 5  66  26  46  18  19   0 0.00    M    M 11.5 25 200   M    M   1        29 190
 6  34  18  26  -2  39   0    T    M    M 20.3 35 300   M    M   6 189    46 300
 7  31  17  24  -4  41   0 0.00    M    M 21.6 41 290   M    M   1        51 280
 8  28  14  21  -8  44   0    T    M    M  9.5 22 140   M    M  10 18     28 310
 9  27   7  17 -12  48   0    T    M    M  8.1 16  50   M    M  10 18     20 130
10  11   6   9 -20  56   0    T    M    M 24.0 35 120   M    M  10 189    41 120
11  19   7  13 -17  52   0    T    M    M 11.4 32 130   M    M   5 18     38 130
12  19  -3   8 -22  57   0    T    M    M 11.1 30 130   M    M   8 168    36 120
13  22  -3  10 -21  55   0    T    M    M 17.7 28 150   M    M   6 8      32 140
14  37  20  29  -2  36   0    T    M    M 11.1 18 140   M    M   5        24 140
15  65  32  49  18  16   0 0.00    M    M  6.7 15 270   M    M   4        17 270
16  62  34  48  16  17   0    T    M    M 12.8 31 320   M    M   3        42 310
17  44  26  35   3  30   0 0.00    M    M 11.3 22 310   M    M   4        30 310
18  71  31  51  19  14   0 0.00    M    M 17.9 28 150   M    M   2        33 140
19  57  37  47  14  18   0 0.25    M    M  8.5 25 340   M    M   6 1      29 340
20  50  33  42   9  23   0 0.04    M    M 10.7 21 190   M    M  10 1      25 180
21  34  26  30  -4  35   0 0.00    M    M 22.3 40 140   M    M  10        49 130
22  56  28  42   8  23   0 0.00    M    M 13.7 41 140   M    M   7        50 140
23  53  37  45  11  20   0 0.05    M    M  8.0 16 250   M    M   7 1      21 230
================================================================================
SM  972  481       765   0  0.34    M    301.2          M      130
================================================================================
AV 42.3 20.9                              13.1 FASTST   M    M   6    MAX(MPH)
                                 MISC ---->  # 41 290               # 51  280
================================================================================
NOTES:
# LAST OF SEVERAL OCCURRENCES

COLUMN 17 PEAK WIND IN M.P.H.

PRELIMINARY LOCAL CLIMATOLOGICAL DATA (WS FORM: F-6) , PAGE 2

                                          STATION:  BAKER MT
                                          MONTH:    MARCH
                                          YEAR:     2017
                                          LATITUDE:   46 20 N
                                          LONGITUDE: 104 15 W

[TEMPERATURE DATA]      [PRECIPITATION DATA]       SYMBOLS USED IN COLUMN 16

AVERAGE MONTHLY: 31.6   TOTAL FOR MONTH:   0.34    1 = FOG OR MIST
DPTR FM NORMAL:   1.4   DPTR FM NORMAL:   -0.15    2 = FOG REDUCING VISIBILITY
HIGHEST:    71 ON 18    GRTST 24HR  0.25 ON 19-19      TO 1/4 MILE OR LESS
LOWEST:     -3 ON 13,12                            3 = THUNDER
                        SNOW, ICE PELLETS, HAIL    4 = ICE PELLETS
                        TOTAL MONTH:    M          5 = HAIL
                        GRTST 24HR    M  ON   M    6 = FREEZING RAIN OR DRIZZLE
                        GRTST DEPTH:  M  ON   M    7 = DUSTSTORM OR SANDSTORM:
                                                       VSBY 1/2 MILE OR LESS
                                                   8 = SMOKE OR HAZE
[NO. OF DAYS WITH]      [WEATHER - DAYS WITH]      9 = BLOWING SNOW
                                                   X = TORNADO
MAX 32 OR BELOW:   7    0.01 INCH OR MORE:   3
MAX 90 OR ABOVE:   0    0.10 INCH OR MORE:   1
MIN 32 OR BELOW:  19    0.50 INCH OR MORE:   0
MIN  0 OR BELOW:   2    1.00 INCH OR MORE:   0

[HDD (BASE 65) ]
TOTAL THIS MO.   765    CLEAR  (SCALE 0-3)   5
DPTR FM NORMAL   -36    PTCLDY (SCALE 4-7)  12
TOTAL FM JUL 1  6764    CLOUDY (SCALE 8-10)  6
DPTR FM NORMAL  -192

[CDD (BASE 65) ]
TOTAL THIS MO.     0
DPTR FM NORMAL     0    [PRESSURE DATA]
TOTAL FM JAN 1     0    HIGHEST SLP M ON M
DPTR FM NORMAL     0    LOWEST  SLP 29.21 ON  5

[REMARKS]
