000
CXUS55 KVEF 280940
CF6BIH
PRELIMINARY LOCAL CLIMATOLOGICAL DATA (WS FORM: F-6)

                                          STATION:   BISHOP CA
                                          MONTH:     FEBRUARY
                                          YEAR:      2015
                                          LATITUDE:   37 22 N
                                          LONGITUDE: 118 22 W

  TEMPERATURE IN F:       :PCPN:    SNOW:  WIND      :SUNSHINE: SKY     :PK WND
================================================================================
1   2   3   4   5  6A  6B    7    8   9   10  11  12  13   14  15   16   17  18
                                     12Z  AVG MX 2MIN
DY MAX MIN AVG DEP HDD CDD  WTR  SNW DPTH SPD SPD DIR MIN PSBL S-S WX    SPD DR
================================================================================

 1  69  26  48   8  17   0 0.00  0.0    0  6.2 14 170   M    M   0        18 160
 2  70  28  49   9  16   0 0.00  0.0    0  4.5 12 310   M    M   0        12 310
 3  72  29  51  11  14   0 0.00  0.0    0  4.9 14 170   M    M   0        17 170
 4  70  29  50  10  15   0 0.00  0.0    0  4.7 10 300   M    M   0        12 150
 5  69  28  49   9  16   0 0.00  0.0    0  4.4 17 140   M    M   0        21 140
 6  80  34  57  17   8   0 0.00  0.0    0 10.6 29 180   M    M   0        41 230
 7  65  38  52  11  13   0 0.13  0.0    0  5.4 25 350   M    M   7 18     32  10
 8  64  32  48   7  17   0    T  0.0    0  9.1 31 150   M    M   3 1      37 150
 9  70  42  56  15   9   0 0.00  0.0    0  7.1 20 170   M    M   1        25 180
10  67  34  51  10  14   0 0.00  0.0    0  6.6 17 340   M    M   0        23 330
11  71  28  50   9  15   0 0.00  0.0    0  5.9 12 170   M    M   0        15 150
12  72  28  50   8  15   0 0.00  0.0    0  6.1 13 160   M    M   0        16 160
13  78  32  55  13  10   0 0.00  0.0    0  7.2 22 170   M    M   0        27 170
14  76  33  55  13  10   0 0.00  0.0    0  6.1 13 160   M    M   0        19 180
15  76  35  56  14   9   0 0.00  0.0    0 11.2 22 350   M    M   0        27  10
16  80  27  54  12  11   0 0.00  0.0    0  7.8 25 360   M    M   0        33  30
17  73  29  51   8  14   0 0.00  0.0    0  7.1 18 160   M    M   0        24 160
18  76  30  53  10  12   0 0.00  0.0    0  7.0 20 160   M    M   0        26 160
19  77  31  54  11  11   0 0.00  0.0    0  6.1 16 160   M    M   0        20 160
20  77  34  56  13   9   0 0.00  0.0    0  7.1 21 350   M    M   0        29 350
21  69  41  55  12  10   0 0.00  0.0    0 12.2 31 360   M    M   1        42  10
22  48  36  42  -2  23   0 0.04  0.0    0  6.8 25 360   M    M   9        34  10
23  49  34  42  -2  23   0 0.00  0.0    0  8.9 21  20   M    M   8        27  40
24  66  23  45   1  20   0 0.00  0.0    0  9.4 17 310   M    M   0        21 300
25  75  26  51   7  14   0 0.00  0.0    0 11.2 28 360   M    M   0        37 360
26  68  28  48   3  17   0 0.00  0.0    0 13.5 28 350   M    M   0        36  20
27  65  29  47   2  18   0 0.00  0.0    0  6.9 21 280   M    M   2        26 280
================================================================================
SM 1892  844       380   0  0.17     0.0 204.0          M       31
================================================================================
AV 70.1 31.3                               7.6 FASTST   M    M   1    MAX(MPH)
                                 MISC ---->  # 31 150               # 42   10
================================================================================
NOTES:
# LAST OF SEVERAL OCCURRENCES

COLUMN 17 PEAK WIND IN M.P.H.

PRELIMINARY LOCAL CLIMATOLOGICAL DATA (WS FORM: F-6) , PAGE 2

                                          STATION:  BISHOP CA
                                          MONTH:    FEBRUARY
                                          YEAR:     2015
                                          LATITUDE:   37 22 N
                                          LONGITUDE: 118 22 W

[TEMPERATURE DATA]      [PRECIPITATION DATA]       SYMBOLS USED IN COLUMN 16

AVERAGE MONTHLY: 50.7   TOTAL FOR MONTH:   0.17    1 = FOG OR MIST
DPTR FM NORMAL:   8.6   DPTR FM NORMAL:   -0.65    2 = FOG REDUCING VISIBILITY
HIGHEST:    80 ON 16, 6 GRTST 24HR  0.13 ON  7- 7      TO 1/4 MILE OR LESS
LOWEST:     23 ON 24                               3 = THUNDER
                        SNOW, ICE PELLETS, HAIL    4 = ICE PELLETS
                        TOTAL MONTH:   0.0 INCH    5 = HAIL
                        GRTST 24HR     0.0         6 = FREEZING RAIN OR DRIZZLE
                        GRTST DEPTH:   0           7 = DUSTSTORM OR SANDSTORM:
                                                       VSBY 1/2 MILE OR LESS
                                                   8 = SMOKE OR HAZE
[NO. OF DAYS WITH]      [WEATHER - DAYS WITH]      9 = BLOWING SNOW
                                                   X = TORNADO
MAX 32 OR BELOW:   0    0.01 INCH OR MORE:   2
MAX 90 OR ABOVE:   0    0.10 INCH OR MORE:   1
MIN 32 OR BELOW:  17    0.50 INCH OR MORE:   0
MIN  0 OR BELOW:   0    1.00 INCH OR MORE:   0

[HDD (BASE 65) ]
TOTAL THIS MO.   380    CLEAR  (SCALE 0-3)  24
DPTR FM NORMAL  -238    PTCLDY (SCALE 4-7)   2
TOTAL FM JUL 1  2418    CLOUDY (SCALE 8-10)  1
DPTR FM NORMAL  -769

[CDD (BASE 65) ]
TOTAL THIS MO.     0
DPTR FM NORMAL     0    [PRESSURE DATA]
TOTAL FM JAN 1     0    HIGHEST SLP M ON M
DPTR FM NORMAL     0    LOWEST  SLP 29.45 ON 27

[REMARKS]
