000
CXUS55 KBYZ 301055
CF6BIL
PRELIMINARY LOCAL CLIMATOLOGICAL DATA (WS FORM: F-6)

                                          STATION:   BILLINGS MT
                                          MONTH:     AUGUST
                                          YEAR:      2014
                                          LATITUDE:   45 47 N
                                          LONGITUDE: 108 32 W

  TEMPERATURE IN F:       :PCPN:    SNOW:  WIND      :SUNSHINE: SKY     :PK WND
================================================================================
1   2   3   4   5  6A  6B    7    8   9   10  11  12  13   14  15   16   17  18
                                     12Z  AVG MX 2MIN
DY MAX MIN AVG DEP HDD CDD  WTR  SNW DPTH SPD SPD DIR MIN PSBL S-S WX    SPD DR
================================================================================

 1  94  65  80   6   0  15 0.00  0.0    0  9.4 20  80   M    M   4        22  80
 2  92  60  76   2   0  11    T  0.0    0  6.6 26 300   M    M   5        32 330
 3  90  60  75   1   0  10 0.00  0.0    0  7.0 21  40   M    M   4        27  40
 4  82  60  71  -3   0   6    T  0.0    0  7.7 22  40   M    M   7        26  40
 5  76  63  70  -4   0   5    T  0.0    0  5.2 14 360   M    M   8        22  10
 6  88  57  73  -1   0   8 0.00  0.0    0  8.4 16 230   M    M   5        20 240
 7  92  62  77   3   0  12 0.00  0.0    0  8.5 15 210   M    M   3        19 220
 8  92  61  77   3   0  12 0.00  0.0    0 11.1 25 300   M    M   4        30 300
 9  81  64  73   0   0   8    T  0.0    0  9.2 17  60   M    M   5        21  70
10  88  58  73   0   0   8 0.00  0.0    0  5.5 13  80   M    M   4        20  60
11  92  59  76   3   0  11 0.00  0.0    0  6.1 12  80   M    M   2        14 100
12  98  62  80   7   0  15    T  0.0    0  7.5 30 270   M    M   3 3      37 270
13  94  69  82   9   0  17 0.00  0.0    0  7.4 17  60   M    M   6        20  70
14  77  63  70  -2   0   5 0.05  0.0    0  6.8 20 250   M    M   7        24 250
15  91  59  75   3   0  10 0.13  0.0    0  8.5 30 290   M    M   4 38     39 310
16  86  61  74   2   0   9 0.01  0.0    0  7.6 20 330   M    M   5 3      26 220
17  88  59  74   2   0   9 0.01  0.0    0  9.2 24 330   M    M   4 3      29 340
18  86  59  73   1   0   8 0.00  0.0    0  6.8 13 100   M    M   2        16 110
19  92  59  76   5   0  11 0.00  0.0    0 10.2 20 270   M    M   4        25 220
20  83  60  72   1   0   7 0.07  0.0    0  9.9 32 290   M    M   7 3      42 290
21  66  54  60 -11   5   0 0.32  0.0    0  6.6 14 240   M    M   8 1      16 250
22  65  55  60 -10   5   0 0.41  0.0    0  7.4 16  20   M    M   9 1      17  50
23  61  49  55 -15  10   0 0.62  0.0    0 15.2 31 340   M    M  10 12     39 340
24  58  46  52 -18  13   0 0.19  0.0    0 18.2 30 280   M    M  10        37 290
25  63  43  53 -16  12   0    T  0.0    0  8.0 18  50   M    M   5        21  30
26  78  51  65  -4   0   0    T  0.0    0  5.2 10 130   M    M   3        14 180
27  85  55  70   1   0   5 0.00  0.0    0  8.3 20 240   M    M   2        23 250
28  89  59  74   6   0   9 0.14  0.0    0 12.0 36 270   M    M   3 3      42 270
29  77  56  67  -1   0   2    T  0.0    0  7.2 23 300   M    M   3        29 260
================================================================================
SM 2404 1688        45 213  1.95     0.0 246.7          M      146
================================================================================
AV 82.9 58.2                               8.5 FASTST   M    M   5    MAX(MPH)
                                 MISC ---->  # 36 270               # 42  290
================================================================================
NOTES:
# LAST OF SEVERAL OCCURRENCES

COLUMN 17 PEAK WIND IN M.P.H.

PRELIMINARY LOCAL CLIMATOLOGICAL DATA (WS FORM: F-6) , PAGE 2

                                          STATION:  BILLINGS MT
                                          MONTH:    AUGUST
                                          YEAR:     2014
                                          LATITUDE:   45 47 N
                                          LONGITUDE: 108 32 W

[TEMPERATURE DATA]      [PRECIPITATION DATA]       SYMBOLS USED IN COLUMN 16

AVERAGE MONTHLY: 70.6   TOTAL FOR MONTH:   1.95    1 = FOG OR MIST
DPTR FM NORMAL:  -1.3   DPTR FM NORMAL:    1.26    2 = FOG REDUCING VISIBILITY
HIGHEST:    98 ON 12    GRTST 24HR  0.80 ON 22-23      TO 1/4 MILE OR LESS
LOWEST:     43 ON 25                               3 = THUNDER
                        SNOW, ICE PELLETS, HAIL    4 = ICE PELLETS
                        TOTAL MONTH:   0.0 INCH    5 = HAIL
                        GRTST 24HR     0.0         6 = FREEZING RAIN OR DRIZZLE
                        GRTST DEPTH:   0           7 = DUSTSTORM OR SANDSTORM:
                                                       VSBY 1/2 MILE OR LESS
                                                   8 = SMOKE OR HAZE
[NO. OF DAYS WITH]      [WEATHER - DAYS WITH]      9 = BLOWING SNOW
                                                   X = TORNADO
MAX 32 OR BELOW:   0    0.01 INCH OR MORE:  10
MAX 90 OR ABOVE:  10    0.10 INCH OR MORE:   6
MIN 32 OR BELOW:   0    0.50 INCH OR MORE:   1
MIN  0 OR BELOW:   0    1.00 INCH OR MORE:   0

[HDD (BASE 65) ]
TOTAL THIS MO.    45    CLEAR  (SCALE 0-3)   6
DPTR FM NORMAL    29    PTCLDY (SCALE 4-7)  19
TOTAL FM JUL 1    46    CLOUDY (SCALE 8-10)  4
DPTR FM NORMAL    15

[CDD (BASE 65) ]
TOTAL THIS MO.   213
DPTR FM NORMAL    -1    [PRESSURE DATA]
TOTAL FM JAN 1   552    HIGHEST SLP M ON M
DPTR FM NORMAL   -20    LOWEST  SLP 29.58 ON 20

[REMARKS]
