000
CXUS55 KBYZ 301403
CF6BIL
PRELIMINARY LOCAL CLIMATOLOGICAL DATA (WS FORM: F-6)

                                          STATION:   BILLINGS MT
                                          MONTH:     MARCH
                                          YEAR:      2017
                                          LATITUDE:   45 47 N
                                          LONGITUDE: 108 32 W

  TEMPERATURE IN F:       :PCPN:    SNOW:  WIND      :SUNSHINE: SKY     :PK WND
================================================================================
1   2   3   4   5  6A  6B    7    8   9   10  11  12  13   14  15   16   17  18
                                     12Z  AVG MX 2MIN
DY MAX MIN AVG DEP HDD CDD  WTR  SNW DPTH SPD SPD DIR MIN PSBL S-S WX    SPD DR
================================================================================

 1  45  21  33  -1  32   0    T    T    0 16.1 40 280   M    M   4        51 260
 2  47  26  37   3  28   0    T  0.1    0  6.8 17 240   M    M   8 1      24 250
 3  59  39  49  15  16   0 0.00  0.0    0 11.4 23 290   M    M   7        28 280
 4  63  39  51  17  14   0 0.00  0.0    0 10.4 21 240   M    M   5        27 260
 5  63  31  47  12  18   0    T    T    0 11.8 29 320   M    M   5 1      36 320
 6  42  28  35   0  30   0 0.06  0.6    T 16.4 29 280   M    M   8 1      36 310
 7  45  26  36   1  29   0 0.00  0.0    0 21.9 40 290   M    M   5        53 280
 8  43  22  33  -3  32   0 0.36  1.1    0  8.1 18  10   M    M   9 12     23  20
 9  32  12  22 -14  43   0 0.54  7.9    5 12.9 22  40   M    M  10 12     25  40
10  22  12  17 -19  48   0 0.01  0.2    8  4.8 10  30   M    M   8 146    12  50
11  23  13  18 -18  47   0 0.00  0.0    6  4.8 12  90   M    M  10 12     13  90
12  42  14  28  -9  37   0    T    T    6 14.0 30 290   M    M   7 12     36 290
13  43  14  29  -8  36   0    T    T    4  3.6 17 230   M    M   8 1      22 220
14  53  36  45   8  20   0 0.02  0.0    1  5.7 16 230   M    M   9        20 230
15  73  40  57  19   8   0 0.00  0.0    0 10.5 20 200   M    M   6        24 190
16  62  40  51  13  14   0 0.00  0.0    0 12.4 36 300   M    M   6        43 290
17  54  34  44   6  21   0 0.00  0.0    0  7.7 18 110   M    M   5        22 120
18  70  34  52  14  13   0 0.00  0.0    0  6.3 16 260   M    M   7        20 260
19  64  44  54  15  11   0 0.01  0.0    0 10.1 23  30   M    M   7        28  10
20  45  32  39   0  26   0 0.06  0.2    0 10.8 18  50   M    M  10 12     23  40
21  40  30  35  -4  30   0 0.03  0.3    T  7.3 16  40   M    M  10 12     23  40
22  64  36  50  11  15   0 0.14  0.0    0  8.0 20 220   M    M   7 123    22 220
23  55  39  47   7  18   0    T  0.0    0  5.6 15 320   M    M   7        19 320
24  66  34  50  10  15   0 0.00  0.0    0 10.2 22 200   M    M   4        29 220
25  54  43  49   9  16   0 0.00  0.0    0  7.8 16 250   M    M   8        19 250
26  58  35  47   7  18   0 0.00  0.0    0  6.9 14 230   M    M   6        17 220
27  60  42  51  10  14   0 0.11  0.0    0  7.3 18 350   M    M   8        22 360
28  57  39  48   7  17   0 0.53  0.0    0  7.2 15 320   M    M   6 1      21 310
29  61  36  49   8  16   0 0.00  0.0    0  6.5 20 280   M    M   6        22 280
================================================================================
SM 1505  891       682   0  1.87    10.4 273.3          M      206
================================================================================
AV 51.9 30.7                               9.4 FASTST   M    M   7    MAX(MPH)
                                 MISC ---->  # 40 280               # 53  280
================================================================================
NOTES:
# LAST OF SEVERAL OCCURRENCES

COLUMN 17 PEAK WIND IN M.P.H.

PRELIMINARY LOCAL CLIMATOLOGICAL DATA (WS FORM: F-6) , PAGE 2

                                          STATION:  BILLINGS MT
                                          MONTH:    MARCH
                                          YEAR:     2017
                                          LATITUDE:   45 47 N
                                          LONGITUDE: 108 32 W

[TEMPERATURE DATA]      [PRECIPITATION DATA]       SYMBOLS USED IN COLUMN 16

AVERAGE MONTHLY: 41.3   TOTAL FOR MONTH:   1.87    1 = FOG OR MIST
DPTR FM NORMAL:   3.8   DPTR FM NORMAL:    0.90    2 = FOG REDUCING VISIBILITY
HIGHEST:    73 ON 15    GRTST 24HR  0.54 ON  9- 9      TO 1/4 MILE OR LESS
LOWEST:     12 ON 10, 9                            3 = THUNDER
                        SNOW, ICE PELLETS, HAIL    4 = ICE PELLETS
                        TOTAL MONTH:  10.4 INCHES  5 = HAIL
                        GRTST 24HR   7.9 ON  9- 9  6 = FREEZING RAIN OR DRIZZLE
                        GRTST DEPTH:   8 ON 10     7 = DUSTSTORM OR SANDSTORM:
                                                       VSBY 1/2 MILE OR LESS
                                                   8 = SMOKE OR HAZE
[NO. OF DAYS WITH]      [WEATHER - DAYS WITH]      9 = BLOWING SNOW
                                                   X = TORNADO
MAX 32 OR BELOW:   3    0.01 INCH OR MORE:  11
MAX 90 OR ABOVE:   0    0.10 INCH OR MORE:   5
MIN 32 OR BELOW:  13    0.50 INCH OR MORE:   2
MIN  0 OR BELOW:   0    1.00 INCH OR MORE:   0

[HDD (BASE 65) ]
TOTAL THIS MO.   682    CLEAR  (SCALE 0-3)   0
DPTR FM NORMAL  -116    PTCLDY (SCALE 4-7)  22
TOTAL FM JUL 1  5767    CLOUDY (SCALE 8-10)  7
DPTR FM NORMAL     4

[CDD (BASE 65) ]
TOTAL THIS MO.     0
DPTR FM NORMAL     0    [PRESSURE DATA]
TOTAL FM JAN 1     0    HIGHEST SLP M ON M
DPTR FM NORMAL     0    LOWEST  SLP 29.21 ON  5

[REMARKS]
