000
CXUS56 KBOI 281002
CF6BKE
PRELIMINARY LOCAL CLIMATOLOGICAL DATA (WS FORM: F-6)

                                          STATION:   BAKER OR
                                          MONTH:     APRIL
                                          YEAR:      2017
                                          LATITUDE:   44 50 N
                                          LONGITUDE: 117 49 W

  TEMPERATURE IN F:       :PCPN:    SNOW:  WIND      :SUNSHINE: SKY     :PK WND
================================================================================
1   2   3   4   5  6A  6B    7    8   9   10  11  12  13   14  15   16   17  18
                                     12Z  AVG MX 2MIN
DY MAX MIN AVG DEP HDD CDD  WTR  SNW DPTH SPD SPD DIR MIN PSBL S-S WX    SPD DR
================================================================================

 1  60  25  43   2  22   0    T    M    M  5.3 15 320   M    M   5        19 330
 2  51  28  40  -1  25   0 0.00    M    M 12.8 30 330   M    M   1        38 320
 3  48  23  36  -5  29   0    T    M    M  9.8 22 340   M    M   4        30 360
 4  55  16  36  -5  29   0 0.00    M    M  9.2 22 100   M    M   4        28 100
 5  64  41  53  11  12   0 0.00    M    M 11.4 24 110   M    M   5        30 120
 6  55  44  50   8  15   0 0.02    M    M 13.2 32 160   M    M   9        40 160
 7  62  36  49   7  16   0 0.06    M    M 17.0 38 200   M    M   4        52 180
 8  45  24  35  -7  30   0 0.05    M    M 13.4 31 300   M    M   8 1      39 300
 9  48  18  33  -9  32   0 0.00    M    M  7.9 21 130   M    M   4 12     29 150
10  54  27  41  -1  24   0    T    M    M  5.9 25 210   M    M   5 8      34 210
11  54  19  37  -5  28   0 0.03    M    M  8.1 26 110   M    M   7        31 120
12  58  42  50   7  15   0 0.16    M    M 11.9 22 160   M    M   7        27 140
13  52  34  43   0  22   0    T    M    M  8.5 28 320   M    M   5        34 320
14  43  25  34  -9  31   0 0.01    M    M 10.4 24 330   M    M   8        29 340
15  49  18  34  -9  31   0    T    M    M  4.0 13 100   M    M   5 12     17 130
16  59  22  41  -2  24   0 0.02    M    M  6.9 23 120   M    M   3 1      33 110
17  57  38  48   4  17   0 0.06    M    M  8.0 18 220   M    M   6 1      24 220
18  58  27  43  -1  22   0 0.02    M    M  6.4 25 330   M    M   4 18     31 320
19  61  21  41  -3  24   0 0.00    M    M  9.2 26 150   M    M   3 12     32 140
20  53  29  41  -3  24   0 0.04    M    M 10.6 30 330   M    M   6 1      39 340
21  57  21  39  -5  26   0 0.00    M    M  3.0  9 230   M    M   0        14 230
22  63  34  49   4  16   0    T    M    M 14.1 31 120   M    M   3        37 120
23  57  41  49   4  16   0 0.01    M    M  8.1 20 320   M    M   7        24 330
24  52  37  45   0  20   0 0.14    M    M  6.7 18 330   M    M   9 1      23 320
25  54  31  43  -2  22   0 0.02    M    M  5.3 17 170   M    M   7        22 200
26  47  34  41  -5  24   0 0.15    M    M  8.6 26 320   M    M   6        33 310
27  48  28  38  -8  27   0 0.02    M    M 12.2 32 320   M    M   6 1      38 310
================================================================================
SM 1464  783       623   0  0.81    M    247.9          M      141
================================================================================
AV 54.2 29.0                               9.2 FASTST   M    M   5    MAX(MPH)
                                 MISC ---->  # 38 200               # 52  180
================================================================================
NOTES:
# LAST OF SEVERAL OCCURRENCES

COLUMN 17 PEAK WIND IN M.P.H.

PRELIMINARY LOCAL CLIMATOLOGICAL DATA (WS FORM: F-6) , PAGE 2

                                          STATION:  BAKER OR
                                          MONTH:    APRIL
                                          YEAR:     2017
                                          LATITUDE:   44 50 N
                                          LONGITUDE: 117 49 W

[TEMPERATURE DATA]      [PRECIPITATION DATA]       SYMBOLS USED IN COLUMN 16

AVERAGE MONTHLY: 41.6   TOTAL FOR MONTH:   0.81    1 = FOG OR MIST
DPTR FM NORMAL:  -1.5   DPTR FM NORMAL:    0.06    2 = FOG REDUCING VISIBILITY
HIGHEST:    64 ON  5    GRTST 24HR  0.17 ON 25-26      TO 1/4 MILE OR LESS
LOWEST:     16 ON  4                               3 = THUNDER
                        SNOW, ICE PELLETS, HAIL    4 = ICE PELLETS
                        TOTAL MONTH:    M          5 = HAIL
                        GRTST 24HR    M  ON   M    6 = FREEZING RAIN OR DRIZZLE
                        GRTST DEPTH:  M  ON   M    7 = DUSTSTORM OR SANDSTORM:
                                                       VSBY 1/2 MILE OR LESS
                                                   8 = SMOKE OR HAZE
[NO. OF DAYS WITH]      [WEATHER - DAYS WITH]      9 = BLOWING SNOW
                                                   X = TORNADO
MAX 32 OR BELOW:   0    0.01 INCH OR MORE:  15
MAX 90 OR ABOVE:   0    0.10 INCH OR MORE:   3
MIN 32 OR BELOW:  17    0.50 INCH OR MORE:   0
MIN  0 OR BELOW:   0    1.00 INCH OR MORE:   0

[HDD (BASE 65) ]
TOTAL THIS MO.   623    CLEAR  (SCALE 0-3)   4
DPTR FM NORMAL    33    PTCLDY (SCALE 4-7)  21
TOTAL FM JUL 1  7183    CLOUDY (SCALE 8-10)  2
DPTR FM NORMAL   225

[CDD (BASE 65) ]
TOTAL THIS MO.     0
DPTR FM NORMAL     0    [PRESSURE DATA]
TOTAL FM JAN 1     0    HIGHEST SLP M ON M
DPTR FM NORMAL     0    LOWEST  SLP 29.47 ON  7

[REMARKS]
