000
CXUS51 KRNK 271356
CF6BLF
PRELIMINARY LOCAL CLIMATOLOGICAL DATA (WS FORM: F-6)

                                          STATION:   BLUEFIELD WV
                                          MONTH:     FEBRUARY
                                          YEAR:      2015
                                          LATITUDE:   37 17 N
                                          LONGITUDE:  81 12 W

  TEMPERATURE IN F:       :PCPN:    SNOW:  WIND      :SUNSHINE: SKY     :PK WND
================================================================================
1   2   3   4   5  6A  6B    7    8   9   10  11  12  13   14  15   16   17  18
                                     12Z  AVG MX 2MIN
DY MAX MIN AVG DEP HDD CDD  WTR  SNW DPTH SPD SPD DIR MIN PSBL S-S WX    SPD DR
================================================================================

 1  50  33  42   7  23   0 0.05  0.0    0  7.0 24 180   M    M   9        36 190
 2  51  19  35   0  30   0 0.36  1.4    1 14.4 26 300   M    M  10 18     39 320
 3  37  18  28  -7  37   0    T  0.1    0  7.5 15 240   M    M   4        21 280
 4  51  31  41   6  24   0 0.00  0.0    0  9.8 17 260   M    M   0        22 260
 5  40  14  27  -9  38   0    T    T    0  9.5 20 300   M    M   6        28 300
 6  39  12  26 -10  39   0 0.00  0.0    0  8.6 20 260   M    M   1        32 270
 7  56  31  44   8  21   0 0.00  0.0    0 12.0 25 240   M    M   0        33 230
 8  61  47  54  18  11   0 0.00  0.0    0 17.6 29 260   M    M   2        39 270
 9  54  37  46  10  19   0 0.18  0.0    0  7.1 20 260   M    M  10 12     27 250
10  37  26  32  -4  33   0 0.00  0.0    0  5.8 13 300   M    M  10 128    16 300
11  49  24  37   1  28   0 0.00  0.0    0  4.9 15 260   M    M   7 128    20 270
12  35  13  24 -13  41   0 0.01  2.6    3 14.5 24 300   M    M   9 16     36 300
13  24   7  16 -21  49   0    T  0.1    2  7.5 20 300   M    M   2        26 300
14  35   6  21 -16  44   0 0.04  5.7    6 17.5 35 290   M    M  10 129    53 280
15  14   1   8 -29  57   0    T  0.1    4 11.6 26 300   M    M   5 9      37 310
16  17   8  13 -25  52   0 0.46  8.8   12  5.8 18 160   M    M  10        30 170
17  23  11  17 -21  48   0 0.01  0.8   11  8.2 14 280   M    M   6 1      20 280
18  26   5  16 -22  49   0 0.02  2.4   13 12.4 25 290   M    M   8 9      35 280
19   5  -4   1 -37  64   0    T  0.5   13 11.0 17 270   M    M   8        31 270
20  23  -7   8 -30  57   0    T    T   12  6.6 16 290   M    M   3        26 280
21  41  21  31  -8  34   0 0.79  3.4   12  9.5 22 230   M    M   8 126    31 220
22  44  30  37  -2  28   0 0.02  0.0    9  5.5 17 220   M    M  10 12     21 210
23  30  13  22 -17  43   0    T    T    9  6.0 16 310   M    M   7 126    20 310
24  28  12  20 -19  45   0 0.01  0.7   10  7.5 20 300   M    M   6 8      26 300
25  37  21  29 -11  36   0    T  0.1   10  8.1 16 280   M    M   4        25 280
26  34  26  30 -10  35   0 0.13  1.9   11  4.9 14 310   M    M  10 1      20 330
================================================================================
SM  941  455       985   0  2.08    28.6 240.8          M      165
================================================================================
AV 36.2 17.5                               9.3 FASTST   M    M   6    MAX(MPH)
                                 MISC ---->  # 35 290               # 53  280
================================================================================
NOTES:
# LAST OF SEVERAL OCCURRENCES

COLUMN 17 PEAK WIND IN M.P.H.

PRELIMINARY LOCAL CLIMATOLOGICAL DATA (WS FORM: F-6) , PAGE 2

                                          STATION:  BLUEFIELD WV
                                          MONTH:    FEBRUARY
                                          YEAR:     2015
                                          LATITUDE:   37 17 N
                                          LONGITUDE:  81 12 W

[TEMPERATURE DATA]      [PRECIPITATION DATA]       SYMBOLS USED IN COLUMN 16

AVERAGE MONTHLY: 26.8   TOTAL FOR MONTH:   2.08    1 = FOG OR MIST
DPTR FM NORMAL: -10.3   DPTR FM NORMAL:   -0.47    2 = FOG REDUCING VISIBILITY
HIGHEST:    61 ON  8    GRTST 24HR  0.80 ON 21-22      TO 1/4 MILE OR LESS
LOWEST:     -7 ON 20                               3 = THUNDER
                        SNOW, ICE PELLETS, HAIL    4 = ICE PELLETS
                        TOTAL MONTH:  28.6 INCHES  5 = HAIL
                        GRTST 24HR   8.8 ON   M    6 = FREEZING RAIN OR DRIZZLE
                        GRTST DEPTH:  13 ON 19,18  7 = DUSTSTORM OR SANDSTORM:
                                                       VSBY 1/2 MILE OR LESS
                                                   8 = SMOKE OR HAZE
[NO. OF DAYS WITH]      [WEATHER - DAYS WITH]      9 = BLOWING SNOW
                                                   X = TORNADO
MAX 32 OR BELOW:   9    0.01 INCH OR MORE:  12
MAX 90 OR ABOVE:   0    0.10 INCH OR MORE:   5
MIN 32 OR BELOW:  23    0.50 INCH OR MORE:   1
MIN  0 OR BELOW:   2    1.00 INCH OR MORE:   0

[HDD (BASE 65) ]
TOTAL THIS MO.   985    CLEAR  (SCALE 0-3)   6
DPTR FM NORMAL   262    PTCLDY (SCALE 4-7)  11
TOTAL FM JUL 1  3835    CLOUDY (SCALE 8-10)  9
DPTR FM NORMAL   392

[CDD (BASE 65) ]
TOTAL THIS MO.     0
DPTR FM NORMAL     0    [PRESSURE DATA]
TOTAL FM JAN 1     0    HIGHEST SLP M ON M
DPTR FM NORMAL     0    LOWEST  SLP 29.44 ON  2

[REMARKS]
