000
CXUS55 KPSR 231005
CF6BLH
PRELIMINARY LOCAL CLIMATOLOGICAL DATA (WS FORM: F-6)

                                          STATION:   BLYTHE CA
                                          MONTH:     MAY
                                          YEAR:      2015
                                          LATITUDE:   33 37 N
                                          LONGITUDE: 114 43 W

  TEMPERATURE IN F:       :PCPN:    SNOW:  WIND      :SUNSHINE: SKY     :PK WND
================================================================================
1   2   3   4   5  6A  6B    7    8   9   10  11  12  13   14  15   16   17  18
                                     12Z  AVG MX 2MIN
DY MAX MIN AVG DEP HDD CDD  WTR  SNW DPTH SPD SPD DIR MIN PSBL S-S WX    SPD DR
================================================================================

 1 101  67  84   8   0  19 0.00  0.0    0  6.4 18 170   M    M   0        21 160
 2  98  70  84   8   0  19 0.00  0.0    0  9.1 22 190   M    M   0        26 200
 3  93  67  80   3   0  15 0.00  0.0    0  9.5 21 180   M    M   0        27 190
 4  88  64  76  -1   0  11 0.07  0.0    0  9.8 20  70   M    M   2 3      28  60
 5  89  62  76  -1   0  11    T  0.0    0 10.0 22 210   M    M   1        26 210
 6  87  66  77  -1   0  12 0.00  0.0    0 13.8 23 240   M    M   0        28 240
 7  81  59  70  -8   0   5 0.00  0.0    0 16.5 26 250   M    M   1        34 240
 8  73  55  64 -14   1   0    T  0.0    0 14.0 30 240   M    M   2        35 220
 9  81  49  65 -13   0   0 0.00  0.0    0  5.3 17 140   M    M   0        22 160
10  90  58  74  -5   0   9 0.00  0.0    0  5.1 14 140   M    M   0        21 170
11  96  62  79   0   0  14 0.00  0.0    0  5.8 20 180   M    M   0        23 170
12  92  65  79   0   0  14 0.00  0.0    0 12.5 24 190   M    M   0        30 190
13  90  63  77  -3   0  12 0.00  0.0    0 12.9 20 200   M    M   0        25 200
14  77  63  70 -10   0   5 0.00  0.0    0 17.1 30 230   M    M   0        35 230
15  63  54  59 -21   6   0 0.28  0.0    0  5.5 14 220   M    M   6 1      16 230
16  78  50  64 -16   1   0 0.00  0.0    M  5.8 20 170   M    M   1 12     25 190
17  87  59  73  -8   0   8 0.00  0.0    0  7.1 18 190   M    M   0        22 190
18  88  65  77  -4   0  12 0.00  0.0    0 10.4 22 220   M    M   0        26 220
19  88  58  73  -8   0   8 0.00  0.0    0  5.3 20 150   M    M   0        29 200
20  91  63  77  -4   0  12 0.00  0.0    0  9.0 21 170   M    M   0        36 200
21  86  63  75  -7   0  10 0.00  0.0    0 13.6 26 240   M    M   1 8      32 240
22  82  60  71 -11   0   6 0.00  0.0    0 12.2 25 230   M    M   1        30 230
================================================================================
SM 1899 1342         8 202  0.35     0.0 216.7          M       15
================================================================================
AV 86.3 61.0                               9.9 FASTST   M    M   1    MAX(MPH)
                                 MISC ---->  # 30 240               # 36  200
================================================================================
NOTES:
# LAST OF SEVERAL OCCURRENCES

COLUMN 17 PEAK WIND IN M.P.H.

PRELIMINARY LOCAL CLIMATOLOGICAL DATA (WS FORM: F-6) , PAGE 2

                                          STATION:  BLYTHE CA
                                          MONTH:    MAY
                                          YEAR:     2015
                                          LATITUDE:   33 37 N
                                          LONGITUDE: 114 43 W

[TEMPERATURE DATA]      [PRECIPITATION DATA]       SYMBOLS USED IN COLUMN 16

AVERAGE MONTHLY: 73.7   TOTAL FOR MONTH:   0.35    1 = FOG OR MIST
DPTR FM NORMAL:  -5.4   DPTR FM NORMAL:    0.33    2 = FOG REDUCING VISIBILITY
HIGHEST:   101 ON  1    GRTST 24HR  0.28 ON 15-15      TO 1/4 MILE OR LESS
LOWEST:     49 ON  9                               3 = THUNDER
                        SNOW, ICE PELLETS, HAIL    4 = ICE PELLETS
                        TOTAL MONTH:   0.0 INCH    5 = HAIL
                        GRTST 24HR     0.0         6 = FREEZING RAIN OR DRIZZLE
                        GRTST DEPTH:   0           7 = DUSTSTORM OR SANDSTORM:
                                                       VSBY 1/2 MILE OR LESS
                                                   8 = SMOKE OR HAZE
[NO. OF DAYS WITH]      [WEATHER - DAYS WITH]      9 = BLOWING SNOW
                                                   X = TORNADO
MAX 32 OR BELOW:   0    0.01 INCH OR MORE:   2
MAX 90 OR ABOVE:   8    0.10 INCH OR MORE:   1
MIN 32 OR BELOW:   0    0.50 INCH OR MORE:   0
MIN  0 OR BELOW:   0    1.00 INCH OR MORE:   0

[HDD (BASE 65) ]
TOTAL THIS MO.     8    CLEAR  (SCALE 0-3)  21
DPTR FM NORMAL     8    PTCLDY (SCALE 4-7)   1
TOTAL FM JUL 1   659    CLOUDY (SCALE 8-10)  0
DPTR FM NORMAL  -438

[CDD (BASE 65) ]
TOTAL THIS MO.   202
DPTR FM NORMAL  -110    [PRESSURE DATA]
TOTAL FM JAN 1   709    HIGHEST SLP M ON M
DPTR FM NORMAL   103    LOWEST  SLP 29.58 ON  6

[REMARKS]
