000
CXUS53 KIND 010730
CF6BMG
PRELIMINARY LOCAL CLIMATOLOGICAL DATA (WS FORM: F-6)

                                          STATION:   BLOOMINGTON IN
                                          MONTH:     AUGUST
                                          YEAR:      2015
                                          LATITUDE:   39  7 N
                                          LONGITUDE:  86 37 W

  TEMPERATURE IN F:       :PCPN:    SNOW:  WIND      :SUNSHINE: SKY     :PK WND
================================================================================
1   2   3   4   5  6A  6B    7    8   9   10  11  12  13   14  15   16   17  18
                                     12Z  AVG MX 2MIN
DY MAX MIN AVG DEP HDD CDD  WTR  SNW DPTH SPD SPD DIR MIN PSBL S-S WX    SPD DR
================================================================================

 1  84  61  73  -1   0   8 0.00    M    M  2.5  9 340   M    M   0        14 350
 2  88  59  74   0   0   9 0.00    M    M  5.7 13 200   M    M   0        18 200
 3  89  69  79   5   0  14 0.00    M    M  5.5 13 290   M    M   2        18 280
 4  82  62  72  -2   0   7 0.00    M    M  2.4  8 280   M    M   2        11 310
 5  84  62  73  -1   0   8    T    M    M  3.5 12 120   M    M   3 1      15 120
 6  74  63  69  -5   0   4 1.45    M    M  8.9 16  30   M    M   8 1      24  60
 7  83  58  71  -3   0   6 0.00    M    M  2.3  9  70   M    M   1 8      13  50
 8  84  60  72  -2   0   7 0.00    M    M  1.8  8 260   M    M   1 1      11 230
 9  81  64  73  -1   0   8 0.00    M    M  3.3 14 140   M    M   4 12     18 140
10  86  69  78   4   0  13 0.36    M    M  5.0 17 350   M    M   4 13     26 350
11  84  66  75   1   0  10 0.00    M    M  4.0 14  20   M    M   1 1      18  20
12  81  58  70  -3   0   5 0.00    M    M  3.6 13  20   M    M   1 1      17 360
13  83  57  70  -3   0   5 0.00    M    M  0.9  7  20   M    M   0 1      11  10
14  84  60  72  -1   0   7 0.00    M    M  0.8  6 180   M    M   0 1       8 230
15  87  65  76   3   0  11 0.00    M    M  1.3 13  20   M    M   2 13     18  30
16  86  65  76   3   0  11 2.12    M    M  1.6 32  50   M    M   1 13     45  40
17  84  66  75   2   0  10 0.08    M    M  1.6 10 160   M    M   2 13      M  M
18  84  64  74   1   0   9 0.00    M    M  5.4 13 150   M    M   3 1      14 150
19  83  67  75   2   0  10 0.15    M    M  7.5 15 200   M    M   4 1      20 190
20  76  57  67  -6   0   2 0.01    M    M  5.5 14 260   M    M   2        20 240
21  80  52  66  -7   0   1 0.00    M    M  2.0 12 100   M    M   1        15 100
22  79  54  67  -6   0   2 0.00    M    M  2.5 12 150   M    M   1 1      16 160
23  84  63  74   1   0   9 0.00    M    M  5.2 14 240   M    M   3 1      20 230
24  76  53  65  -7   0   0 0.00    M    M  4.7 14 280   M    M   0        20 290
25  74  50  62 -10   3   0 0.00    M    M  3.0 13 300   M    M   3        18 280
26  77  52  65  -7   0   0 0.00    M    M  2.6  9 300   M    M   5        14 280
27  81  53  67  -5   0   2 0.00    M    M  2.8 10 150   M    M   2 12     15 150
28  79  52  66  -6   0   1 0.00    M    M  3.1 13 110   M    M   0 1      16 120
29  82  62  72   0   0   7    T    M    M  3.2 12 180   M    M   1 1      15 180
30  86  67  77   6   0  12 0.00    M    M  3.6  9 260   M    M   4 1      15 230
31  85  63  74   3   0   9 0.00    M    M  2.5  9 220   M    M   2 18     14 220
================================================================================
SM 2550 1873         3 207  4.17    M    108.3          M       63
================================================================================
AV 82.3 60.4                               3.5 FASTST   M    M   2    MAX(MPH)
                                 MISC ---->  # 32  50               # 45   40
================================================================================
NOTES:
# LAST OF SEVERAL OCCURRENCES

COLUMN 17 PEAK WIND IN M.P.H.

PRELIMINARY LOCAL CLIMATOLOGICAL DATA (WS FORM: F-6) , PAGE 2

                                          STATION:  BLOOMINGTON IN
                                          MONTH:    AUGUST
                                          YEAR:     2015
                                          LATITUDE:   39  7 N
                                          LONGITUDE:  86 37 W

[TEMPERATURE DATA]      [PRECIPITATION DATA]       SYMBOLS USED IN COLUMN 16

AVERAGE MONTHLY: 71.3   TOTAL FOR MONTH:   4.17    1 = FOG OR MIST
DPTR FM NORMAL:  -1.7   DPTR FM NORMAL:    0.65    2 = FOG REDUCING VISIBILITY
HIGHEST:    89 ON  3    GRTST 24HR  2.12 ON 15-16      TO 1/4 MILE OR LESS
LOWEST:     50 ON 25                               3 = THUNDER
                        SNOW, ICE PELLETS, HAIL    4 = ICE PELLETS
                        TOTAL MONTH:    M          5 = HAIL
                        GRTST 24HR    M  ON   M    6 = FREEZING RAIN OR DRIZZLE
                        GRTST DEPTH:  M  ON   M    7 = DUSTSTORM OR SANDSTORM:
                                                       VSBY 1/2 MILE OR LESS
                                                   8 = SMOKE OR HAZE
[NO. OF DAYS WITH]      [WEATHER - DAYS WITH]      9 = BLOWING SNOW
                                                   X = TORNADO
MAX 32 OR BELOW:   0    0.01 INCH OR MORE:   6
MAX 90 OR ABOVE:   0    0.10 INCH OR MORE:   4
MIN 32 OR BELOW:   0    0.50 INCH OR MORE:   2
MIN  0 OR BELOW:   0    1.00 INCH OR MORE:   2

[HDD (BASE 65) ]
TOTAL THIS MO.     3    CLEAR  (SCALE 0-3)  24
DPTR FM NORMAL    -2    PTCLDY (SCALE 4-7)   7
TOTAL FM JUL 1     3    CLOUDY (SCALE 8-10)  0
DPTR FM NORMAL    -4

[CDD (BASE 65) ]
TOTAL THIS MO.   207
DPTR FM NORMAL   -44    [PRESSURE DATA]
TOTAL FM JAN 1   878    HIGHEST SLP 30.22 ON 16
DPTR FM NORMAL    61    LOWEST  SLP 29.74 ON 19

[REMARKS]
#FINAL-08-15#
