000
CXUS53 KIND 210730
CF6BMG
PRELIMINARY LOCAL CLIMATOLOGICAL DATA (WS FORM: F-6)

                                          STATION:   BLOOMINGTON IN
                                          MONTH:     NOVEMBER
                                          YEAR:      2017
                                          LATITUDE:   39  7 N
                                          LONGITUDE:  86 37 W

  TEMPERATURE IN F:       :PCPN:    SNOW:  WIND      :SUNSHINE: SKY     :PK WND
================================================================================
1   2   3   4   5  6A  6B    7    8   9   10  11  12  13   14  15   16   17  18
                                     12Z  AVG MX 2MIN
DY MAX MIN AVG DEP HDD CDD  WTR  SNW DPTH SPD SPD DIR MIN PSBL S-S WX    SPD DR
================================================================================

 1  61  33  47  -3  18   0 0.75    M    M  5.7 17 200   M    M  10 1      22 210
 2  68  59  64  14   1   0 0.71    M    M  8.9 17 180   M    M  10 13     24 190
 3  65  47  56   7   9   0 0.38    M    M  9.7 18  30   M    M   3 13     27 360
 4  66  46  56   7   9   0 0.02    M    M  7.5 13 210   M    M   9 18     16 200
 5  72  55  64  16   1   0 1.90    M    M 12.0 28 210   M    M   9 13     37 290
 6  55  47  51   3  14   0 0.01    M    M  8.9 16 360   M    M   8 1      22 360
 7  51  44  48   0  17   0 0.16    M    M  9.8 17  30   M    M   8 1      22  30
 8  54  33  44  -3  21   0 0.00    M    M  5.4 13  20   M    M   3        17  60
 9  55  29  42  -5  23   0 0.00    M    M  5.8 17 270   M    M   0 18     24 350
10  38  27  33 -13  32   0 0.00    M    M  9.2 16  50   M    M   0        22  50
11  45  25  35 -11  30   0 0.00    M    M  5.8 12 140   M    M   0        15 130
12  44  30  37  -9  28   0 0.06    M    M  3.9 10 290   M    M   8 1      13 330
13  47  36  42  -3  23   0 0.00    M    M  3.3 10 350   M    M  10 18     13 360
14  54  27  41  -4  24   0 0.00    M    M  5.1 14 130   M    M   1 18     18 180
15  51  41  46   2  19   0 0.70    M    M  9.3 20 230   M    M   9 1      27 220
16  45  29  37  -7  28   0 0.00    M    M  5.2 15 300   M    M   5        23 290
17  56  28  42  -1  23   0    T    M    M 10.3 17 150   M    M   5 1      24 150
18  67  38  53  10  12   0 0.63    M    M 17.2 29 210   M    M  10 13     43 220
19  39  29  34  -8  31   0 0.00    M    M  8.8 17 290   M    M   7        23 280
20  51  24  38  -4  27   0 0.00    M    M  8.4 18 200   M    M   0        23 190
================================================================================
SM 1084  727       390   0  5.32    M    160.2          M      115
================================================================================
AV 54.2 36.4                               8.0 FASTST   M    M   6    MAX(MPH)
                                 MISC ---->  # 29 210               # 43  220
================================================================================
NOTES:
# LAST OF SEVERAL OCCURRENCES

COLUMN 17 PEAK WIND IN M.P.H.

PRELIMINARY LOCAL CLIMATOLOGICAL DATA (WS FORM: F-6) , PAGE 2

                                          STATION:  BLOOMINGTON IN
                                          MONTH:    NOVEMBER
                                          YEAR:     2017
                                          LATITUDE:   39  7 N
                                          LONGITUDE:  86 37 W

[TEMPERATURE DATA]      [PRECIPITATION DATA]       SYMBOLS USED IN COLUMN 16

AVERAGE MONTHLY: 45.3   TOTAL FOR MONTH:   5.32    1 = FOG OR MIST
DPTR FM NORMAL:  -0.8   DPTR FM NORMAL:    2.65    2 = FOG REDUCING VISIBILITY
HIGHEST:    72 ON  5    GRTST 24HR  1.90 ON  5- 5      TO 1/4 MILE OR LESS
LOWEST:     24 ON 20                               3 = THUNDER
                        SNOW, ICE PELLETS, HAIL    4 = ICE PELLETS
                        TOTAL MONTH:    M          5 = HAIL
                        GRTST 24HR    M  ON   M    6 = FREEZING RAIN OR DRIZZLE
                        GRTST DEPTH:  M  ON   M    7 = DUSTSTORM OR SANDSTORM:
                                                       VSBY 1/2 MILE OR LESS
                                                   8 = SMOKE OR HAZE
[NO. OF DAYS WITH]      [WEATHER - DAYS WITH]      9 = BLOWING SNOW
                                                   X = TORNADO
MAX 32 OR BELOW:   0    0.01 INCH OR MORE:  10
MAX 90 OR ABOVE:   0    0.10 INCH OR MORE:   7
MIN 32 OR BELOW:   9    0.50 INCH OR MORE:   5
MIN  0 OR BELOW:   0    1.00 INCH OR MORE:   1

[HDD (BASE 65) ]
TOTAL THIS MO.   390    CLEAR  (SCALE 0-3)   7
DPTR FM NORMAL    11    PTCLDY (SCALE 4-7)   3
TOTAL FM JUL 1   706    CLOUDY (SCALE 8-10) 10
DPTR FM NORMAL   -92

[CDD (BASE 65) ]
TOTAL THIS MO.     0
DPTR FM NORMAL     0    [PRESSURE DATA]
TOTAL FM JAN 1  1088    HIGHEST SLP M ON M
DPTR FM NORMAL   162    LOWEST  SLP 29.22 ON 18

[REMARKS]
