000
CXUS53 KILX 180900
CF6BMI
PRELIMINARY LOCAL CLIMATOLOGICAL DATA (WS FORM: F-6)

                                          STATION:   BLOOMINGTON IL AIRPORT
                                          MONTH:     OCTOBER
                                          YEAR:      2017
                                          LATITUDE:   40 28 N
                                          LONGITUDE:  88 56 W

  TEMPERATURE IN F:       :PCPN:    SNOW:  WIND      :SUNSHINE: SKY     :PK WND
================================================================================
1   2   3   4   5  6A  6B    7    8   9   10  11  12  13   14  15   16   17  18
                                     12Z  AVG MX 2MIN
DY MAX MIN AVG DEP HDD CDD  WTR  SNW DPTH SPD SPD DIR MIN PSBL S-S WX    SPD DR
================================================================================

 1  74  47  61   M   4   0 0.00    M    M 11.1 17 140   M    M   1        21 140
 2  83  62  73   M   0   8 0.00    M    M 15.5 21 190   M    M   3         M  M
 3  78  65  72   M   0   7    T    M    M 16.6 23 190   M    M   6        25 200
 4  72  65  69   M   0   4 0.07    M    M  7.9 14 210   M    M   9 1       M  M
 5  74  58  66   M   0   1 0.03    M    M  5.9 10 110   M    M   8 1       M  M
 6  70  66  68   M   0   3 0.39    M    M 11.6 16 170   M    M   9 1       M  M
 7  80  57  69   M   0   4 0.31    M    M 18.9 27 210   M    M   5 1      40 200
 8  78  50  64   M   1   0 0.00    M    M  7.9 13 160   M    M   0         M  M
 9  81  55  68   M   0   3 0.00    M    M  5.8  9 220   M    M   6 12      M  M
10  74  59  67   M   0   2 0.57    M    M 11.7 17 110   M    M   9 1      22 110
11  61  54  58   M   7   0 0.02    M    M 11.5 22 290   M    M  10 1      23 290
12  60  49  55   M  10   0 0.02    M    M  6.1  9 190   M    M   8 1       M  M
13  76  50  63   M   2   0 0.00    M    M 12.4 17 180   M    M   3        23 180
14  80  60  70   M   0   5 0.33    M    M 13.0 21 200   M    M   7 13     27 340
15  66  43  55   M  10   0 0.28    M    M 17.5 27 300   M    M   9 13     39 300
16  64  39  52   M  13   0 0.00    M    M  8.1 13 270   M    M   0        21 250
17  68  43  56   M   9   0 0.00    M    M 12.8 21 230   M    M   0        27 230
================================================================================
SM 1239  922        56  37  2.02    M    194.3          M       93
================================================================================
AV 72.9 54.2                              11.4 FASTST   M    M   5    MAX(MPH)
                                 MISC ---->  # 27 210               # 40  200
================================================================================
NOTES:
# LAST OF SEVERAL OCCURRENCES

COLUMN 17 PEAK WIND IN M.P.H.

PRELIMINARY LOCAL CLIMATOLOGICAL DATA (WS FORM: F-6) , PAGE 2

                                          STATION:  BLOOMINGTON IL AIRPORT
                                          MONTH:    OCTOBER
                                          YEAR:     2017
                                          LATITUDE:   40 28 N
                                          LONGITUDE:  88 56 W

[TEMPERATURE DATA]      [PRECIPITATION DATA]       SYMBOLS USED IN COLUMN 16

AVERAGE MONTHLY: 63.6   TOTAL FOR MONTH:   2.02    1 = FOG OR MIST
DPTR FM NORMAL:     M   DPTR FM NORMAL:       M    2 = FOG REDUCING VISIBILITY
HIGHEST:    83 ON  2    GRTST 24HR  0.57 ON 10-10      TO 1/4 MILE OR LESS
LOWEST:     39 ON 16                               3 = THUNDER
                        SNOW, ICE PELLETS, HAIL    4 = ICE PELLETS
                        TOTAL MONTH:    M          5 = HAIL
                        GRTST 24HR    M  ON   M    6 = FREEZING RAIN OR DRIZZLE
                        GRTST DEPTH:  M  ON   M    7 = DUSTSTORM OR SANDSTORM:
                                                       VSBY 1/2 MILE OR LESS
                                                   8 = SMOKE OR HAZE
[NO. OF DAYS WITH]      [WEATHER - DAYS WITH]      9 = BLOWING SNOW
                                                   X = TORNADO
MAX 32 OR BELOW:   0    0.01 INCH OR MORE:   9
MAX 90 OR ABOVE:   0    0.10 INCH OR MORE:   5
MIN 32 OR BELOW:   0    0.50 INCH OR MORE:   1
MIN  0 OR BELOW:   0    1.00 INCH OR MORE:   0

[HDD (BASE 65) ]
TOTAL THIS MO.    56    CLEAR  (SCALE 0-3)   5
DPTR FM NORMAL     M    PTCLDY (SCALE 4-7)   6
TOTAL FM JUL 1   120    CLOUDY (SCALE 8-10)  6
DPTR FM NORMAL     M

[CDD (BASE 65) ]
TOTAL THIS MO.    37
DPTR FM NORMAL     M    [PRESSURE DATA]
TOTAL FM JAN 1   989    HIGHEST SLP M ON M
DPTR FM NORMAL     M    LOWEST  SLP M ON M

[REMARKS]
