000
CXUS55 KOHX 211010
CF6BNA
PRELIMINARY LOCAL CLIMATOLOGICAL DATA (WS FORM: F-6)

                                          STATION:   NASHVILLE
                                          MONTH:     NOVEMBER
                                          YEAR:      2017
                                          LATITUDE:   36  7 N
                                          LONGITUDE:  86 41 W

  TEMPERATURE IN F:       :PCPN:    SNOW:  WIND      :SUNSHINE: SKY     :PK WND
================================================================================
1   2   3   4   5  6A  6B    7    8   9   10  11  12  13   14  15   16   17  18
                                     12Z  AVG MX 2MIN
DY MAX MIN AVG DEP HDD CDD  WTR  SNW DPTH SPD SPD DIR MIN PSBL S-S WX    SPD DR
================================================================================

 1  66  49  58   3   7   0 0.02  0.0    0  9.5 21 180   M    M  10 1      26 190
 2  72  61  67  12   0   2    T  0.0    0 10.3 17 180   M    M  10        24 190
 3  73  64  69  15   0   4 0.22  0.0    0  6.6 17 180   M    M   9 13     25 300
 4  80  63  72  18   0   7 0.00  0.0    0  6.0 13 210   M    M   8 12     17 190
 5  82  68  75  21   0  10    T  0.0    0 13.0 24 200   M    M   8        33 220
 6  72  58  65  12   0   0 1.72  0.0    0  6.7 18 190   M    M  10 13     25 190
 7  60  49  55   2  10   0 1.76  0.0    0  8.3 15  20   M    M   9 13     18  10
 8  57  47  52  -1  13   0    T  0.0    0 10.4 16  10   M    M  10 1      20  10
 9  63  41  52   0  13   0 0.00  0.0    0  6.4 13  20   M    M   2        23 330
10  52  36  44  -8  21   0 0.00  0.0    0 10.4 15  30   M    M   4        21  40
11  62  31  47  -5  18   0 0.00  0.0    0  4.2 10 180   M    M   7        13 180
12  57  48  53   2  12   0    T  0.0    0  7.3 15  10   M    M  10 1      19 360
13  52  39  46  -5  19   0 0.00  0.0    0  9.0 17  10   M    M   8        21  10
14  60  37  49  -1  16   0 0.00  0.0    0  4.0 10  70   M    M   3        16 110
15  59  39  49  -1  16   0 0.12  0.0    0  6.1 18 190   M    M   9 18     25 210
16  60  39  50   0  15   0 0.00  0.0    0  4.9 13  10   M    M   6 18     21 310
17  66  34  50   1  15   0 0.00  0.0    0  7.3 22 180   M    M   7 128    30 180
18  68  44  56   7   9   0 0.38    M    0 17.1 36 290   M    M  10 138    51 300
19  48  29  39  -9  26   0 0.00  0.0    0  8.1 22 310   M    M   4        29 290
20  55  25  40  -8  25   0 0.00  0.0    0  3.3  9 130   M    M   4        13 130
================================================================================
SM 1264  901       235  23  4.22     0.0 158.9          M      148
================================================================================
AV 63.2 45.1                               7.9 FASTST   M    M   7    MAX(MPH)
                                 MISC ---->  # 36 290               # 51  300
================================================================================
NOTES:
# LAST OF SEVERAL OCCURRENCES

COLUMN 17 PEAK WIND IN M.P.H.

PRELIMINARY LOCAL CLIMATOLOGICAL DATA (WS FORM: F-6) , PAGE 2

                                          STATION:  NASHVILLE
                                          MONTH:    NOVEMBER
                                          YEAR:     2017
                                          LATITUDE:   36  7 N
                                          LONGITUDE:  86 41 W

[TEMPERATURE DATA]      [PRECIPITATION DATA]       SYMBOLS USED IN COLUMN 16

AVERAGE MONTHLY: 54.1   TOTAL FOR MONTH:   4.22    1 = FOG OR MIST
DPTR FM NORMAL:   2.5   DPTR FM NORMAL:    1.54    2 = FOG REDUCING VISIBILITY
HIGHEST:    82 ON  5    GRTST 24HR  1.76 ON  7- 7      TO 1/4 MILE OR LESS
LOWEST:     25 ON 20                               3 = THUNDER
                        SNOW, ICE PELLETS, HAIL    4 = ICE PELLETS
                        TOTAL MONTH:   0.0 INCH    5 = HAIL
                        GRTST 24HR     0.0         6 = FREEZING RAIN OR DRIZZLE
                        GRTST DEPTH:   0           7 = DUSTSTORM OR SANDSTORM:
                                                       VSBY 1/2 MILE OR LESS
                                                   8 = SMOKE OR HAZE
[NO. OF DAYS WITH]      [WEATHER - DAYS WITH]      9 = BLOWING SNOW
                                                   X = TORNADO
MAX 32 OR BELOW:   0    0.01 INCH OR MORE:   6
MAX 90 OR ABOVE:   0    0.10 INCH OR MORE:   5
MIN 32 OR BELOW:   3    0.50 INCH OR MORE:   2
MIN  0 OR BELOW:   0    1.00 INCH OR MORE:   2

[HDD (BASE 65) ]
TOTAL THIS MO.   235    CLEAR  (SCALE 0-3)   2
DPTR FM NORMAL   -36    PTCLDY (SCALE 4-7)   7
TOTAL FM JUL 1   410    CLOUDY (SCALE 8-10) 11
DPTR FM NORMAL   -76

[CDD (BASE 65) ]
TOTAL THIS MO.    23
DPTR FM NORMAL    23    [PRESSURE DATA]
TOTAL FM JAN 1  1923    HIGHEST SLP M ON M
DPTR FM NORMAL   283    LOWEST  SLP 29.45 ON 18

[REMARKS]
