000
CXUS55 KOHX 271010
CF6BNA
PRELIMINARY LOCAL CLIMATOLOGICAL DATA (WS FORM: F-6)

                                          STATION:   NASHVILLE
                                          MONTH:     MAY
                                          YEAR:      2017
                                          LATITUDE:   36  7 N
                                          LONGITUDE:  86 41 W

  TEMPERATURE IN F:       :PCPN:    SNOW:  WIND      :SUNSHINE: SKY     :PK WND
================================================================================
1   2   3   4   5  6A  6B    7    8   9   10  11  12  13   14  15   16   17  18
                                     12Z  AVG MX 2MIN
DY MAX MIN AVG DEP HDD CDD  WTR  SNW DPTH SPD SPD DIR MIN PSBL S-S WX    SPD DR
================================================================================

 1  69  55  62  -2   3   0 0.13  0.0    0 11.8 25 200   M    M   7 1      37 210
 2  79  48  64   0   1   0 0.00  0.0    0  8.5 22 280   M    M   1        30 290
 3  79  54  67   3   0   2    T  0.0    0  7.1 22 210   M    M   5        28 180
 4  65  54  60  -4   5   0 0.70  0.0    0 10.9 25 140   M    M   9 1      34 140
 5  54  47  51 -13  14   0 0.11  0.0    0  8.1 21 320   M    M   9 1      27 310
 6  71  43  57  -8   8   0 0.00  0.0    0  9.1 23  10   M    M   4        29 320
 7  73  42  58  -7   7   0 0.00  0.0    0  4.2 14 360   M    M   1 1      19 300
 8  82  49  66   1   0   1 0.00  0.0    0  3.7 10 280   M    M   2        15 310
 9  85  63  74   8   0   9 0.00  0.0    0  6.2 16 290   M    M   2        25 280
10  85  62  74   8   0   9 0.00  0.0    0  6.1 14 210   M    M   3        19 290
11  84  65  75   9   0  10 0.47  0.0    0  7.9 24 360   M    M   8 13     28  10
12  73  61  67   1   0   2 0.41  0.0    0  7.1 13  10   M    M   9 13      M  M
13  76  56  66  -1   0   1 0.00  0.0    0 10.2 18  10   M    M   4        21  20
14  85  52  69   2   0   4 0.00  0.0    0  2.8  9 200   M    M   1        12 200
15  87  57  72   5   0   7 0.00  0.0    0  2.6 13 190   M    M   1        15 170
16  89  60  75   7   0  10 0.00  0.0    0  6.8 17 190   M    M   3        26 190
17  89  68  79  11   0  14 0.00  0.0    0 10.7 28 190   M    M   5        37 200
18  89  71  80  12   0  15 0.00  0.0    0 10.4 22 190   M    M   6        28 180
19  91  70  81  13   0  16    T  0.0    0  6.9 18 180   M    M   5 3      24 200
20  91  68  80  12   0  15 1.04  0.0    0  9.2 25 280   M    M   7 13     35 280
21  84  67  76   7   0  11 0.02  0.0    0  6.1 14 200   M    M   8        19 250
22  76  60  68  -1   0   3 0.00  0.0    0  7.5 16  50   M    M   9        21  50
23  80  63  72   3   0   7 0.00  0.0    0  3.4 13 320   M    M   8        17 300
24  67  56  62  -8   3   0 0.43  0.0    0  5.7 23 280   M    M   9 13     31 280
25  75  54  65  -5   0   0 0.00  0.0    0  8.2 20 270   M    M   6        29 290
26  88  54  71   1   0   6 0.00  0.0    0  8.7 24 200   M    M   4        32 190
================================================================================
SM 2066 1499        41 142  3.31     0.0 189.9          M      136
================================================================================
AV 79.5 57.7                               7.3 FASTST   M    M   5    MAX(MPH)
                                 MISC ---->  # 28 190               # 37  210
================================================================================
NOTES:
# LAST OF SEVERAL OCCURRENCES

COLUMN 17 PEAK WIND IN M.P.H.

PRELIMINARY LOCAL CLIMATOLOGICAL DATA (WS FORM: F-6) , PAGE 2

                                          STATION:  NASHVILLE
                                          MONTH:    MAY
                                          YEAR:     2017
                                          LATITUDE:   36  7 N
                                          LONGITUDE:  86 41 W

[TEMPERATURE DATA]      [PRECIPITATION DATA]       SYMBOLS USED IN COLUMN 16

AVERAGE MONTHLY: 68.6   TOTAL FOR MONTH:   3.31    1 = FOG OR MIST
DPTR FM NORMAL:   1.8   DPTR FM NORMAL:   -1.37    2 = FOG REDUCING VISIBILITY
HIGHEST:    91 ON 20,19 GRTST 24HR  1.04 ON 20-20      TO 1/4 MILE OR LESS
LOWEST:     42 ON  7                               3 = THUNDER
                        SNOW, ICE PELLETS, HAIL    4 = ICE PELLETS
                        TOTAL MONTH:   0.0 INCH    5 = HAIL
                        GRTST 24HR     0.0         6 = FREEZING RAIN OR DRIZZLE
                        GRTST DEPTH:   0           7 = DUSTSTORM OR SANDSTORM:
                                                       VSBY 1/2 MILE OR LESS
                                                   8 = SMOKE OR HAZE
[NO. OF DAYS WITH]      [WEATHER - DAYS WITH]      9 = BLOWING SNOW
                                                   X = TORNADO
MAX 32 OR BELOW:   0    0.01 INCH OR MORE:   8
MAX 90 OR ABOVE:   2    0.10 INCH OR MORE:   7
MIN 32 OR BELOW:   0    0.50 INCH OR MORE:   2
MIN  0 OR BELOW:   0    1.00 INCH OR MORE:   1

[HDD (BASE 65) ]
TOTAL THIS MO.    41    CLEAR  (SCALE 0-3)   7
DPTR FM NORMAL   -12    PTCLDY (SCALE 4-7)  14
TOTAL FM JUL 1  2450    CLOUDY (SCALE 8-10)  5
DPTR FM NORMAL -1231

[CDD (BASE 65) ]
TOTAL THIS MO.   142
DPTR FM NORMAL    42    [PRESSURE DATA]
TOTAL FM JAN 1   274    HIGHEST SLP  0.00 ON  7
DPTR FM NORMAL   129    LOWEST  SLP 29.40 ON 24

[REMARKS]
