000
CXUS55 KOHX 251010
CF6BNA
PRELIMINARY LOCAL CLIMATOLOGICAL DATA (WS FORM: F-6)

                                          STATION:   NASHVILLE
                                          MONTH:     AUGUST
                                          YEAR:      2016
                                          LATITUDE:   36  7 N
                                          LONGITUDE:  86 41 W

  TEMPERATURE IN F:       :PCPN:    SNOW:  WIND      :SUNSHINE: SKY     :PK WND
================================================================================
1   2   3   4   5  6A  6B    7    8   9   10  11  12  13   14  15   16   17  18
                                     12Z  AVG MX 2MIN
DY MAX MIN AVG DEP HDD CDD  WTR  SNW DPTH SPD SPD DIR MIN PSBL S-S WX    SPD DR
================================================================================

 1  96  73  85   5   0  20 0.05  0.0    0  2.6 24 290   M    M   5 13     32 290
 2  93  73  83   3   0  18 0.07  0.0    0  3.5 10  50   M    M   7 1      14 290
 3  93  73  83   4   0  18 0.67  0.0    0  2.6 21 320   M    M   5 138    28 310
 4  92  73  83   4   0  18 0.00  0.0    0  3.7 14 110   M    M   6 13     17 130
 5  96  72  84   5   0  19 0.69  0.0    0  4.5 28  40   M    M   7 13     30  40
 6  91  73  82   3   0  17 0.07  0.0    0  2.5 18 360   M    M   8 13     24 360
 7  92  75  84   5   0  19 0.00  0.0    0  6.2 17  30   M    M   7 1      22  20
 8  92  73  83   4   0  18 0.00  0.0    0  4.8 16  20   M    M   4        23 350
 9  93  75  84   5   0  19 0.80  0.0    0  3.4 15 180   M    M   6 123    16 140
10  91  76  84   5   0  19 0.00  0.0    0  5.1 14 150   M    M   5        18 150
11  91  76  84   5   0  19    T  0.0    0  4.8 15 150   M    M   6        20 150
12  91  75  83   4   0  18 0.00  0.0    0  7.8 18 170   M    M   6        23 180
13  88  73  81   2   0  16    T  0.0    0  9.1 21 210   M    M   8 3      30 200
14  91  71  81   2   0  16 0.07  0.0    0  4.9 17 180   M    M   6 3      23 190
15  93  72  83   4   0  18 0.00  0.0    0  8.5 22 200   M    M   5        26 220
16  88  73  81   2   0  16 0.13  0.0    0  5.0 17 290   M    M   5 1      21 290
17  89  74  82   3   0  17 0.00  0.0    0  3.3 12 340   M    M   8        18 320
18  84  75  80   1   0  15 0.12  0.0    0  3.4  9 310   M    M   9 1      13 300
19  79  73  76  -3   0  11 0.50  0.0    0  2.9 13 170   M    M   9 18     15 170
20  85  72  79   0   0  14 0.90  0.0    0  6.0 15 200   M    M   8 1238   18 250
21  85  65  75  -4   0  10 0.22  0.0    0  4.4 13 360   M    M   8 1      22 320
22  82  62  72  -6   0   7 0.00  0.0    0  2.5 10 130   M    M   5 1      14 120
23  88  62  75  -3   0  10 0.00  0.0    0  0.9  7 180   M    M   6 12     17 300
24  92  71  82   4   0  17 0.00  0.0    0  4.1 14 190   M    M   7        17 210
================================================================================
SM 2155 1730         0 389  4.29     0.0 106.5          M      156
================================================================================
AV 89.8 72.1                               4.4 FASTST   M    M   7    MAX(MPH)
                                 MISC ---->  # 28  40               # 32  290
================================================================================
NOTES:
# LAST OF SEVERAL OCCURRENCES

COLUMN 17 PEAK WIND IN M.P.H.

PRELIMINARY LOCAL CLIMATOLOGICAL DATA (WS FORM: F-6) , PAGE 2

                                          STATION:  NASHVILLE
                                          MONTH:    AUGUST
                                          YEAR:     2016
                                          LATITUDE:   36  7 N
                                          LONGITUDE:  86 41 W

[TEMPERATURE DATA]      [PRECIPITATION DATA]       SYMBOLS USED IN COLUMN 16

AVERAGE MONTHLY: 80.9   TOTAL FOR MONTH:   4.29    1 = FOG OR MIST
DPTR FM NORMAL:   2.0   DPTR FM NORMAL:    1.79    2 = FOG REDUCING VISIBILITY
HIGHEST:    96 ON  5, 1 GRTST 24HR  1.10 ON 20-21      TO 1/4 MILE OR LESS
LOWEST:     62 ON 23,22                            3 = THUNDER
                        SNOW, ICE PELLETS, HAIL    4 = ICE PELLETS
                        TOTAL MONTH:   0.0 INCH    5 = HAIL
                        GRTST 24HR     0.0         6 = FREEZING RAIN OR DRIZZLE
                        GRTST DEPTH:   0           7 = DUSTSTORM OR SANDSTORM:
                                                       VSBY 1/2 MILE OR LESS
                                                   8 = SMOKE OR HAZE
[NO. OF DAYS WITH]      [WEATHER - DAYS WITH]      9 = BLOWING SNOW
                                                   X = TORNADO
MAX 32 OR BELOW:   0    0.01 INCH OR MORE:  12
MAX 90 OR ABOVE:  15    0.10 INCH OR MORE:   8
MIN 32 OR BELOW:   0    0.50 INCH OR MORE:   5
MIN  0 OR BELOW:   0    1.00 INCH OR MORE:   0

[HDD (BASE 65) ]
TOTAL THIS MO.     0    CLEAR  (SCALE 0-3)   0
DPTR FM NORMAL     0    PTCLDY (SCALE 4-7)  22
TOTAL FM JUL 1     0    CLOUDY (SCALE 8-10)  2
DPTR FM NORMAL     0

[CDD (BASE 65) ]
TOTAL THIS MO.   389
DPTR FM NORMAL    56    [PRESSURE DATA]
TOTAL FM JAN 1  1613    HIGHEST SLP M ON M
DPTR FM NORMAL   331    LOWEST  SLP 29.84 ON 20

[REMARKS]
