000
CXUS55 KBOI 281002
CF6BOI
PRELIMINARY LOCAL CLIMATOLOGICAL DATA (WS FORM: F-6)

                                          STATION:   BOISE ID
                                          MONTH:     AUGUST
                                          YEAR:      2016
                                          LATITUDE:   43 34 N
                                          LONGITUDE: 116 13 W

  TEMPERATURE IN F:       :PCPN:    SNOW:  WIND      :SUNSHINE: SKY     :PK WND
================================================================================
1   2   3   4   5  6A  6B    7    8   9   10  11  12  13   14  15   16   17  18
                                     12Z  AVG MX 2MIN
DY MAX MIN AVG DEP HDD CDD  WTR  SNW DPTH SPD SPD DIR MIN PSBL S-S WX    SPD DR
================================================================================

 1  94  56  75  -2   0  10 0.00  0.0    0  6.7 16 340   M    M   0        20 360
 2  96  65  81   4   0  16 0.00  0.0    0 10.7 24 320   M    M   0 8      32 330
 3  81  53  67 -10   0   2 0.00  0.0    0 10.7 22 310   M    M   0        28 310
 4  90  55  73  -4   0   8 0.00  0.0    0  6.1 13 170   M    M   0 8       M  M
 5  97  67  82   5   0  17    T  0.0    0  9.1 25 220   M    M   0 8      31 250
 6  93  67  80   3   0  15    T  0.0    0  6.2 21 100   M    M   0 3      23  90
 7  89  63  76  -1   0  11    T  0.0    0  7.8 22 280   M    M   0 3      26 280
 8  85  57  71  -6   0   6 0.00  0.0    0 10.0 18 300   M    M   0        24 330
 9  75  57  66 -10   0   1 0.00  0.0    0 11.0 21 320   M    M   1        27 330
10  80  51  66 -10   0   1 0.00  0.0    0  5.5 15 290   M    M   0        19 310
11  87  57  72  -4   0   7 0.00  0.0    0  6.0 17 330   M    M   0        28 310
12  92  59  76   0   0  11 0.00  0.0    0  5.3 15 310   M    M   0        20 300
13  96  62  79   3   0  14 0.00  0.0    0  4.9 14 350   M    M   0 8      17 350
14  95  68  82   6   0  17 0.00  0.0    0  5.3 16 330   M    M   2 8      19 320
15  99  65  82   7   0  17 0.00  0.0    0  6.4 18 300   M    M   0 8      28 320
16  98  62  80   5   0  15 0.00  0.0    0  5.1 10 310   M    M   0 8      16 280
17  95  70  83   8   0  18 0.00  0.0    0  5.2 14 300   M    M   0 8      17 310
18  96  69  83   9   0  18 0.00  0.0    0  5.8 16 290   M    M   0 8      22 270
19  93  61  77   3   0  12 0.00  0.0    0  7.0 20 280   M    M   0 8      24 280
20  91  59  75   1   0  10 0.00  0.0    0  5.8 14 340   M    M   0        17 310
21  95  63  79   5   0  14 0.00  0.0    0  7.5 20 320   M    M   0 8      24 320
22  86  58  72  -1   0   7 0.00  0.0    0  7.3 16  10   M    M   0        21 320
23  80  50  65  -8   0   0 0.00  0.0    0  7.2 17 300   M    M   0        23 320
24  82  52  67  -6   0   2 0.00  0.0    0  6.5 18 280   M    M   0        25 320
25  84  55  70  -2   0   5 0.00  0.0    0  7.0 18 150   M    M   0        22 150
26  86  57  72   0   0   7 0.00  0.0    0  5.7 14 320   M    M   0 8      18 330
27  90  57  74   2   0   9 0.00  0.0    0  6.3 15 320   M    M   0        19  10
================================================================================
SM 2425 1615         0 270    T      0.0 188.1          M        3
================================================================================
AV 89.8 59.8                               7.0 FASTST   M    M   0    MAX(MPH)
                                 MISC ---->  # 25 220               # 32  330
================================================================================
NOTES:
# LAST OF SEVERAL OCCURRENCES

COLUMN 17 PEAK WIND IN M.P.H.

PRELIMINARY LOCAL CLIMATOLOGICAL DATA (WS FORM: F-6) , PAGE 2

                                          STATION:  BOISE ID
                                          MONTH:    AUGUST
                                          YEAR:     2016
                                          LATITUDE:   43 34 N
                                          LONGITUDE: 116 13 W

[TEMPERATURE DATA]      [PRECIPITATION DATA]       SYMBOLS USED IN COLUMN 16

AVERAGE MONTHLY: 74.8   TOTAL FOR MONTH:      T    1 = FOG OR MIST
DPTR FM NORMAL:  -0.3   DPTR FM NORMAL:   -0.20    2 = FOG REDUCING VISIBILITY
HIGHEST:    99 ON 15    GRTST 24HR    T  ON  7- 7      TO 1/4 MILE OR LESS
LOWEST:     50 ON 23                               3 = THUNDER
                        SNOW, ICE PELLETS, HAIL    4 = ICE PELLETS
                        TOTAL MONTH:   0.0 INCH    5 = HAIL
                        GRTST 24HR     0.0         6 = FREEZING RAIN OR DRIZZLE
                        GRTST DEPTH:   0           7 = DUSTSTORM OR SANDSTORM:
                                                       VSBY 1/2 MILE OR LESS
                                                   8 = SMOKE OR HAZE
[NO. OF DAYS WITH]      [WEATHER - DAYS WITH]      9 = BLOWING SNOW
                                                   X = TORNADO
MAX 32 OR BELOW:   0    0.01 INCH OR MORE:   0
MAX 90 OR ABOVE:  16    0.10 INCH OR MORE:   0
MIN 32 OR BELOW:   0    0.50 INCH OR MORE:   0
MIN  0 OR BELOW:   0    1.00 INCH OR MORE:   0

[HDD (BASE 65) ]
TOTAL THIS MO.     0    CLEAR  (SCALE 0-3)  27
DPTR FM NORMAL    -2    PTCLDY (SCALE 4-7)   0
TOTAL FM JUL 1     8    CLOUDY (SCALE 8-10)  0
DPTR FM NORMAL    -2

[CDD (BASE 65) ]
TOTAL THIS MO.   270
DPTR FM NORMAL    -9    [PRESSURE DATA]
TOTAL FM JAN 1   887    HIGHEST SLP M ON M
DPTR FM NORMAL    83    LOWEST  SLP 29.60 ON  7

[REMARKS]
